{"id":57626,"date":"2025-03-30T08:18:12","date_gmt":"2025-03-30T11:18:12","guid":{"rendered":"https:\/\/ebpbahia.com.br\/jornadas\/2025\/?page_id=57626"},"modified":"2025-09-09T17:47:44","modified_gmt":"2025-09-09T20:47:44","slug":"comissoes","status":"publish","type":"page","link":"https:\/\/ebpbahia.com.br\/jornadas\/2025\/comissoes\/","title":{"rendered":"Comiss\u00f5es"},"content":{"rendered":"<div class=\"wpb-content-wrapper\"><p>[vc_row][vc_column][vc_column_text css=&#8221;&#8221;]<strong>DIRETORIA :<\/strong><\/p>\n<ul>\n<li>Marcelo Magnelli (Diretor Geral)<\/li>\n<li>Pablo Sauce (Diretor Secret\u00e1rio Tesoureiro)<\/li>\n<li>J\u00falia Solano (Diretora de Cart\u00e9is)<\/li>\n<li>Iordan Gurgel (Diretor de Biblioteca)<\/li>\n<\/ul>\n<p>&nbsp;<\/p>\n<p><strong>CONSELHO DELIBERATIVO<\/strong><em><strong>:<\/strong><\/em><\/p>\n<ul>\n<li>Al\u00e9ssia Fontenelle<\/li>\n<li>Anal\u00edcea Calmon<\/li>\n<li>F\u00e1tima Sarmento<\/li>\n<li>Lucy de Castro<\/li>\n<li>M\u00f4nica Hage (Presidente)<\/li>\n<li>Pablo Sauce (Secret\u00e1rio)<\/li>\n<\/ul>\n<p>&nbsp;<\/p>\n<p><strong>COORDENADOR GERAL DA JORNADA:<\/strong><\/p>\n<ul>\n<li>Marcelo Veras<\/li>\n<\/ul>\n<p>&nbsp;<\/p>\n<hr \/>\n<h3><\/h3>\n<h3><span style=\"color: #000080;\">COMISS\u00d5ES:<\/span><\/h3>\n<p><strong>COMISS\u00c3O CIENT\u00cdFICA:<\/strong><\/p>\n<ul>\n<li>Anal\u00edcea Calmon<\/li>\n<li>Luiz Mena<\/li>\n<li>Paulo Gabrielli<\/li>\n<li>Rog\u00e9rio Barros<\/li>\n<li>S\u00f4nia Vicente (Coordenadora)<\/li>\n<\/ul>\n<p><strong>JORNADA CL\u00cdNICA:<\/strong><\/p>\n<ul>\n<li>Coordena\u00e7\u00e3o: T\u00e2nia Abreu<\/li>\n<li>Cartel:<\/li>\n<li>Al\u00e9ssia Fontenelle<\/li>\n<li>Carla Fernandes (Mais Um)<\/li>\n<li>Daniela Ara\u00fajo<\/li>\n<li>Pablo Sauce<\/li>\n<li>T\u00e2nia Abreu<\/li>\n<li>Romulo Ferreira ( Extimo)<\/li>\n<\/ul>\n<p><strong>COMISS\u00c3O DE COMUNICA\u00c7\u00c3O:<\/strong><\/p>\n<ul>\n<li>Lana Vi\u00e9gas<\/li>\n<li>Lara Cedraz<\/li>\n<li>Liliane Sales<\/li>\n<li>Luiza Sarno<\/li>\n<li>Milena Nadier<\/li>\n<li>M\u00f4nica Hage (coordenadora)<\/li>\n<\/ul>\n<p><strong>COMISS\u00c3O DE INFRAESTRUTURA E ACOLHIMENTO:<\/strong><\/p>\n<ul>\n<li>Ana Stela Sande (coordenadora)<\/li>\n<li>Clara Melo<\/li>\n<li>Gabrielle Correia<\/li>\n<li>Graziela Pires<\/li>\n<li>Graziela Vasconcelos<\/li>\n<li>Juarez Bespp<\/li>\n<li>Leila Mignac<\/li>\n<\/ul>\n<p>[\/vc_column_text][\/vc_column][\/vc_row]<\/p>\n<\/div>","protected":false},"excerpt":{"rendered":"<p>[vc_row][vc_column][vc_column_text css=&#8221;&#8221;]DIRETORIA : Marcelo Magnelli (Diretor Geral) Pablo Sauce (Diretor Secret\u00e1rio Tesoureiro) J\u00falia Solano (Diretora de Cart\u00e9is) Iordan Gurgel (Diretor de Biblioteca) &nbsp; CONSELHO DELIBERATIVO: Al\u00e9ssia Fontenelle Anal\u00edcea Calmon F\u00e1tima Sarmento Lucy de Castro M\u00f4nica Hage (Presidente) Pablo Sauce (Secret\u00e1rio) &nbsp; COORDENADOR GERAL DA JORNADA: Marcelo Veras &nbsp; COMISS\u00d5ES: COMISS\u00c3O CIENT\u00cdFICA: Anal\u00edcea Calmon Luiz Mena&hellip;<\/p>\n","protected":false},"author":1,"featured_media":0,"parent":0,"menu_order":0,"comment_status":"closed","ping_status":"closed","template":"","meta":{"footnotes":""},"class_list":["post-57626","page","type-page","status-publish","hentry","description-off"],"_links":{"self":[{"href":"https:\/\/ebpbahia.com.br\/jornadas\/2025\/wp-json\/wp\/v2\/pages\/57626","targetHints":{"allow":["GET"]}}],"collection":[{"href":"https:\/\/ebpbahia.com.br\/jornadas\/2025\/wp-json\/wp\/v2\/pages"}],"about":[{"href":"https:\/\/ebpbahia.com.br\/jornadas\/2025\/wp-json\/wp\/v2\/types\/page"}],"author":[{"embeddable":true,"href":"https:\/\/ebpbahia.com.br\/jornadas\/2025\/wp-json\/wp\/v2\/users\/1"}],"replies":[{"embeddable":true,"href":"https:\/\/ebpbahia.com.br\/jornadas\/2025\/wp-json\/wp\/v2\/comments?post=57626"}],"version-history":[{"count":9,"href":"https:\/\/ebpbahia.com.br\/jornadas\/2025\/wp-json\/wp\/v2\/pages\/57626\/revisions"}],"predecessor-version":[{"id":57840,"href":"https:\/\/ebpbahia.com.br\/jornadas\/2025\/wp-json\/wp\/v2\/pages\/57626\/revisions\/57840"}],"wp:attachment":[{"href":"https:\/\/ebpbahia.com.br\/jornadas\/2025\/wp-json\/wp\/v2\/media?parent=57626"}],"curies":[{"name":"wp","href":"https:\/\/api.w.org\/{rel}","templated":true}]}}

Comissões

<div class="wpb-content-wrapper"><p>[vc_row][vc_column][vc_column_text css=&#8221;&#8221;]<strong>DIRETORIA :</strong></p>
<ul>
<li>Marcelo Magnelli (Diretor Geral)</li>
<li>Pablo Sauce (Diretor Secretário Tesoureiro)</li>
<li>Júlia Solano (Diretora de Cartéis)</li>
<li>Iordan Gurgel (Diretor de Biblioteca)</li>
</ul>
<p>&nbsp;</p>
<p><strong>CONSELHO DELIBERATIVO</strong><em><strong>:</strong></em></p>
<ul>
<li>Aléssia Fontenelle</li>
<li>Analícea Calmon</li>
<li>Fátima Sarmento</li>
<li>Lucy de Castro</li>
<li>Mônica Hage (Presidente)</li>
<li>Pablo Sauce (Secretário)</li>
</ul>
<p>&nbsp;</p>
<p><strong>COORDENADOR GERAL DA JORNADA:</strong></p>
<ul>
<li>Marcelo Veras</li>
</ul>
<p>&nbsp;</p>
<hr />
<h3></h3>
<h3><span style="color: #000080;">COMISSÕES:</span></h3>
<p><strong>COMISSÃO CIENTÍFICA:</strong></p>
<ul>
<li>Analícea Calmon</li>
<li>Luiz Mena</li>
<li>Paulo Gabrielli</li>
<li>Rogério Barros</li>
<li>Sônia Vicente (Coordenadora)</li>
</ul>
<p><strong>JORNADA CLÍNICA:</strong></p>
<ul>
<li>Coordenação: Tânia Abreu</li>
<li>Cartel:</li>
<li>Aléssia Fontenelle</li>
<li>Carla Fernandes (Mais Um)</li>
<li>Daniela Araújo</li>
<li>Pablo Sauce</li>
<li>Tânia Abreu</li>
<li>Romulo Ferreira ( Extimo)</li>
</ul>
<p><strong>COMISSÃO DE COMUNICAÇÃO:</strong></p>
<ul>
<li>Lana Viégas</li>
<li>Lara Cedraz</li>
<li>Liliane Sales</li>
<li>Luiza Sarno</li>
<li>Milena Nadier</li>
<li>Mônica Hage (coordenadora)</li>
</ul>
<p><strong>COMISSÃO DE INFRAESTRUTURA E ACOLHIMENTO:</strong></p>
<ul>
<li>Ana Stela Sande (coordenadora)</li>
<li>Clara Melo</li>
<li>Gabrielle Correia</li>
<li>Graziela Pires</li>
<li>Graziela Vasconcelos</li>
<li>Juarez Bespp</li>
<li>Leila Mignac</li>
</ul>
<p>[/vc_column_text][/vc_column][/vc_row]</p>
</div>

<p>[vc_row][vc_column][vc_column_text css=&#8221;&#8221;]DIRETORIA : Marcelo Magnelli (Diretor Geral) Pablo Sauce (Diretor Secretário Tesoureiro) Júlia Solano (Diretora de Cartéis) Iordan Gurgel (Diretor de Biblioteca) &nbsp; CONSELHO DELIBERATIVO: Aléssia Fontenelle Analícea Calmon Fátima Sarmento Lucy de Castro Mônica Hage (Presidente) Pablo Sauce (Secretário) &nbsp; COORDENADOR GERAL DA JORNADA: Marcelo Veras &nbsp; COMISSÕES: COMISSÃO CIENTÍFICA: Analícea Calmon Luiz Mena&hellip;</p>
