{"id":57624,"date":"2025-03-30T08:17:46","date_gmt":"2025-03-30T11:17:46","guid":{"rendered":"https:\/\/ebpbahia.com.br\/jornadas\/2025\/?page_id=57624"},"modified":"2025-05-11T06:53:08","modified_gmt":"2025-05-11T09:53:08","slug":"convidada","status":"publish","type":"page","link":"https:\/\/ebpbahia.com.br\/jornadas\/2025\/convidada\/","title":{"rendered":"Convidada"},"content":{"rendered":"<div class=\"wpb-content-wrapper\"><p>[vc_row][vc_column width=&#8221;1\/2&#8243;][vc_single_image image=&#8221;57747&#8243; img_size=&#8221;full&#8221; css=&#8221;&#8221;][\/vc_column][vc_column width=&#8221;1\/2&#8243;][vc_column_text css=&#8221;&#8221;]<\/p>\n<h3><span style=\"color: #ff0000;\">Esthela Solano-Suarez<\/span><\/h3>\n<p><strong><em>ECF\/AMP<\/em><\/strong><\/p>\n<p>Esthela Solano-Suarez formou-se pela Universidade Nacional de C\u00f3rdoba, Argentina, em 1970. Integrou o corpo docente da mesma Universidade. Entre 1971 e 1974 foi membro da Equipe de Psicopatologia no Hospital Universit\u00e1rio de Cl\u00ednica.<br \/>\nCome\u00e7ou sua an\u00e1lise em 1967 e o trabalho de supervis\u00e3o em 1971.<\/p>\n<p>Em 1974, mudou-se para Paris, para seguir sua forma\u00e7\u00e3o psicanal\u00edtica na Escola Freudiana de Paris, fundada por Jacques Lacan. Em 1975, come\u00e7ou sua an\u00e1lise com Jacques Lacan, e\u00a0 tamb\u00e9m a supervis\u00e3o de sua pr\u00e1tica.<\/p>\n<p>Nomeada AE, pela ECF,\u00a0 em 1991, formou parte dos cart\u00e9is do passe da ECF e da Escola Europeia de Psican\u00e1lise.<\/p>\n<p>Atualmente \u00e9 membro da AMP e da NLS, contribuindo em numerosas ocasi\u00f5es, ministrando Semin\u00e1rios e Confer\u00eancias nas Escolas da AMP: EOL, EBP\u00a0 NEL, NLS, ECF.<\/p>\n<p>At\u00e9 o momento, o compromisso com a Escola e com a causa anal\u00edtica n\u00e3o cessa de se escrever.[\/vc_column_text][\/vc_column][\/vc_row]<\/p>\n<\/div>","protected":false},"excerpt":{"rendered":"<p>[vc_row][vc_column width=&#8221;1\/2&#8243;][vc_single_image image=&#8221;57747&#8243; img_size=&#8221;full&#8221; css=&#8221;&#8221;][\/vc_column][vc_column width=&#8221;1\/2&#8243;][vc_column_text css=&#8221;&#8221;] Esthela Solano-Suarez ECF\/AMP Esthela Solano-Suarez formou-se pela Universidade Nacional de C\u00f3rdoba, Argentina, em 1970. Integrou o corpo docente da mesma Universidade. Entre 1971 e 1974 foi membro da Equipe de Psicopatologia no Hospital Universit\u00e1rio de Cl\u00ednica. Come\u00e7ou sua an\u00e1lise em 1967 e o trabalho de supervis\u00e3o em 1971.&hellip;<\/p>\n","protected":false},"author":1,"featured_media":0,"parent":0,"menu_order":0,"comment_status":"closed","ping_status":"closed","template":"","meta":{"footnotes":""},"class_list":["post-57624","page","type-page","status-publish","hentry","description-off"],"_links":{"self":[{"href":"https:\/\/ebpbahia.com.br\/jornadas\/2025\/wp-json\/wp\/v2\/pages\/57624","targetHints":{"allow":["GET"]}}],"collection":[{"href":"https:\/\/ebpbahia.com.br\/jornadas\/2025\/wp-json\/wp\/v2\/pages"}],"about":[{"href":"https:\/\/ebpbahia.com.br\/jornadas\/2025\/wp-json\/wp\/v2\/types\/page"}],"author":[{"embeddable":true,"href":"https:\/\/ebpbahia.com.br\/jornadas\/2025\/wp-json\/wp\/v2\/users\/1"}],"replies":[{"embeddable":true,"href":"https:\/\/ebpbahia.com.br\/jornadas\/2025\/wp-json\/wp\/v2\/comments?post=57624"}],"version-history":[{"count":5,"href":"https:\/\/ebpbahia.com.br\/jornadas\/2025\/wp-json\/wp\/v2\/pages\/57624\/revisions"}],"predecessor-version":[{"id":57750,"href":"https:\/\/ebpbahia.com.br\/jornadas\/2025\/wp-json\/wp\/v2\/pages\/57624\/revisions\/57750"}],"wp:attachment":[{"href":"https:\/\/ebpbahia.com.br\/jornadas\/2025\/wp-json\/wp\/v2\/media?parent=57624"}],"curies":[{"name":"wp","href":"https:\/\/api.w.org\/{rel}","templated":true}]}}

<div class="wpb-content-wrapper"><p>[vc_row][vc_column width=&#8221;1/2&#8243;][vc_single_image image=&#8221;57747&#8243; img_size=&#8221;full&#8221; css=&#8221;&#8221;][/vc_column][vc_column width=&#8221;1/2&#8243;][vc_column_text css=&#8221;&#8221;]</p>
<h3><span style="color: #ff0000;">Esthela Solano-Suarez</span></h3>
<p><strong><em>ECF/AMP</em></strong></p>
<p>Esthela Solano-Suarez formou-se pela Universidade Nacional de Córdoba, Argentina, em 1970. Integrou o corpo docente da mesma Universidade. Entre 1971 e 1974 foi membro da Equipe de Psicopatologia no Hospital Universitário de Clínica.<br />
Começou sua análise em 1967 e o trabalho de supervisão em 1971.</p>
<p>Em 1974, mudou-se para Paris, para seguir sua formação psicanalítica na Escola Freudiana de Paris, fundada por Jacques Lacan. Em 1975, começou sua análise com Jacques Lacan, e  também a supervisão de sua prática.</p>
<p>Nomeada AE, pela ECF,  em 1991, formou parte dos cartéis do passe da ECF e da Escola Europeia de Psicanálise.</p>
<p>Atualmente é membro da AMP e da NLS, contribuindo em numerosas ocasiões, ministrando Seminários e Conferências nas Escolas da AMP: EOL, EBP  NEL, NLS, ECF.</p>
<p>Até o momento, o compromisso com a Escola e com a causa analítica não cessa de se escrever.[/vc_column_text][/vc_column][/vc_row]</p>
</div>

<p>[vc_row][vc_column width=&#8221;1/2&#8243;][vc_single_image image=&#8221;57747&#8243; img_size=&#8221;full&#8221; css=&#8221;&#8221;][/vc_column][vc_column width=&#8221;1/2&#8243;][vc_column_text css=&#8221;&#8221;] Esthela Solano-Suarez ECF/AMP Esthela Solano-Suarez formou-se pela Universidade Nacional de Córdoba, Argentina, em 1970. Integrou o corpo docente da mesma Universidade. Entre 1971 e 1974 foi membro da Equipe de Psicopatologia no Hospital Universitário de Clínica. Começou sua análise em 1967 e o trabalho de supervisão em 1971.&hellip;</p>
