{"id":57620,"date":"2025-03-30T08:17:05","date_gmt":"2025-03-30T11:17:05","guid":{"rendered":"https:\/\/ebpbahia.com.br\/jornadas\/2025\/?page_id=57620"},"modified":"2025-06-30T09:09:24","modified_gmt":"2025-06-30T12:09:24","slug":"bibliografia","status":"publish","type":"page","link":"https:\/\/ebpbahia.com.br\/jornadas\/2025\/bibliografia\/","title":{"rendered":"Bibliografia"},"content":{"rendered":"<div class=\"wpb-content-wrapper\"><p>[vc_row][vc_column][vc_column_text css=&#8221;&#8221;]<\/p>\n<h3><strong><span style=\"color: #ff0000;\">PLEN\u00c1RIA 1: Entrevistas preliminares, transfer\u00eancia, interpreta\u00e7\u00e3o e ato anal\u00edtico<\/span><\/strong><\/h3>\n<p><strong>Refer\u00eancias Bibliogr\u00e1ficas:<\/strong><\/p>\n<ul>\n<li>ARENAS, G. Estructura l\u00f3gica de la interpretaci\u00f3n. Olivos: Grama Ediciones, 2018.<\/li>\n<li>LACAN, J. O semin\u00e1rio, livro 7: a \u00e9tica da Psican\u00e1lise. Rio de Janeiro: Jorge Zahar, 1988. (Trabalho original publicado em 1959-1960).<\/li>\n<li>LACAN, J. O Semin\u00e1rio, livro 15: o ato anal\u00edtico. Rio de Janeiro: Zahar, 2025. (Trabalho original publicado em 1967-1968).<\/li>\n<li>LACAN, J. A Terceira. In: <em>Op\u00e7\u00e3o Lacaniana<\/em>, n\u00ba 62. S\u00e3o Paulo: Eolia, 2011.<\/li>\n<li>LACAN, J. Presen\u00e7a do analista. In: <em>O Semin\u00e1rio, Livro 11 \u2013 Os Quatro Conceitos Fundamentais da Psican\u00e1lise (1964).<\/em> Rio de Janeiro: Jorge Zahar\u00a0Ed.,\u00a01988.<\/li>\n<li>LACAN, J. Interven\u00e7\u00e3o sobre a transfer\u00eancia (1951). In: <em>Escritos<\/em>. Rio de Janeiro: Jorge Zahar Ed., 1998.<\/li>\n<li>MILLER, J. A. Come iniziano le analisi, 1994. Dispon\u00edvel em: &lt;https:\/\/enapol.com\/xi\/wp-content\/uploads\/2023\/03\/ENAPOL-Jacques-Alain-Miller-PT.pdf&gt;. Acesso em: 11 abr. 2025.<\/li>\n<li>MILLER, J. A. La transferencia negativa. Ciudad Aut\u00f3noma de Buenos Aires: Editorial Tres Haches, 2000.<\/li>\n<li>SINATRA, E. Las entrevistas preliminares y la entrada en an\u00e1lisis. Olivos: Grama Ediciones, 2017.<\/li>\n<\/ul>\n<h3><\/h3>\n<p>&nbsp;<\/p>\n<h3><span style=\"color: #ff0000;\"><strong>PLEN\u00c1RIA 2: <\/strong><strong>Parcerias sintom\u00e1ticas contempor\u00e2neas: impasses na entrada<\/strong><\/span><\/h3>\n<p><strong>Refer\u00eancias Bibliogr\u00e1ficas:<\/strong><\/p>\n<ul>\n<li>COSENZA, D.\u00a0<em>Cl\u00ednica do excesso<\/em><em>:<\/em> derivas pulsionais e solu\u00e7\u00f5es sintom\u00e1ticas na psicopatologia contempor\u00e2nea. Belo Horizonte: Scriptum, 2024.<\/li>\n<li>MILLER, Jacques-Alain. El partenaire-s\u00edntoma: Los cursos psicoanal\u00edticos de Jacques Alain-Miller. 1\u00aa ed. 5\u00aa reimp. Buenos Aires: Paid\u00f3s, 2020.<\/li>\n<li>MILLER, Jacques-Alain. El Otro que no existe y sus comit\u00e9s de \u00e9tica: Seminario en colaboraci\u00f3n con \u00c9ric Laurent. 1\u00aa ed. 3\u00aa reimp. Bueno Aires: Paid\u00f3s, 2013.<\/li>\n<li>MILLER, J.-A. Problemas de pareja, cinco modelos. In: MILLER, J.-A. et al. La pareja y el amor: conversaciones cl\u00ednicas con Jacques-Alain Miller en Barcelona. Buenos Aires: Paido\u0301s, 2003. p. 1520.<\/li>\n<li>MILLER, J.-A. A teoria do parceiro. In: ESCOLA BRASILEIRA DE PSICAN\u00c1LISE (Org.). Os circuitos do desejo na vida e na an\u00e1lise. Rio de Janeiro: ContraCapa, 2000. p. 153-207.<\/li>\n<\/ul>\n<h3><\/h3>\n<p>&nbsp;<\/p>\n<h3><span style=\"color: #ff0000;\"><strong>PLEN\u00c1RIA 3: <\/strong><strong>Entrada em an\u00e1lise, diferen\u00e7a entre Psican\u00e1lise e Psicoterapia, fantasma e sintoma anal\u00edtico.<\/strong><\/span><\/h3>\n<p><strong>Refer\u00eancias Bibliogr\u00e1ficas:<\/strong><\/p>\n<ul>\n<li>BERENGUER, Eric O sintoma anal\u00edtico. In: O Sintoma-Charlat\u00e3o\/textos reunidos pela Funda\u00e7\u00e3o do Campo Freudiano. Rio de Janeiro: Jorge Zahar Ed. 1998 (Campo Freudiano no Brasil), p. 54<\/li>\n<li>\u00a0FREUD, Sigmund.\u00a0<em>Escritores criativos e devaneios<\/em>\u00a0(1908). In: ______.\u00a0Obras completas. v. 8. S\u00e3o Paulo: Companhia das Letras, 2011, p.325<\/li>\n<li>FREUD, Sigmund.\u00a0Batem numa crian\u00e7a: contribui\u00e7\u00e3o ao conhecimento da g\u00eanese das pervers\u00f5es sexuais. In: <em>Obras completas<\/em><em>. v 14 <\/em>Tradu\u00e7\u00e3o de Paulo C\u00e9sar de Souza. S\u00e3o Paulo: Companhia das Letras, 2011, p. 231\u2013246.<\/li>\n<li>LACAN, J. A Fantasia fundamental. In: O Semin\u00e1rio, livro 6: O desejo e sua interpreta\u00e7\u00e3o.\u00a0Rio de Janeiro: Zahar, 2016.<\/li>\n<li>LACAN, J. O Semin\u00e1rio, livro 14: A l\u00f3gica do fantasma.Rio de Janeiro: Zahar, 2024.<\/li>\n<li><em>LACAN, J.\u00a0Uma supervis\u00e3o p\u00fablica com Lacan. In<\/em>:\u00a0Op\u00e7\u00e3o Lacaniana: Revista Brasileira Internacional de Psican\u00e1lise, n. 88. S\u00e3o Paulo: Eolia, abril, 2024, p. 7-18.<\/li>\n<li>MILLER, J.-A. O m\u00e9todo psicanal\u00edtico. In: Lacan elucidado: palestras no Brasil.\u00a0Rio de Janeiro: Jorge Zahar Ed., 1997<\/li>\n<li>MILLER, J.-A. DOS DIMENSIONES CL\u00cdNICAS: S\u00cdNTOMA Y FANTASMA (1983) . In:Confer\u00eancias Porte\u00f1as: Tomo I.\u00a0Buenos Aires: Paid\u00f3s, 2009<\/li>\n<li>MILLER,\u00a0J.A\u00a0&#8211; Curso de Orienta\u00e7\u00e3o Lacaniana- O ser e o Um (2010- 2011) In\u00e9dito.<\/li>\n<li>MILLER, J.-A.\u00a0\u00a0Proposi\u00e7\u00e3o sobre l\u00f3gica do fantasma.\u00a0<em>In<\/em>:\u00a0Op\u00e7\u00e3o Lacaniana: Revista Brasileira Internacional de Psican\u00e1lise, n. 88. S\u00e3o Paulo: Eolia, abril, 2024, p. 22-25.<\/li>\n<li>MILLER, J.-A.\u00a0\u00a0Sintoma-Fantasma <em>In<\/em>:\u00a0Op\u00e7\u00e3o Lacaniana: Revista Brasileira Internacional de Psican\u00e1lise, n. 88. S\u00e3o Paulo: Eolia, abril, 2024, p. 25-32.<\/li>\n<\/ul>\n<h3><\/h3>\n<p>&nbsp;<\/p>\n<h3><span style=\"color: #ff0000;\"><strong>PLEN\u00c1RIA 4: \u201cAdvir analisante, tornar-se analista: uma quest\u00e3o de Escola\u201d.<\/strong><\/span><\/h3>\n<p><span style=\"color: #ff0000;\"><strong>(Conselho EBP-Bahia)<\/strong><\/span><\/p>\n<p><strong>Refer\u00eancias Bibliogr\u00e1ficas:<\/strong><\/p>\n<ul>\n<li>\u2060Lacan, J. &#8211; Ato de Funda\u00e7\u00e3o .In Outros Escritos; Jorge Zahar Editor 2003.<\/li>\n<li>\u2060Lacan, J. &#8211;\u00a0 Proposi\u00e7\u00e3o de 9 de outubro de 1967 sobre o Psicanalista da Escola. In Outros Escritos; Jorge Zahar Editor 2003.<\/li>\n<li>Miller, J. A. &#8211; El Nascimiento del Campo Freudiano. Buenos Aires: Paid\u00f3s, 2023.<\/li>\n<li>\u2060Miller, J.A. &#8211; Como terminan los an\u00e1lises: Paradojas del Pase; Olivos: Grama Ediciones, 2022.<\/li>\n<li>\u2060Miller, J.A. &#8211; El Banquete de los Analistas; Ed. Paid\u00f3s 2000<\/li>\n<li>\u2060Miller, J. A. &#8211; Teoria de Turim. Op\u00e7\u00e3o Lacaniana online nova s\u00e9rie. Ano 7. N\u00famero 21. Novembro 2016.<\/li>\n<li>Miller, J. A. &#8211; Como algu\u00e9m se torna analista na orla do s\u00e9culo XXI? <em>In <\/em>Aposta no passe. Rio de Janeiro: Contra Capa, 2018.<\/li>\n<li>\u2060Miller, J.A. &#8211; ?Reinventar la Escuela? Perguntas Porten\u00e1s; Olivos: Grama Ediciones, 2024.<\/li>\n<\/ul>\n<p>[\/vc_column_text][\/vc_column][\/vc_row]<\/p>\n<\/div>","protected":false},"excerpt":{"rendered":"<p>[vc_row][vc_column][vc_column_text css=&#8221;&#8221;] PLEN\u00c1RIA 1: Entrevistas preliminares, transfer\u00eancia, interpreta\u00e7\u00e3o e ato anal\u00edtico Refer\u00eancias Bibliogr\u00e1ficas: ARENAS, G. Estructura l\u00f3gica de la interpretaci\u00f3n. Olivos: Grama Ediciones, 2018. LACAN, J. O semin\u00e1rio, livro 7: a \u00e9tica da Psican\u00e1lise. Rio de Janeiro: Jorge Zahar, 1988. (Trabalho original publicado em 1959-1960). LACAN, J. O Semin\u00e1rio, livro 15: o ato anal\u00edtico. Rio&hellip;<\/p>\n","protected":false},"author":1,"featured_media":0,"parent":0,"menu_order":0,"comment_status":"closed","ping_status":"closed","template":"","meta":{"footnotes":""},"class_list":["post-57620","page","type-page","status-publish","hentry","description-off"],"_links":{"self":[{"href":"https:\/\/ebpbahia.com.br\/jornadas\/2025\/wp-json\/wp\/v2\/pages\/57620","targetHints":{"allow":["GET"]}}],"collection":[{"href":"https:\/\/ebpbahia.com.br\/jornadas\/2025\/wp-json\/wp\/v2\/pages"}],"about":[{"href":"https:\/\/ebpbahia.com.br\/jornadas\/2025\/wp-json\/wp\/v2\/types\/page"}],"author":[{"embeddable":true,"href":"https:\/\/ebpbahia.com.br\/jornadas\/2025\/wp-json\/wp\/v2\/users\/1"}],"replies":[{"embeddable":true,"href":"https:\/\/ebpbahia.com.br\/jornadas\/2025\/wp-json\/wp\/v2\/comments?post=57620"}],"version-history":[{"count":8,"href":"https:\/\/ebpbahia.com.br\/jornadas\/2025\/wp-json\/wp\/v2\/pages\/57620\/revisions"}],"predecessor-version":[{"id":57818,"href":"https:\/\/ebpbahia.com.br\/jornadas\/2025\/wp-json\/wp\/v2\/pages\/57620\/revisions\/57818"}],"wp:attachment":[{"href":"https:\/\/ebpbahia.com.br\/jornadas\/2025\/wp-json\/wp\/v2\/media?parent=57620"}],"curies":[{"name":"wp","href":"https:\/\/api.w.org\/{rel}","templated":true}]}}

<div class="wpb-content-wrapper"><p>[vc_row][vc_column][vc_column_text css=&#8221;&#8221;]</p>
<h3><strong><span style="color: #ff0000;">PLENÁRIA 1: Entrevistas preliminares, transferência, interpretação e ato analítico</span></strong></h3>
<p><strong>Referências Bibliográficas:</strong></p>
<ul>
<li>ARENAS, G. Estructura lógica de la interpretación. Olivos: Grama Ediciones, 2018.</li>
<li>LACAN, J. O seminário, livro 7: a ética da Psicanálise. Rio de Janeiro: Jorge Zahar, 1988. (Trabalho original publicado em 1959-1960).</li>
<li>LACAN, J. O Seminário, livro 15: o ato analítico. Rio de Janeiro: Zahar, 2025. (Trabalho original publicado em 1967-1968).</li>
<li>LACAN, J. A Terceira. In: <em>Opção Lacaniana</em>, nº 62. São Paulo: Eolia, 2011.</li>
<li>LACAN, J. Presença do analista. In: <em>O Seminário, Livro 11 – Os Quatro Conceitos Fundamentais da Psicanálise (1964).</em> Rio de Janeiro: Jorge Zahar Ed., 1988.</li>
<li>LACAN, J. Intervenção sobre a transferência (1951). In: <em>Escritos</em>. Rio de Janeiro: Jorge Zahar Ed., 1998.</li>
<li>MILLER, J. A. Come iniziano le analisi, 1994. Disponível em: &lt;https://enapol.com/xi/wp-content/uploads/2023/03/ENAPOL-Jacques-Alain-Miller-PT.pdf&gt;. Acesso em: 11 abr. 2025.</li>
<li>MILLER, J. A. La transferencia negativa. Ciudad Autónoma de Buenos Aires: Editorial Tres Haches, 2000.</li>
<li>SINATRA, E. Las entrevistas preliminares y la entrada en análisis. Olivos: Grama Ediciones, 2017.</li>
</ul>
<h3></h3>
<p>&nbsp;</p>
<h3><span style="color: #ff0000;"><strong>PLENÁRIA 2: </strong><strong>Parcerias sintomáticas contemporâneas: impasses na entrada</strong></span></h3>
<p><strong>Referências Bibliográficas:</strong></p>
<ul>
<li>COSENZA, D. <em>Clínica do excesso</em><em>:</em> derivas pulsionais e soluções sintomáticas na psicopatologia contemporânea. Belo Horizonte: Scriptum, 2024.</li>
<li>MILLER, Jacques-Alain. El partenaire-síntoma: Los cursos psicoanalíticos de Jacques Alain-Miller. 1ª ed. 5ª reimp. Buenos Aires: Paidós, 2020.</li>
<li>MILLER, Jacques-Alain. El Otro que no existe y sus comités de ética: Seminario en colaboración con Éric Laurent. 1ª ed. 3ª reimp. Bueno Aires: Paidós, 2013.</li>
<li>MILLER, J.-A. Problemas de pareja, cinco modelos. In: MILLER, J.-A. et al. La pareja y el amor: conversaciones clínicas con Jacques-Alain Miller en Barcelona. Buenos Aires: Paidós, 2003. p. 1520.</li>
<li>MILLER, J.-A. A teoria do parceiro. In: ESCOLA BRASILEIRA DE PSICANÁLISE (Org.). Os circuitos do desejo na vida e na análise. Rio de Janeiro: ContraCapa, 2000. p. 153-207.</li>
</ul>
<h3></h3>
<p>&nbsp;</p>
<h3><span style="color: #ff0000;"><strong>PLENÁRIA 3: </strong><strong>Entrada em análise, diferença entre Psicanálise e Psicoterapia, fantasma e sintoma analítico.</strong></span></h3>
<p><strong>Referências Bibliográficas:</strong></p>
<ul>
<li>BERENGUER, Eric O sintoma analítico. In: O Sintoma-Charlatão/textos reunidos pela Fundação do Campo Freudiano. Rio de Janeiro: Jorge Zahar Ed. 1998 (Campo Freudiano no Brasil), p. 54</li>
<li> FREUD, Sigmund. <em>Escritores criativos e devaneios</em> (1908). In: ______. Obras completas. v. 8. São Paulo: Companhia das Letras, 2011, p.325</li>
<li>FREUD, Sigmund. Batem numa criança: contribuição ao conhecimento da gênese das perversões sexuais. In: <em>Obras completas</em><em>. v 14 </em>Tradução de Paulo César de Souza. São Paulo: Companhia das Letras, 2011, p. 231–246.</li>
<li>LACAN, J. A Fantasia fundamental. In: O Seminário, livro 6: O desejo e sua interpretação. Rio de Janeiro: Zahar, 2016.</li>
<li>LACAN, J. O Seminário, livro 14: A lógica do fantasma.Rio de Janeiro: Zahar, 2024.</li>
<li><em>LACAN, J. Uma supervisão pública com Lacan. In</em>: Opção Lacaniana: Revista Brasileira Internacional de Psicanálise, n. 88. São Paulo: Eolia, abril, 2024, p. 7-18.</li>
<li>MILLER, J.-A. O método psicanalítico. In: Lacan elucidado: palestras no Brasil. Rio de Janeiro: Jorge Zahar Ed., 1997</li>
<li>MILLER, J.-A. DOS DIMENSIONES CLÍNICAS: SÍNTOMA Y FANTASMA (1983) . In:Conferências Porteñas: Tomo I. Buenos Aires: Paidós, 2009</li>
<li>MILLER, J.A &#8211; Curso de Orientação Lacaniana- O ser e o Um (2010- 2011) Inédito.</li>
<li>MILLER, J.-A.  Proposição sobre lógica do fantasma. <em>In</em>: Opção Lacaniana: Revista Brasileira Internacional de Psicanálise, n. 88. São Paulo: Eolia, abril, 2024, p. 22-25.</li>
<li>MILLER, J.-A.  Sintoma-Fantasma <em>In</em>: Opção Lacaniana: Revista Brasileira Internacional de Psicanálise, n. 88. São Paulo: Eolia, abril, 2024, p. 25-32.</li>
</ul>
<h3></h3>
<p>&nbsp;</p>
<h3><span style="color: #ff0000;"><strong>PLENÁRIA 4: “Advir analisante, tornar-se analista: uma questão de Escola”.</strong></span></h3>
<p><span style="color: #ff0000;"><strong>(Conselho EBP-Bahia)</strong></span></p>
<p><strong>Referências Bibliográficas:</strong></p>
<ul>
<li>⁠Lacan, J. &#8211; Ato de Fundação .In Outros Escritos; Jorge Zahar Editor 2003.</li>
<li>⁠Lacan, J. &#8211;  Proposição de 9 de outubro de 1967 sobre o Psicanalista da Escola. In Outros Escritos; Jorge Zahar Editor 2003.</li>
<li>Miller, J. A. &#8211; El Nascimiento del Campo Freudiano. Buenos Aires: Paidós, 2023.</li>
<li>⁠Miller, J.A. &#8211; Como terminan los análises: Paradojas del Pase; Olivos: Grama Ediciones, 2022.</li>
<li>⁠Miller, J.A. &#8211; El Banquete de los Analistas; Ed. Paidós 2000</li>
<li>⁠Miller, J. A. &#8211; Teoria de Turim. Opção Lacaniana online nova série. Ano 7. Número 21. Novembro 2016.</li>
<li>Miller, J. A. &#8211; Como alguém se torna analista na orla do século XXI? <em>In </em>Aposta no passe. Rio de Janeiro: Contra Capa, 2018.</li>
<li>⁠Miller, J.A. &#8211; ?Reinventar la Escuela? Perguntas Portenás; Olivos: Grama Ediciones, 2024.</li>
</ul>
<p>[/vc_column_text][/vc_column][/vc_row]</p>
</div>

<p>[vc_row][vc_column][vc_column_text css=&#8221;&#8221;] PLENÁRIA 1: Entrevistas preliminares, transferência, interpretação e ato analítico Referências Bibliográficas: ARENAS, G. Estructura lógica de la interpretación. Olivos: Grama Ediciones, 2018. LACAN, J. O seminário, livro 7: a ética da Psicanálise. Rio de Janeiro: Jorge Zahar, 1988. (Trabalho original publicado em 1959-1960). LACAN, J. O Seminário, livro 15: o ato analítico. Rio&hellip;</p>
