{"id":807,"date":"2024-10-23T11:14:21","date_gmt":"2024-10-23T14:14:21","guid":{"rendered":"https:\/\/ebpbahia.com.br\/jornadas\/2024\/?page_id=807"},"modified":"2024-10-24T13:18:24","modified_gmt":"2024-10-24T16:18:24","slug":"boletim-phatos-extra-07","status":"publish","type":"page","link":"https:\/\/ebpbahia.com.br\/jornadas\/2024\/boletim-phatos\/boletim-phatos-extra-07\/","title":{"rendered":"Boletim PH\u00c1TOS EXTRA #07"},"content":{"rendered":"<div class=\"wpb-content-wrapper\">[vc_row][vc_column][vc_single_image image=&#8221;369&#8243; css=&#8221;&#8221;][vc_empty_space][vc_column_text css=&#8221;&#8221;]\n<h6 style=\"text-align: center;\">EXTRA 007 &#8211; OUTUBRO 2024<\/h6>\n[\/vc_column_text][\/vc_column][\/vc_row][vc_row][vc_column][vc_separator color=&#8221;mulled_wine&#8221; css=&#8221;&#8221;][\/vc_column][\/vc_row][vc_row][vc_column][vc_column_text css=&#8221;&#8221;]\n<h3>AOS PARTICIPANTES DAS JORNADAS<\/h3>\n[\/vc_column_text][vc_empty_space][vc_single_image image=&#8221;797&#8243; alignment=&#8221;center&#8221; css=&#8221;&#8221;][vc_empty_space][vc_column_text css=&#8221;&#8221;]Desejamos boas-vindas, desde j\u00e1! Salvador os espera!<\/p>\n<p>A comiss\u00e3o de acolhimento preparou um compilado de informa\u00e7\u00f5es \u00fateis neste boletim extra.<\/p>\n<p>Confira o endere\u00e7o do local de realiza\u00e7\u00e3o das Jornadas, assim como a programa\u00e7\u00e3o.\u00a0<strong>Aten\u00e7\u00e3o ao hor\u00e1rio de credenciamento na sexta-feira, chegue cedo, pois seremos pontuais com o in\u00edcio das atividades!<\/strong><\/p>\n<p>Vale informar que o local conta com estacionamento, por\u00e9m com valor pago por hora.<\/p>\n<p>Preparamos tamb\u00e9m para voc\u00eas, uma lista de restaurantes por onde almo\u00e7ar nos dias do evento. Aten\u00e7\u00e3o aos descontos, dist\u00e2ncias e dias em que estar\u00e3o abertos!<\/p>\n<p>Quanto a nossa confraterniza\u00e7\u00e3o, para os j\u00e1 inscritos, deixaremos aqui o endere\u00e7o do local.<\/p>\n<p>Al\u00e9m disso, para aqueles que seguir\u00e3o por Salvador, lan\u00e7amos nossa sugest\u00e3o de um segundo\u00a0<em>tour\u00a0<\/em>por essa cidade especial. Aproveitem o passeio!<\/p>\n<p>Por fim, para quem tenha ainda alguma d\u00favida ou queira alguma informa\u00e7\u00e3o, comunique-se conosco atrav\u00e9s do zap da comiss\u00e3o de acolhimento: solicite o link atrav\u00e9s do \u00edcone de\u00a0<em>whatsapp\u00a0<\/em>que encontra-se no site das Jornadas, na parte inferior esquerda da tela! Seguiremos \u00e0 disposi\u00e7\u00e3o at\u00e9 o final das Jornadas!<\/p>\n<p>E para aqueles que ainda n\u00e3o acessaram nossas primeiras informa\u00e7\u00f5es: clique no \u00edcone \u201cacolhimento\u201d tamb\u00e9m no site e desfrute do que preparamos neste per\u00edodo pra voc\u00eas.<\/p>\n<p>Nos vemos em breve!<\/p>\n<p>Ax\u00e9!<\/p>\n<p><em>Comiss\u00e3o de acolhimento.<\/em>[\/vc_column_text][\/vc_column][\/vc_row][vc_row][vc_column][vc_separator color=&#8221;mulled_wine&#8221; css=&#8221;&#8221;][\/vc_column][\/vc_row][vc_row content_placement=&#8221;bottom&#8221;][vc_column width=&#8221;1\/3&#8243;][vc_single_image image=&#8221;795&#8243; alignment=&#8221;center&#8221; css=&#8221;&#8221;][vc_column_text css=&#8221;&#8221;]\n<p style=\"text-align: center;\"><strong>LOCAL DO EVENTO<\/strong><\/p>\n<p style=\"text-align: center;\">SALVADOR TRADE CENTER (AUDIT\u00d3RIO)<br \/>\nAvenida Tancredo Neves, 1632,<br \/>\nCaminho das \u00c1rvores- CEP 41820-000<\/p>\n[\/vc_column_text][vc_empty_space height=&#8221;10px&#8221;]<div class=\"theme-button-wrap textcenter wpex-clr\"><a href=\"https:\/\/maps.app.goo.gl\/offkMt6PtTy4RVZg7\" class=\"vcex-button theme-button align-center inline\"><span class=\"vcex-button-inner theme-button-inner\">Leia mais<\/span><\/a><\/div> [\/vc_column][vc_column width=&#8221;1\/3&#8243;][vc_single_image image=&#8221;798&#8243; alignment=&#8221;center&#8221; css=&#8221;&#8221;][vc_column_text css=&#8221;&#8221;]\n<p style=\"text-align: center;\"><strong>PROGRAMA DAS JORNADAS<\/strong><\/p>\n<p style=\"text-align: center;\">Confira a programa\u00e7\u00e3o<br \/>\ndas Jornadas!<\/p>\n[\/vc_column_text][vc_empty_space height=&#8221;10px&#8221;]<div class=\"theme-button-wrap textcenter wpex-clr\"><a href=\"https:\/\/ebpbahia.com.br\/jornadas\/2024\/programa\/\" class=\"vcex-button theme-button align-center inline\"><span class=\"vcex-button-inner theme-button-inner\">Leia mais<\/span><\/a><\/div> [\/vc_column][vc_column width=&#8221;1\/3&#8243;][vc_single_image image=&#8221;794&#8243; alignment=&#8221;center&#8221; css=&#8221;&#8221;][vc_column_text css=&#8221;&#8221;]\n<p style=\"text-align: center;\"><strong>CONFRATERNIZA\u00c7\u00c3O<\/strong><\/p>\n<p style=\"text-align: center;\">FESTA \u201c<em>MANCHA DE DEND\u00ca N\u00c3O SAI!<\/em>\u201d<br \/>\nSexta dia 25 de outubro, \u00e0s 19h<br \/>\nEndere\u00e7o: Rua Oswaldo Cruz, 122, Rio Vermelho<\/p>\n[\/vc_column_text][vc_empty_space height=&#8221;10px&#8221;]<div class=\"theme-button-wrap textcenter wpex-clr\"><a href=\"https:\/\/ebpbahia.com.br\/jornadas\/2024\/acolhimento\/festa-mancha-de-dende-nao-sai\/\" class=\"vcex-button theme-button align-center inline\"><span class=\"vcex-button-inner theme-button-inner\">Leia mais<\/span><\/a><\/div> [\/vc_column][\/vc_row][vc_row][vc_column][vc_separator color=&#8221;mulled_wine&#8221; css=&#8221;&#8221;][\/vc_column][\/vc_row][vc_row][vc_column][vc_column_text css=&#8221;&#8221;]\n<h3 style=\"text-align: center;\"><span style=\"color: #000000;\">LISTA DE RESTAURANTES<\/span><\/h3>\n[\/vc_column_text][vc_single_image image=&#8221;800&#8243; alignment=&#8221;center&#8221; onclick=&#8221;custom_link&#8221; css=&#8221;&#8221; link=&#8221;https:\/\/youtu.be\/5ntpJojXKnw&#8221;][vc_empty_space height=&#8221;10px&#8221;]<div class=\"theme-button-wrap textcenter wpex-clr\"><a href=\"https:\/\/ebpbahia.com.br\/jornadas\/2024\/acolhimento\/restaurantes\/\" class=\"vcex-button theme-button align-center inline\"><span class=\"vcex-button-inner theme-button-inner\">Leia mais<\/span><\/a><\/div> [\/vc_column][\/vc_row][vc_row][vc_column][vc_separator color=&#8221;mulled_wine&#8221; css=&#8221;&#8221;][\/vc_column][\/vc_row][vc_row][vc_column][vc_column_text css=&#8221;&#8221;]\n<h3 style=\"text-align: center;\"><span style=\"color: #000000;\">SEGUNDO TOUR POR SALVADOR<\/span><\/h3>\n[\/vc_column_text][vc_single_image image=&#8221;799&#8243; alignment=&#8221;center&#8221; onclick=&#8221;custom_link&#8221; css=&#8221;&#8221; link=&#8221;https:\/\/youtu.be\/5ntpJojXKnw&#8221;][vc_empty_space height=&#8221;10px&#8221;][vc_column_text css=&#8221;&#8221;]\n<p style=\"text-align: center;\">E ent\u00e3o, animados? Nossas Jornadas est\u00e3o se aproximando e convidamos voc\u00eas para fazer um segundo \u201ctour\u201d conosco pela cidade.<\/p>\n[\/vc_column_text][vc_empty_space height=&#8221;10px&#8221;]<div class=\"theme-button-wrap textcenter wpex-clr\"><a href=\"https:\/\/ebpbahia.com.br\/jornadas\/2024\/acolhimento\/\" class=\"vcex-button theme-button align-center inline\"><span class=\"vcex-button-inner theme-button-inner\">Leia mais<\/span><\/a><\/div> [\/vc_column][\/vc_row][vc_row][vc_column][vc_separator color=&#8221;mulled_wine&#8221; css=&#8221;&#8221;][\/vc_column][\/vc_row][vc_row css=&#8221;.vc_custom_1715165963575{margin-top: 0px !important;margin-right: 0px !important;margin-bottom: 0px !important;margin-left: 0px !important;border-top-width: 0px !important;border-right-width: 0px !important;border-bottom-width: 0px !important;border-left-width: 0px !important;padding-top: 0px !important;padding-right: 0px !important;padding-bottom: 0px !important;padding-left: 0px !important;background-color: #000000 !important;}&#8221;][vc_column][vc_single_image image=&#8221;370&#8243; css=&#8221;&#8221;][vc_column_text css=&#8221;&#8221;]\n<p style=\"text-align: center;\"><span style=\"color: #ffffff;\"><strong>Diretor Se\u00e7\u00e3o<\/strong> &#8211; Luiz Felipe Monteiro | <strong>Diretora do IPB<\/strong> &#8211; Analicea Calmon<\/span><\/p>\n<p style=\"text-align: center;\"><span style=\"color: #ffffff;\"><strong>Coordenador Geral da Jornada<\/strong> &#8211; Iordan Gurgel<\/span><\/p>\n<p style=\"text-align: center;\"><span style=\"color: #ffffff;\"><strong>Coordenador da Comiss\u00e3o de Comunica\u00e7\u00e3o<\/strong> &#8211; Marcelo Magnelli<\/span><\/p>\n<p style=\"text-align: center;\"><span style=\"color: #ffffff;\"><strong>Comiss\u00e3o de Boletim:<\/strong> Julia Solano(Coord.), Luiz Mena, Claudio Melo, Graziela Vasconcelos,<\/span><br \/>\n<span style=\"color: #ffffff;\">Guacira Cavalcanti, Kleyanne Lima, Liliane Sales, Mar\u00edlia Santiago.<\/span><\/p>\n<p style=\"text-align: center;\"><span style=\"color: #ffffff;\"><strong>Cria\u00e7\u00e3o e Editora\u00e7\u00e3o:<\/strong> Bruno Senna &#8211; <a style=\"color: #ffffff;\" href=\"mailto:sennabruno@gmail.com\">sennabruno@gmail.com<\/a><\/span><\/p>\n[\/vc_column_text][\/vc_column][\/vc_row]\n<\/div>","protected":false},"excerpt":{"rendered":"<p>[vc_row][vc_column][vc_single_image image=&#8221;369&#8243; css=&#8221;&#8221;][vc_empty_space][vc_column_text css=&#8221;&#8221;] EXTRA 007 &#8211; OUTUBRO 2024 [\/vc_column_text][\/vc_column][\/vc_row][vc_row][vc_column][vc_separator color=&#8221;mulled_wine&#8221; css=&#8221;&#8221;][\/vc_column][\/vc_row][vc_row][vc_column][vc_column_text css=&#8221;&#8221;] AOS PARTICIPANTES DAS JORNADAS [\/vc_column_text][vc_empty_space][vc_single_image image=&#8221;797&#8243; alignment=&#8221;center&#8221; css=&#8221;&#8221;][vc_empty_space][vc_column_text css=&#8221;&#8221;]Desejamos boas-vindas, desde j\u00e1! Salvador os espera! A comiss\u00e3o de acolhimento preparou um compilado de informa\u00e7\u00f5es \u00fateis neste boletim extra. Confira o endere\u00e7o do local de realiza\u00e7\u00e3o das Jornadas, assim como a programa\u00e7\u00e3o.\u00a0Aten\u00e7\u00e3o ao&hellip;<\/p>\n","protected":false},"author":1,"featured_media":0,"parent":54,"menu_order":0,"comment_status":"closed","ping_status":"closed","template":"templates\/no-sidebar.php","meta":{"_joinchat":[],"footnotes":""},"class_list":["post-807","page","type-page","status-publish","hentry","entry","no-media"],"_links":{"self":[{"href":"https:\/\/ebpbahia.com.br\/jornadas\/2024\/wp-json\/wp\/v2\/pages\/807","targetHints":{"allow":["GET"]}}],"collection":[{"href":"https:\/\/ebpbahia.com.br\/jornadas\/2024\/wp-json\/wp\/v2\/pages"}],"about":[{"href":"https:\/\/ebpbahia.com.br\/jornadas\/2024\/wp-json\/wp\/v2\/types\/page"}],"author":[{"embeddable":true,"href":"https:\/\/ebpbahia.com.br\/jornadas\/2024\/wp-json\/wp\/v2\/users\/1"}],"replies":[{"embeddable":true,"href":"https:\/\/ebpbahia.com.br\/jornadas\/2024\/wp-json\/wp\/v2\/comments?post=807"}],"version-history":[{"count":7,"href":"https:\/\/ebpbahia.com.br\/jornadas\/2024\/wp-json\/wp\/v2\/pages\/807\/revisions"}],"predecessor-version":[{"id":820,"href":"https:\/\/ebpbahia.com.br\/jornadas\/2024\/wp-json\/wp\/v2\/pages\/807\/revisions\/820"}],"up":[{"embeddable":true,"href":"https:\/\/ebpbahia.com.br\/jornadas\/2024\/wp-json\/wp\/v2\/pages\/54"}],"wp:attachment":[{"href":"https:\/\/ebpbahia.com.br\/jornadas\/2024\/wp-json\/wp\/v2\/media?parent=807"}],"curies":[{"name":"wp","href":"https:\/\/api.w.org\/{rel}","templated":true}]}}