{"id":801,"date":"2024-10-23T09:44:57","date_gmt":"2024-10-23T12:44:57","guid":{"rendered":"https:\/\/ebpbahia.com.br\/jornadas\/2024\/?page_id=801"},"modified":"2024-10-23T09:49:27","modified_gmt":"2024-10-23T12:49:27","slug":"restaurantes","status":"publish","type":"page","link":"https:\/\/ebpbahia.com.br\/jornadas\/2024\/acolhimento\/restaurantes\/","title":{"rendered":"Restaurantes"},"content":{"rendered":"<h3><span style=\"color: #000080;\">PR\u00d3XIMOS AO EVENTO<\/span><\/h3>\n<p><strong>SALVADOR TRADE CENTER<\/strong><\/p>\n<ul>\n<li>no local do evento &#8211; Lobby<\/li>\n<\/ul>\n<p><strong>\u00a0FINO TEMPERO<\/strong><\/p>\n<ul>\n<li>Comida a quilo<\/li>\n<li>Aberto de segunda a sexta. (desconto de 10% no Buffet para os inscritos evento)<\/li>\n<\/ul>\n<p><strong>GRAMA OU KILO\u00a0<\/strong><\/p>\n<ul>\n<li>Comida a quilo<\/li>\n<li>Aberto de segunda a sexta.<\/li>\n<\/ul>\n<p><strong>PITANGA<\/strong><\/p>\n<ul>\n<li>Comida a quilo<\/li>\n<li>Aberto de segunda a sexta (desconto de 5% para os inscritos no evento)<\/li>\n<\/ul>\n<p><strong>S\u00c3O SALVADOR<\/strong><\/p>\n<ul>\n<li>Menu \u00c0 La Carte<\/li>\n<li>Aberto de segunda a sexta.<\/li>\n<\/ul>\n<p><strong>SUBWAY<\/strong><\/p>\n<ul>\n<li>lanchonete<\/li>\n<li>Aberto de segunda a sexta.<\/li>\n<\/ul>\n<p><strong>\u00a0AMORA<\/strong><\/p>\n<ul>\n<li>Cafeteria<\/li>\n<li>Aberto de segunda a sexta e no s\u00e1bado at\u00e9 as 13h<\/li>\n<\/ul>\n<p><strong>\u00a0CAFE COM LEITE<\/strong><\/p>\n<ul>\n<li>Cafeteria<\/li>\n<li>Aberto de segunda a sexta.<\/li>\n<\/ul>\n<p><strong>\u00a0SEVEN WONDERS CAF\u00c9<\/strong><\/p>\n<ul>\n<li>Cafeteria e almo\u00e7o (\u00c0 La carte) \u2013 Boulevard Side Empresarial Reservas pela manh\u00e3. (71) 3052 2377. SEG a SEX &#8211; 7:30h \u00e0s 19:30h S\u00c1B \u2013 8h \u00e0s 13h<\/li>\n<li>(1 min a p\u00e9 do local do evento)<\/li>\n<\/ul>\n<p><strong>\u00a0LEVIN RESTOBAR<\/strong><\/p>\n<ul>\n<li>Sexta comida a quilo e s\u00e1bado \u00e0 la carte.<\/li>\n<li>Hotel Mercure Boulevard<\/li>\n<li>2 min a p\u00e9 do local do evento).<\/li>\n<li>Reservas (71) 982391683 ou no site https:\/\/levinrestobar.strelo.com.br<\/li>\n<\/ul>\n<p><strong>\u00a0BARBACOA<\/strong><\/p>\n<ul>\n<li>Churrascaria<\/li>\n<li>Andr\u00e9 Guimaraes 909 \u2013 Av. Tancredo neves (05 min a p\u00e9 do local do evento \u2013 atravessar a passarela) https:\/\/barbacoa.com.br . Reservas (71) 3342 4666<\/li>\n<\/ul>\n<p><strong>\u00a0DA HORTA SALADERIA<\/strong><\/p>\n<ul>\n<li>Edif\u00edcio Empresarial Simonsen, T\u00e9rreo.<\/li>\n<li>6 min a p\u00e9 do local do evento \u2013 atravessar a passarela<\/li>\n<li>https:\/\/bio.site\/dahortasalvador<\/li>\n<\/ul>\n<p><strong>S\u00c9 GASTROBAR<\/strong><\/p>\n<ul>\n<li>Menu \u00c0 la Carte<\/li>\n<li>Hotel Mercure &#8211;\u00a0 Pituba\u00a0 &#8211; 296 Av. Magalhaes neto<\/li>\n<li>10\u00a0 min a p\u00e9 do local do evento<\/li>\n<li>https:\/\/www.duogourmet.com.br<\/li>\n<\/ul>\n<p><strong>COCOBAMBU<\/strong><\/p>\n<ul>\n<li>Menu \u00c0 la carte &#8211; Depois do Hospital da Bahia \u2013 Loteamento Aquarius Av. Magalhaes neto<\/li>\n<li>12\u00a0 min a p\u00e9 do local do evento<\/li>\n<li>https:\/\/www.cocobambu.com\/home<\/li>\n<\/ul>\n<p><strong>CANTINA VOLPI<\/strong><\/p>\n<ul>\n<li>Rua Miguel Navarro Y Ca\u00f1izares, 423 &#8211; Pituba, Salvador -https:\/\/www.cantinavolpi.com.br\/<\/li>\n<li>17 min caminhada local evento<\/li>\n<\/ul>\n<h3><span style=\"color: #000080;\"><strong>SALVADOR SHOPPING<\/strong><\/span><\/h3>\n<ul>\n<li>10 min a p\u00e9 do local do evento<\/li>\n<\/ul>\n<p><strong>AL MARE<\/strong><\/p>\n<ul>\n<li>Frutos do mar<\/li>\n<li>Al Mare Restaurante (@almaresalvador)<\/li>\n<\/ul>\n<p><strong>OUTBACK<\/strong><\/p>\n<ul>\n<li>Outback Salvador Shopping &#8211; Restaurante<\/li>\n<\/ul>\n<p><strong>33 CONTEPORANEO<\/strong><\/p>\n<ul>\n<li>33contemporaneo.com.br\/cardapio<\/li>\n<\/ul>\n<p><strong>MADERO STEAK HOUSE<\/strong><\/p>\n<ul>\n<li>Madero Steak House Salvador Shopping<\/li>\n<\/ul>\n<p><strong>FERREIRO CAF\u00c9 <\/strong><\/p>\n<p><strong>CAMARADA CAMAR\u00c3O<\/strong><\/p>\n<ul>\n<li>https:\/\/www.camaradacamarao.com.br\/cidades\/salvador-ba\/<\/li>\n<\/ul>\n<p><strong>OLIVA GOUMERT <\/strong><\/p>\n<p><strong>GATTAI<\/strong><\/p>\n<ul>\n<li>Japonesa<\/li>\n<li>\u00a0https:\/\/www.gattairestaurante.com.br\/<\/li>\n<\/ul>\n<p><strong>OSTERIA LOTTI<\/strong><\/p>\n<ul>\n<li>Reservas &#8211; dguests.com\/lotti<\/li>\n<\/ul>\n<hr \/>\n<h3><strong><span style=\"color: #000080;\">CAFETERIAS\/DOCERIAS<\/span><\/strong><\/h3>\n<p><strong>\u00a0<\/strong><strong>Salvador Shopping<\/strong><\/p>\n<ul>\n<li>PRISCILLA DINIZ<\/li>\n<li>GANACHE CAF\u00c9<\/li>\n<li>FEITO A GR\u00c3O<\/li>\n<li>GOURMANDISE DOCES E CAF\u00c9S (QUIOSQUE)<\/li>\n<li>GANACHE CAF\u00c9<\/li>\n<li>MADAME LADOUX<\/li>\n<li>TORTARELLI SALVADOR SHOPPING<\/li>\n<li>VIVA GULA<\/li>\n<\/ul>\n","protected":false},"excerpt":{"rendered":"<p>PR\u00d3XIMOS AO EVENTO SALVADOR TRADE CENTER no local do evento &#8211; Lobby \u00a0FINO TEMPERO Comida a quilo Aberto de segunda a sexta. (desconto de 10% no Buffet para os inscritos evento) GRAMA OU KILO\u00a0 Comida a quilo Aberto de segunda a sexta. PITANGA Comida a quilo Aberto de segunda a sexta (desconto de 5% para&hellip;<\/p>\n","protected":false},"author":1,"featured_media":0,"parent":49,"menu_order":0,"comment_status":"closed","ping_status":"closed","template":"","meta":{"_joinchat":[],"footnotes":""},"class_list":["post-801","page","type-page","status-publish","hentry","entry","no-media"],"_links":{"self":[{"href":"https:\/\/ebpbahia.com.br\/jornadas\/2024\/wp-json\/wp\/v2\/pages\/801","targetHints":{"allow":["GET"]}}],"collection":[{"href":"https:\/\/ebpbahia.com.br\/jornadas\/2024\/wp-json\/wp\/v2\/pages"}],"about":[{"href":"https:\/\/ebpbahia.com.br\/jornadas\/2024\/wp-json\/wp\/v2\/types\/page"}],"author":[{"embeddable":true,"href":"https:\/\/ebpbahia.com.br\/jornadas\/2024\/wp-json\/wp\/v2\/users\/1"}],"replies":[{"embeddable":true,"href":"https:\/\/ebpbahia.com.br\/jornadas\/2024\/wp-json\/wp\/v2\/comments?post=801"}],"version-history":[{"count":3,"href":"https:\/\/ebpbahia.com.br\/jornadas\/2024\/wp-json\/wp\/v2\/pages\/801\/revisions"}],"predecessor-version":[{"id":804,"href":"https:\/\/ebpbahia.com.br\/jornadas\/2024\/wp-json\/wp\/v2\/pages\/801\/revisions\/804"}],"up":[{"embeddable":true,"href":"https:\/\/ebpbahia.com.br\/jornadas\/2024\/wp-json\/wp\/v2\/pages\/49"}],"wp:attachment":[{"href":"https:\/\/ebpbahia.com.br\/jornadas\/2024\/wp-json\/wp\/v2\/media?parent=801"}],"curies":[{"name":"wp","href":"https:\/\/api.w.org\/{rel}","templated":true}]}}