{"id":516,"date":"2024-09-02T19:05:45","date_gmt":"2024-09-02T22:05:45","guid":{"rendered":"https:\/\/ebpbahia.com.br\/jornadas\/2024\/?page_id=516"},"modified":"2024-09-05T06:34:32","modified_gmt":"2024-09-05T09:34:32","slug":"boletim-phatos-extra-03","status":"publish","type":"page","link":"https:\/\/ebpbahia.com.br\/jornadas\/2024\/boletim-phatos\/boletim-phatos-extra-03\/","title":{"rendered":"Boletim PH\u00c1TOS EXTRA #03"},"content":{"rendered":"<div class=\"wpb-content-wrapper\">[vc_row][vc_column][vc_single_image image=&#8221;369&#8243; css=&#8221;&#8221;][vc_empty_space][vc_column_text css=&#8221;&#8221;]\n<h6 style=\"text-align: center;\">EXTRA 003 &#8211; SETEMBRO 2024<\/h6>\n[\/vc_column_text][\/vc_column][\/vc_row][vc_row][vc_column][vc_separator color=&#8221;mulled_wine&#8221; css=&#8221;&#8221;][\/vc_column][\/vc_row][vc_row][vc_column][vc_column_text css=&#8221;&#8221;]\n<h3>EDITORIAL<\/h3>\n[\/vc_column_text][vc_empty_space][vc_column_text css=&#8221;&#8221;]\n<h6><em>A comiss\u00e3o: Camila Abreu, Clara Melo, Daniela Nunes Araujo (Coord), Ethel Poll e Graziela Pires.<\/em><\/h6>\n<div id=\"bannerL\">\n<div id=\"div-gpt-ad-1474537762122-2\" data-google-query-id=\"CJfgofS9t_ACFTIG1AodxucDgQ\">\n<div id=\"google_ads_iframe_\/15188745\/Lipsum-Unit3_0__container__\">\u00c9 com alegria que a Comiss\u00e3o de acolhimento das nossas Jornadas abre mais este espa\u00e7o de comunica\u00e7\u00e3o! Dentro de aproximadamente dois meses nos encontraremos aqui em Salvador, pessoalmente. Para irem se animando com as del\u00edcias da cidade, apresentamos a rubrica BAIANIDADES, cheinha de temperos locais. Que paix\u00f5es movem quem por aqui passa ou quem por aqui reside?<\/div>\n<\/div>\n<\/div>\n<p>Come\u00e7amos por uma pitada de Jorge Amado e de Caryb\u00e9, nomes t\u00e3o conhecidos e que t\u00e3o bem transmitiram do que marca esta cidade. Convidamos tamb\u00e9m o dramaturgo e multiartista Gil Vicente Tavares a que nos apresentasse por seus gostos e suas paix\u00f5es, a nossa Salvador. O v\u00eddeo est\u00e1 aqui para seu desfrute e para que possa compartilhar com quem venha a se interessar! A partir da apresenta\u00e7\u00e3o de Gil, lan\u00e7amos imagens no v\u00eddeo e propusemos um primeiro tour por alguns de nossos bairros. Embarque nessa! Em breve lan\u00e7amos a pr\u00f3xima rota!<\/p>\n<p>Por fim, atualizamos os dados dos hot\u00e9is sugeridos para quem ainda n\u00e3o fez sua reserva. As dicas s\u00e3o de locais pr\u00f3ximos ao endere\u00e7o do evento. Mas, caso queira saber de alguma informa\u00e7\u00e3o que ainda n\u00e3o esteja por aqui e nem pelo site, n\u00e3o hesite em nos contatar! Acesse o \u00edcone do WhatsApp que fica no canto inferior esquerdo da tela do site das Jornadas e solicite falar com a Comiss\u00e3o de acolhimento. Estamos a postos para ajud\u00e1-los!<\/p>\n<p>Abra\u00e7os, ax\u00e9 e at\u00e9 breve![\/vc_column_text][vc_empty_space][\/vc_column][\/vc_row][vc_row][vc_column][vc_separator color=&#8221;mulled_wine&#8221; css=&#8221;&#8221;][\/vc_column][\/vc_row][vc_row][vc_column width=&#8221;5\/6&#8243;][vc_column_text css=&#8221;&#8221;]\n<h3>Baianidades<\/h3>\n[\/vc_column_text][vc_empty_space][vc_column_text css=&#8221;&#8221;]&#8221;<em>A cidade dormiu cedo. A lua ilumina o c\u00e9u, vem a voz de um negro do mar em frente. Canta a amargura da sua vida desde que a amada se foi. No trapiche as crian\u00e7as j\u00e1 dormem. A paz da noite envolve os esposos. O amor \u00e9 sempre doce e bom, mesmo quando a morte est\u00e1 pr\u00f3xima. Os corpos n\u00e3o se balan\u00e7am mais no ritmo do amor. Mas no cora\u00e7\u00e3o dos dois meninos n\u00e3o h\u00e1 nenhum medo. Somente paz, a paz da noite da Bahia. Ent\u00e3o a luz da lua se estendeu sobre todos, as estrelas brilharam ainda mais no c\u00e9u, o mar ficou de todo manso (talvez que Iemanj\u00e1 tivesse vindo tamb\u00e9m a ouvir m\u00fasica) e a cidade era como que um grande carrossel onde giravam em invis\u00edveis cavalos os Capit\u00e3es da Areia. Vestidos de farrapos, sujos, semi-esfomeados, agressivos, soltando palavr\u00f5es e fumando pontas de cigarro, eram, em verdade, os donos da cidade, os que a conheciam totalmente, os que totalmente a amavam, os seus poetas.&#8221;<\/em><\/p>\n<p>(De Capit\u00e3es da Areia &#8211; Jorge Amado)[\/vc_column_text][vc_empty_space][\/vc_column][vc_column width=&#8221;1\/6&#8243;][vc_empty_space height=&#8221;40px&#8221;][vc_empty_space height=&#8221;40px&#8221;][vc_single_image image=&#8221;523&#8243; css=&#8221;&#8221;][\/vc_column][\/vc_row][vc_row][vc_column][vc_single_image image=&#8221;513&#8243; alignment=&#8221;center&#8221; onclick=&#8221;custom_link&#8221; css=&#8221;&#8221; link=&#8221;https:\/\/youtu.be\/hHdIejZS9Pk&#8221;][\/vc_column][\/vc_row][vc_row][vc_column][vc_separator color=&#8221;mulled_wine&#8221; css=&#8221;&#8221;][vc_empty_space][vc_single_image image=&#8221;512&#8243; add_caption=&#8221;yes&#8221; alignment=&#8221;center&#8221; css=&#8221;&#8221;][\/vc_column][\/vc_row][vc_row][vc_column][vc_separator color=&#8221;mulled_wine&#8221; css=&#8221;&#8221;][\/vc_column][\/vc_row][vc_row][vc_column][vc_column_text css=&#8221;&#8221;]\n<h3>VENHA FAZER UM PRIMEIRO TOUR EM SALVADOR CONOSCO!<\/h3>\n<p>Come\u00e7ando pelo bairro do\u00a0<strong>Rio Vermelho<\/strong>, bairro t\u00e3o conhecido e bo\u00eamio, temos a\u00a0<strong>Praia de Burac\u00e3o<\/strong>. \u00c9 uma praia mais escondida que quase passa desapercebida, por\u00e9m bem frequentada. Ela est\u00e1 escondidinha para quem passa de carro pela rua Odilon Santos, a caminho de Amaralina e Pituba. A praia \u00e9 de correnteza forte, o que nos faz lembrar de um cuidado maior para quem desejar um banho de mar.[\/vc_column_text][vc_empty_space][vc_btn title=&#8221;Leia mais&#8221; color=&#8221;black&#8221; size=&#8221;xs&#8221; css=&#8221;&#8221; link=&#8221;url:https%3A%2F%2Febpbahia.com.br%2Fjornadas%2F2024%2Facolhimento%2F|title:Envio%20de%20Trabalho|target:_blank&#8221;][vc_empty_space][\/vc_column][\/vc_row][vc_row][vc_column][vc_separator color=&#8221;mulled_wine&#8221; css=&#8221;&#8221;][\/vc_column][\/vc_row][vc_row][vc_column][vc_column_text css=&#8221;&#8221;]\n<h3>HOT\u00c9IS<\/h3>\n<p>Voc\u00ea vem a Salvador, ainda n\u00e3o sabe onde se hospedar e quer ficar pertinho do local do evento?<\/p>\n<p>Segue abaixo uma lista de hot\u00e9is indicados pela comiss\u00e3o de acolhimento, j\u00e1 com link que direciona para a reserva de duas di\u00e1rias para duas pessoas.<\/p>\n<p>Atualizamos os valores, por\u00e9m fique atento pois eles ainda podem sofrer altera\u00e7\u00f5es ou mesmo os hot\u00e9is terem seus quartos esgotados.<\/p>\n<p>Caso se interesse por dicas de hot\u00e9is em outras regi\u00f5es da cidade, ou mesmo em uma das regi\u00f5es citadas no nosso primeiro tour, solicite contato com a comiss\u00e3o atrav\u00e9s do WhatsApp que encontra-se no site das Jornadas.[\/vc_column_text][vc_empty_space][vc_btn title=&#8221;Leia mais&#8221; color=&#8221;black&#8221; size=&#8221;xs&#8221; css=&#8221;&#8221; link=&#8221;url:https%3A%2F%2Febpbahia.com.br%2Fjornadas%2F2024%2Facolhimento%2Fhoteis%2F|title:Envio%20de%20Trabalho|target:_blank&#8221;][vc_empty_space][\/vc_column][\/vc_row][vc_row][vc_column][vc_separator color=&#8221;mulled_wine&#8221; css=&#8221;&#8221;][\/vc_column][\/vc_row][vc_row][vc_column][vc_column_text css=&#8221;&#8221;]\n<h3 style=\"text-align: center;\">INSCRI\u00c7\u00d5ES<\/h3>\n[\/vc_column_text][vc_empty_space][vc_raw_html css=&#8221;&#8221;]JTIwJTIwJTIwJTIwJTIwJTIwJTIwJTIwJTIwJTIwJTIwJTIwJTIwJTIwJTIwJTIwJTIwJTIwJTIwJTIwJTIwJTIwJTIwJTIwJTNDdGFibGUlMjB3aWR0aCUzRCUyMjkwJTI1JTIyJTIwYm9yZGVyJTNEJTIyMCUyMiUyMGFsaWduJTNEJTIyY2VudGVyJTIyJTIwY2VsbHBhZGRpbmclM0QlMjIwJTIyJTIwY2VsbHNwYWNpbmclM0QlMjIzJTIyJTNFJTBBJTIwJTIwJTIwJTIwJTIwJTIwJTIwJTIwJTIwJTIwJTIwJTIwJTIwJTIwJTIwJTIwJTIwJTIwJTIwJTIwJTIwJTIwJTIwJTIwJTIwJTIwJTNDdGJvZHklM0UlMEElMjAlMjAlMjAlMjAlMjAlMjAlMjAlMjAlMjAlMjAlMjAlMjAlMjAlMjAlMjAlMjAlMjAlMjAlMjAlMjAlMjAlMjAlMjAlMjAlMjAlMjAlMjAlMjAlM0N0ciUzRSUwQSUyMCUyMCUyMCUyMCUyMCUyMCUyMCUyMCUyMCUyMCUyMCUyMCUyMCUyMCUyMCUyMCUyMCUyMCUyMCUyMCUyMCUyMCUyMCUyMCUyMCUyMCUyMCUyMCUyMCUyMCUzQ3RkJTIwd2lkdGglM0QlMjIyNSUyNSUyMiUyMHZhbGlnbiUzRCUyMmJvdHRvbSUyMiUzRSUzQ3AlMjBzdHlsZSUzRCUyMmZvbnQtZmFtaWx5JTNBJTIwU2Vnb2UlMkMlMjAlMjdTZWdvZSUyMFVJJTI3JTJDJTIwJTI3RGVqYVZ1JTIwU2FucyUyNyUyQyUyMCUyN1RyZWJ1Y2hldCUyME1TJTI3JTJDJTIwVmVyZGFuYSUyQyUyMCUyN3NhbnMtc2VyaWYlMjclM0IlMjBmb250LXNpemUlM0ElMjAxMnB4JTNCJTIwY29sb3IlM0ElMjAlMjMwMDAwMDAlM0IlMjB0ZXh0LWFsaWduJTNBJTIwY2VudGVyJTNCJTIyJTNFTUVNQlJPUyUzQyUyRnAlM0UlM0MlMkZ0ZCUzRSUwQSUyMCUyMCUyMCUyMCUyMCUyMCUyMCUyMCUyMCUyMCUyMCUyMCUyMCUyMCUyMCUyMCUyMCUyMCUyMCUyMCUyMCUyMCUyMCUyMCUyMCUyMCUyMCUyMCUyMCUyMCUzQ3RkJTIwd2lkdGglM0QlMjIyNSUyNSUyMiUyMHZhbGlnbiUzRCUyMmJvdHRvbSUyMiUzRSUzQ3AlMjBzdHlsZSUzRCUyMmZvbnQtZmFtaWx5JTNBJTIwU2Vnb2UlMkMlMjAlMjdTZWdvZSUyMFVJJTI3JTJDJTIwJTI3RGVqYVZ1JTIwU2FucyUyNyUyQyUyMCUyN1RyZWJ1Y2hldCUyME1TJTI3JTJDJTIwVmVyZGFuYSUyQyUyMCUyN3NhbnMtc2VyaWYlMjclM0IlMjBmb250LXNpemUlM0ElMjAxMnB4JTNCJTIwY29sb3IlM0ElMjAlMjMwMDAwMDAlM0IlMjB0ZXh0LWFsaWduJTNBJTIwY2VudGVyJTNCJTIyJTNFQVNTT0NJQURPUyUyMEUlMjBUUE9MJTNDJTJGcCUzRSUzQyUyRnRkJTNFJTBBJTIwJTIwJTIwJTIwJTIwJTIwJTIwJTIwJTIwJTIwJTIwJTIwJTIwJTIwJTIwJTIwJTIwJTIwJTIwJTIwJTIwJTIwJTIwJTIwJTIwJTIwJTIwJTIwJTIwJTIwJTNDdGQlMjB3aWR0aCUzRCUyMjI1JTI1JTIyJTIwdmFsaWduJTNEJTIyYm90dG9tJTIyJTNFJTNDcCUyMHN0eWxlJTNEJTIyZm9udC1mYW1pbHklM0ElMjBTZWdvZSUyQyUyMCUyN1NlZ29lJTIwVUklMjclMkMlMjAlMjdEZWphVnUlMjBTYW5zJTI3JTJDJTIwJTI3VHJlYnVjaGV0JTIwTVMlMjclMkMlMjBWZXJkYW5hJTJDJTIwJTI3c2Fucy1zZXJpZiUyNyUzQiUyMGZvbnQtc2l6ZSUzQSUyMDEycHglM0IlMjBjb2xvciUzQSUyMCUyMzAwMDAwMCUzQiUyMHRleHQtYWxpZ24lM0ElMjBjZW50ZXIlM0IlMjIlM0VQUk9GSVNTSU9OQUlTJTNDJTJGcCUzRSUzQyUyRnRkJTNFJTBBJTIwJTIwJTIwJTIwJTIwJTIwJTIwJTIwJTIwJTIwJTIwJTIwJTIwJTIwJTIwJTIwJTIwJTIwJTIwJTIwJTIwJTIwJTIwJTIwJTIwJTIwJTIwJTIwJTIwJTIwJTNDdGQlMjB3aWR0aCUzRCUyMjI1JTI1JTIyJTIwdmFsaWduJTNEJTIyYm90dG9tJTIyJTNFJTNDcCUyMHN0eWxlJTNEJTIyZm9udC1mYW1pbHklM0ElMjBTZWdvZSUyQyUyMCUyN1NlZ29lJTIwVUklMjclMkMlMjAlMjdEZWphVnUlMjBTYW5zJTI3JTJDJTIwJTI3VHJlYnVjaGV0JTIwTVMlMjclMkMlMjBWZXJkYW5hJTJDJTIwJTI3c2Fucy1zZXJpZiUyNyUzQiUyMGZvbnQtc2l6ZSUzQSUyMDEycHglM0IlMjBjb2xvciUzQSUyMCUyMzAwMDAwMCUzQiUyMHRleHQtYWxpZ24lM0ElMjBjZW50ZXIlM0IlMjIlM0VBTFVOT1MlMjBERSUyMEdSQURVQSVDMyU4NyVDMyU4M08lMjBFJTIwQ1VSU08lMjBSRUdVTEFSJTNDJTJGcCUzRSUzQyUyRnRkJTNFJTBBJTIwJTIwJTIwJTIwJTIwJTIwJTIwJTIwJTIwJTIwJTIwJTIwJTIwJTIwJTIwJTIwJTIwJTIwJTIwJTIwJTIwJTIwJTIwJTIwJTIwJTIwJTIwJTIwJTNDJTJGdHIlM0UlMEElMjAlMjAlMjAlMjAlMjAlMjAlMjAlMjAlMjAlMjAlMjAlMjAlMjAlMjAlMjAlMjAlMjAlMjAlMjAlMjAlMjAlMjAlMjAlMjAlMjAlMjAlMjAlMjAlM0N0ciUzRSUwQSUyMCUyMCUyMCUyMCUyMCUyMCUyMCUyMCUyMCUyMCUyMCUyMCUyMCUyMCUyMCUyMCUyMCUyMCUyMCUyMCUyMCUyMCUyMCUyMCUyMCUyMCUyMCUyMCUyMCUyMCUzQ3RkJTIwd2lkdGglM0QlMjIyNSUyNSUyMiUyMGJnY29sb3IlM0QlMjIlMjNGMUYxRjElMjIlM0UlM0NwJTIwc3R5bGUlM0QlMjJmb250LWZhbWlseSUzQSUyMFNlZ29lJTJDJTIwJTI3U2Vnb2UlMjBVSSUyNyUyQyUyMCUyN0RlamFWdSUyMFNhbnMlMjclMkMlMjAlMjdUcmVidWNoZXQlMjBNUyUyNyUyQyUyMFZlcmRhbmElMkMlMjAlMjdzYW5zLXNlcmlmJTI3JTNCJTIwZm9udC1zaXplJTNBJTIwMTZweCUzQiUyMGNvbG9yJTNBJTIwJTIzMDBBRUVGJTNCJTIwdGV4dC1hbGlnbiUzQSUyMGNlbnRlciUzQiUyMiUzRVIlMjQlMjA0MDAlMkMwMCUzQyUyRnAlM0UlM0MlMkZ0ZCUzRSUwQSUyMCUyMCUyMCUyMCUyMCUyMCUyMCUyMCUyMCUyMCUyMCUyMCUyMCUyMCUyMCUyMCUyMCUyMCUyMCUyMCUyMCUyMCUyMCUyMCUyMCUyMCUyMCUyMCUyMCUyMCUzQ3RkJTIwd2lkdGglM0QlMjIyNSUyNSUyMiUyMGJnY29sb3IlM0QlMjIlMjNGMUYxRjElMjIlM0UlM0NwJTIwc3R5bGUlM0QlMjJmb250LWZhbWlseSUzQSUyMFNlZ29lJTJDJTIwJTI3U2Vnb2UlMjBVSSUyNyUyQyUyMCUyN0RlamFWdSUyMFNhbnMlMjclMkMlMjAlMjdUcmVidWNoZXQlMjBNUyUyNyUyQyUyMFZlcmRhbmElMkMlMjAlMjdzYW5zLXNlcmlmJTI3JTNCJTIwZm9udC1zaXplJTNBJTIwMTZweCUzQiUyMGNvbG9yJTNBJTIwJTIzMDBBRUVGJTNCJTIwdGV4dC1hbGlnbiUzQSUyMGNlbnRlciUzQiUyMiUzRVIlMjQlMjAyNDAlMkMwMCUzQyUyRnAlM0UlM0MlMkZ0ZCUzRSUwQSUyMCUyMCUyMCUyMCUyMCUyMCUyMCUyMCUyMCUyMCUyMCUyMCUyMCUyMCUyMCUyMCUyMCUyMCUyMCUyMCUyMCUyMCUyMCUyMCUyMCUyMCUyMCUyMCUyMCUyMCUzQ3RkJTIwd2lkdGglM0QlMjIyNSUyNSUyMiUyMGJnY29sb3IlM0QlMjIlMjNGMUYxRjElMjIlM0UlM0NwJTIwc3R5bGUlM0QlMjJmb250LWZhbWlseSUzQSUyMFNlZ29lJTJDJTIwJTI3U2Vnb2UlMjBVSSUyNyUyQyUyMCUyN0RlamFWdSUyMFNhbnMlMjclMkMlMjAlMjdUcmVidWNoZXQlMjBNUyUyNyUyQyUyMFZlcmRhbmElMkMlMjAlMjdzYW5zLXNlcmlmJTI3JTNCJTIwZm9udC1zaXplJTNBJTIwMTZweCUzQiUyMGNvbG9yJTNBJTIwJTIzMDBBRUVGJTNCJTIwdGV4dC1hbGlnbiUzQSUyMGNlbnRlciUzQiUyMiUzRVIlMjQlMjAzMjAlMkMwMCUzQyUyRnAlM0UlM0MlMkZ0ZCUzRSUwQSUyMCUyMCUyMCUyMCUyMCUyMCUyMCUyMCUyMCUyMCUyMCUyMCUyMCUyMCUyMCUyMCUyMCUyMCUyMCUyMCUyMCUyMCUyMCUyMCUyMCUyMCUyMCUyMCUyMCUyMCUzQ3RkJTIwd2lkdGglM0QlMjIyNSUyNSUyMiUyMGJnY29sb3IlM0QlMjIlMjNGMUYxRjElMjIlM0UlM0NwJTIwc3R5bGUlM0QlMjJmb250LWZhbWlseSUzQSUyMFNlZ29lJTJDJTIwJTI3U2Vnb2UlMjBVSSUyNyUyQyUyMCUyN0RlamFWdSUyMFNhbnMlMjclMkMlMjAlMjdUcmVidWNoZXQlMjBNUyUyNyUyQyUyMFZlcmRhbmElMkMlMjAlMjdzYW5zLXNlcmlmJTI3JTNCJTIwZm9udC1zaXplJTNBJTIwMTZweCUzQiUyMGNvbG9yJTNBJTIwJTIzMDBBRUVGJTNCJTIwdGV4dC1hbGlnbiUzQSUyMGNlbnRlciUzQiUyMiUzRVIlMjQlMjAxNDAlMkMwMCUzQyUyRnAlM0UlM0MlMkZ0ZCUzRSUwQSUyMCUyMCUyMCUyMCUyMCUyMCUyMCUyMCUyMCUyMCUyMCUyMCUyMCUyMCUyMCUyMCUyMCUyMCUyMCUyMCUyMCUyMCUyMCUyMCUyMCUyMCUyMCUyMCUzQyUyRnRyJTNFJTBBJTIwJTIwJTIwJTIwJTIwJTIwJTIwJTIwJTIwJTIwJTIwJTIwJTIwJTIwJTIwJTIwJTIwJTIwJTIwJTIwJTIwJTIwJTIwJTIwJTIwJTIwJTIwJTIwJTNDdHIlM0UlMEElMjAlMjAlMjAlMjAlMjAlMjAlMjAlMjAlMjAlMjAlMjAlMjAlMjAlMjAlMjAlMjAlMjAlMjAlMjAlMjAlMjAlMjAlMjAlMjAlMjAlMjAlMjAlMjAlMjAlMjAlM0N0ZCUyMHdpZHRoJTNEJTIyMjUlMjUlMjIlM0UlMjZuYnNwJTNCJTNDJTJGdGQlM0UlMEElMjAlMjAlMjAlMjAlMjAlMjAlMjAlMjAlMjAlMjAlMjAlMjAlMjAlMjAlMjAlMjAlMjAlMjAlMjAlMjAlMjAlMjAlMjAlMjAlMjAlMjAlMjAlMjAlMjAlMjAlM0N0ZCUyMHdpZHRoJTNEJTIyMjUlMjUlMjIlM0UlMjZuYnNwJTNCJTNDJTJGdGQlM0UlMEElMjAlMjAlMjAlMjAlMjAlMjAlMjAlMjAlMjAlMjAlMjAlMjAlMjAlMjAlMjAlMjAlMjAlMjAlMjAlMjAlMjAlMjAlMjAlMjAlMjAlMjAlMjAlMjAlMjAlMjAlM0N0ZCUyMHdpZHRoJTNEJTIyMjUlMjUlMjIlM0UlMjZuYnNwJTNCJTNDJTJGdGQlM0UlMEElMjAlMjAlMjAlMjAlMjAlMjAlMjAlMjAlMjAlMjAlMjAlMjAlMjAlMjAlMjAlMjAlMjAlMjAlMjAlMjAlMjAlMjAlMjAlMjAlMjAlMjAlMjAlMjAlMjAlMjAlM0N0ZCUyMHdpZHRoJTNEJTIyMjUlMjUlMjIlM0UlMjZuYnNwJTNCJTNDJTJGdGQlM0UlMEElMjAlMjAlMjAlMjAlMjAlMjAlMjAlMjAlMjAlMjAlMjAlMjAlMjAlMjAlMjAlMjAlMjAlMjAlMjAlMjAlMjAlMjAlMjAlMjAlMjAlMjAlMjAlMjAlM0MlMkZ0ciUzRSUwQSUyMCUyMCUyMCUyMCUyMCUyMCUyMCUyMCUyMCUyMCUyMCUyMCUyMCUyMCUyMCUyMCUyMCUyMCUyMCUyMCUyMCUyMCUyMCUyMCUyMCUyMCUzQyUyRnRib2R5JTNFJTBBJTIwJTIwJTIwJTIwJTIwJTIwJTIwJTIwJTIwJTIwJTIwJTIwJTIwJTIwJTIwJTIwJTIwJTIwJTIwJTIwJTIwJTIwJTNDJTJGdGFibGUlM0U=[\/vc_raw_html][vc_empty_space][vc_btn title=&#8221;INSCRI\u00c7\u00d5ES&#8221; color=&#8221;sky&#8221; size=&#8221;lg&#8221; align=&#8221;center&#8221; css=&#8221;&#8221; link=&#8221;url:https%3A%2F%2Febpbahia.com.br%2Fjornadas%2F2024%2Finscricoes%2F|title:Inscri%C3%A7%C3%B5es&#8221;][\/vc_column][\/vc_row][vc_row css=&#8221;.vc_custom_1715165963575{margin-top: 0px !important;margin-right: 0px !important;margin-bottom: 0px !important;margin-left: 0px !important;border-top-width: 0px !important;border-right-width: 0px !important;border-bottom-width: 0px !important;border-left-width: 0px !important;padding-top: 0px !important;padding-right: 0px !important;padding-bottom: 0px !important;padding-left: 0px !important;background-color: #000000 !important;}&#8221;][vc_column][vc_single_image image=&#8221;370&#8243; css=&#8221;&#8221;][vc_column_text css=&#8221;&#8221;]\n<p style=\"text-align: center;\"><span style=\"color: #ffffff;\"><strong>Diretor Se\u00e7\u00e3o<\/strong> &#8211; Luiz Felipe Monteiro | <strong>Diretora do IPB<\/strong> &#8211; Analicea Calmon<\/span><\/p>\n<p style=\"text-align: center;\"><span style=\"color: #ffffff;\"><strong>Coordenador Geral da Jornada<\/strong> &#8211; Iordan Gurgel<\/span><\/p>\n<p style=\"text-align: center;\"><span style=\"color: #ffffff;\"><strong>Coordenador da Comiss\u00e3o de Comunica\u00e7\u00e3o<\/strong> &#8211; Marcelo Magnelli<\/span><\/p>\n<p style=\"text-align: center;\"><span style=\"color: #ffffff;\"><strong>Comiss\u00e3o de Boletim:<\/strong> Julia Solano(Coord.), Luiz Mena, Claudio Melo, Graziela Vasconcelos,<\/span><br \/>\n<span style=\"color: #ffffff;\">Guacira Cavalcanti, Kleyanne Lima, Liliane Sales, Mar\u00edlia Santiago.<\/span><\/p>\n<p style=\"text-align: center;\"><span style=\"color: #ffffff;\"><strong>Cria\u00e7\u00e3o e Editora\u00e7\u00e3o:<\/strong> Bruno Senna &#8211; <a style=\"color: #ffffff;\" href=\"mailto:sennabruno@gmail.com\">sennabruno@gmail.com<\/a><\/span><\/p>\n[\/vc_column_text][\/vc_column][\/vc_row]\n<\/div>","protected":false},"excerpt":{"rendered":"<p>[vc_row][vc_column][vc_single_image image=&#8221;369&#8243; css=&#8221;&#8221;][vc_empty_space][vc_column_text css=&#8221;&#8221;] EXTRA 003 &#8211; SETEMBRO 2024 [\/vc_column_text][\/vc_column][\/vc_row][vc_row][vc_column][vc_separator color=&#8221;mulled_wine&#8221; css=&#8221;&#8221;][\/vc_column][\/vc_row][vc_row][vc_column][vc_column_text css=&#8221;&#8221;] EDITORIAL [\/vc_column_text][vc_empty_space][vc_column_text css=&#8221;&#8221;] A comiss\u00e3o: Camila Abreu, Clara Melo, Daniela Nunes Araujo (Coord), Ethel Poll e Graziela Pires. \u00c9 com alegria que a Comiss\u00e3o de acolhimento das nossas Jornadas abre mais este espa\u00e7o de comunica\u00e7\u00e3o! Dentro de aproximadamente dois meses nos encontraremos&hellip;<\/p>\n","protected":false},"author":1,"featured_media":0,"parent":54,"menu_order":0,"comment_status":"closed","ping_status":"closed","template":"templates\/no-sidebar.php","meta":{"_joinchat":[],"footnotes":""},"class_list":["post-516","page","type-page","status-publish","hentry","entry","no-media"],"_links":{"self":[{"href":"https:\/\/ebpbahia.com.br\/jornadas\/2024\/wp-json\/wp\/v2\/pages\/516","targetHints":{"allow":["GET"]}}],"collection":[{"href":"https:\/\/ebpbahia.com.br\/jornadas\/2024\/wp-json\/wp\/v2\/pages"}],"about":[{"href":"https:\/\/ebpbahia.com.br\/jornadas\/2024\/wp-json\/wp\/v2\/types\/page"}],"author":[{"embeddable":true,"href":"https:\/\/ebpbahia.com.br\/jornadas\/2024\/wp-json\/wp\/v2\/users\/1"}],"replies":[{"embeddable":true,"href":"https:\/\/ebpbahia.com.br\/jornadas\/2024\/wp-json\/wp\/v2\/comments?post=516"}],"version-history":[{"count":7,"href":"https:\/\/ebpbahia.com.br\/jornadas\/2024\/wp-json\/wp\/v2\/pages\/516\/revisions"}],"predecessor-version":[{"id":532,"href":"https:\/\/ebpbahia.com.br\/jornadas\/2024\/wp-json\/wp\/v2\/pages\/516\/revisions\/532"}],"up":[{"embeddable":true,"href":"https:\/\/ebpbahia.com.br\/jornadas\/2024\/wp-json\/wp\/v2\/pages\/54"}],"wp:attachment":[{"href":"https:\/\/ebpbahia.com.br\/jornadas\/2024\/wp-json\/wp\/v2\/media?parent=516"}],"curies":[{"name":"wp","href":"https:\/\/api.w.org\/{rel}","templated":true}]}}