{"id":49,"date":"2024-04-26T15:52:09","date_gmt":"2024-04-26T18:52:09","guid":{"rendered":"https:\/\/ebpbahia.com.br\/jornadas\/2024\/?page_id=49"},"modified":"2024-10-24T10:54:19","modified_gmt":"2024-10-24T13:54:19","slug":"acolhimento","status":"publish","type":"page","link":"https:\/\/ebpbahia.com.br\/jornadas\/2024\/acolhimento\/","title":{"rendered":"Acolhimento"},"content":{"rendered":"<div class=\"wpb-content-wrapper\">[vc_row][vc_column width=&#8221;1\/2&#8243;][vc_column_text css=&#8221;&#8221;]<strong>Ol\u00e1! Seja bem-vind@ ao espa\u00e7o da Comiss\u00e3o de acolhimento das nossas Jornadas!<\/strong><\/p>\n<p>Caso queira saber de alguma informa\u00e7\u00e3o que ainda n\u00e3o esteja no site, n\u00e3o hesite em nos contatar! Acesse o \u00edcone do WhatsApp que fica no canto inferior esquerdo da tela e solicite contatar a Comiss\u00e3o de acolhimento.<\/p>\n<p>Lembramos que nosso evento ser\u00e1 100% presencial e, para voc\u00ea que n\u00e3o reside em Salvador, j\u00e1 disponibilizamos algumas sugest\u00f5es de hot\u00e9is pr\u00f3ximos ao evento para seu conforto e comodidade. Segue lista abaixo.<\/p>\n<p>Abra\u00e7os, ax\u00e9 e at\u00e9 breve!<\/p>\n<p><strong>A comiss\u00e3o:<\/strong> <em>Camila Abreu, Clara Melo, Daniela Nunes Araujo (Coord), Ethel Poll e Graziela Pires.<\/em>[\/vc_column_text][\/vc_column][vc_column width=&#8221;1\/2&#8243;][vc_video link=&#8221;https:\/\/youtu.be\/hHdIejZS9Pk&#8221; css=&#8221;&#8221;][\/vc_column][\/vc_row][vc_row][vc_column][vc_empty_space]<div class=\"vcex-module vcex-divider vcex-divider-solid vcex-divider-center wpex-mx-auto wpex-block wpex-h-0 wpex-border-b wpex-border-solid wpex-border-main\" style=\"border-color:var(--wpex-accent);\"><\/div>[vc_empty_space][vc_column_text css=&#8221;&#8221;]\n<h3><span style=\"color: #000080;\"><strong>Venha fazer um primeiro tour em Salvador conosco!<\/strong><\/span><\/h3>\n<p>Come\u00e7ando pelo bairro do <strong>Rio Vermelho<\/strong>, bairro t\u00e3o conhecido e bo\u00eamio, temos a <strong>Praia de Burac\u00e3o<\/strong>. \u00c9 uma praia mais escondida que quase passa desapercebida, por\u00e9m bem frequentada. Ela est\u00e1 escondidinha para quem passa de carro pela rua Odilon Santos, a caminho de Amaralina e Pituba. A praia \u00e9 de correnteza forte, o que nos faz lembrar de um cuidado maior para quem desejar um banho de mar.<\/p>\n<p>Temos tamb\u00e9m a <strong>Casa do Rio Vermelho ou Casa de Jorge Amado<\/strong>. \u00c9 uma atra\u00e7\u00e3o cultural incr\u00edvel. \u00c9 uma casa em que Jorge Amado e Z\u00e9lia Gattai viveram por 30 anos e hoje est\u00e1 aberta ao p\u00fablico (ingresso pago). Conta com m\u00f3veis originais e conservados, al\u00e9m de obras dos autores e pertences pessoais que podem ser vistos por v\u00e1rios \u00e2ngulos.<\/p>\n<p>Pensou em um acaraj\u00e9? Temos o <strong>Acaraj\u00e9<\/strong> <strong>da Dinha<\/strong>, que fica no <strong>Largo de Santana<\/strong>, pr\u00f3ximo ao <strong>Largo da Mariquita<\/strong>, que voc\u00ea tamb\u00e9m encontrar\u00e1 o <strong>Acaraj\u00e9 de Cira<\/strong> (eleito o melhor da cidade).<\/p>\n<p>O <strong>La Taperia <\/strong>\u00e9, com certeza, uma boa dica de restaurante no Rio Vermelho. Fica de frente para o mar. Uma del\u00edcia de lugar!<\/p>\n<p>E se voc\u00ea quiser reunir gastronomia com m\u00fasicas regionais e divers\u00e3o, temos a op\u00e7\u00e3o do <strong>Mercado do Peixe<\/strong>, situado na pra\u00e7a Caramuru. Tem muitos restaurantes neste local, podem aproveitar!<\/p>\n<p>Claro que n\u00e3o ir\u00edamos esquecer daquela <strong>moqueca<\/strong>, n\u00e3o \u00e9? Voc\u00ea encontra na <strong>Casa de Tereza e Dona Mariquita<\/strong>, ambos t\u00eam um tempero maravilhoso e detalhes surpreendentes.<\/p>\n<p>Temos tamb\u00e9m o <strong>Nankgastrobar,<\/strong> que \u00e9 um ambiente com uma culin\u00e1ria diversificada e saborosa, al\u00e9m de assumir uma bela decora\u00e7\u00e3o. D\u00e1 para tirar aquela foto de #turistandoemSalvador.<\/p>\n<p>E para finalizar este bairro, o que acham de curtir a noite no <strong>Boteco do Fran\u00e7a?<\/strong> O boteco fica em uma viela no Rio Vermelho. Conta com um excelente clima, com detalhes art\u00edsticos regionais de <strong>Bel Borba<\/strong>, al\u00e9m de \u00f3timos petiscos como: bolinho de bacalhau, escondidinho de camar\u00e3o, arroz de polvo, carne seca com pur\u00ea de ab\u00f3bora. Hummm!<\/p>\n<p><strong>E a\u00ed? Vamos agora visitar a Barra?<\/strong><\/p>\n<p><strong>A Barra \u00e9 um bairro na cidade de Salvador e conta com uma excelente infraestrutura. \u00c9 local muito procurado pelos turistas. \u00c9 l\u00e1 que tem carnaval, gente! <\/strong>Uma pena que o carnaval \u00e9 s\u00f3 em fevereiro, mas h\u00e1 muito o que se aproveitar por l\u00e1 em outros per\u00edodos do ano. J\u00e1 conhecem a <strong>Praia do Porto da Barra<\/strong>? N\u00e3o? Ent\u00e3o venha! Oxente. Cedinho tem um excelente banho de mar e ainda d\u00e1 para aproveitar a orla, que est\u00e1 a coisa mais linda.<\/p>\n<p>\u00c9 \u00f3bvio que, em nosso tour, o Farol da Barra n\u00e3o poderia ficar de fora. O\u00a0<strong>Farol da Barra<\/strong>, ou\u00a0<strong>Farol de Santo Ant\u00f4nio<\/strong>, localiza-se na antiga ponta do Padr\u00e3o, atual Ponta de Santo Ant\u00f4nio. Foi o primeiro sistema de sinaliza\u00e7\u00e3o n\u00e1utica a entrar em opera\u00e7\u00e3o nas Am\u00e9ricas.<\/p>\n<p>E \u00e9 l\u00e1 que temos restaurantes que n\u00e3o podemos deixar de apresentar para voc\u00eas. Primeiro, o <strong>Restaurante Pereira. <\/strong>Ele fica entre o Porto e o Farol da Barra. O restaurante tem um menu variado e o ambiente \u00e9 muito aconchegante. Outro restaurante, super bem recomendado \u00e9 o <strong>Barravento<\/strong>. \u00c9 um restaurante tradicional na Barra, pr\u00f3ximo ao <strong>Morro do Cristo<\/strong>. E o card\u00e1pio bem diversificado, viu?<\/p>\n<p><strong>Chegamos agora no centro hist\u00f3rico Salvador. Vem com a gente!<\/strong><\/p>\n<p>O <strong>Santo Ant\u00f4nio Al\u00e9m do Carmo<\/strong> \u00e9 um bairro hist\u00f3rico, cultural e gastron\u00f4mico. L\u00e1 voc\u00ea encontra o <strong>forte de Santo Ant\u00f4nio Al\u00e9m do Carmo<\/strong>:\u00a0uma fortifica\u00e7\u00e3o antiga que oferece uma vista diferente de Salvador. Temos o <strong>L<\/strong><strong>argo de Santo Ant\u00f4nio Al\u00e9m do Carmo<\/strong>:\u00a0um espa\u00e7o que foi reinaugurado em 2016 e conta com bancos, piso, pergolado, pista de corrida, parque infantil e equipamentos para exerc\u00edcios f\u00edsicos.\u00a0Temos tamb\u00e9m <strong>Casar\u00f5es Coloniais<\/strong> pelo bairro,\u00a0ainda habitados, que d\u00e3o um ar tradicional ao bairro e as ruas de pedra comp\u00f5em um lindo cen\u00e1rio. Muitos deles se transformaram em restaurantes e hot\u00e9is.<\/p>\n<p>Ouvimos um pedido de lugar para comer? Temos o <strong>Bar do Ulisses<\/strong>, que conta com uma cozinha baiana com op\u00e7\u00f5es interioranas e costeiras em casar\u00e3o de ambiente bo\u00eamio e aconchegante.<\/p>\n<p>L\u00e1 voc\u00ea tamb\u00e9m ir\u00e1 encontrar caf\u00e9s e restaurantes:\u00a0o bairro tem v\u00e1rios, como o <strong>Por\u00f3<\/strong>, o <strong>La Lupa<\/strong>, o <strong>Zanzibar<\/strong>, o <strong>Bar Cruz do Pascoal<\/strong>, o <strong>Caf\u00e9 e Cana Botequim<\/strong> e o <strong>Restaurante Casa de Farinha<\/strong>, etc.<\/p>\n<p>E quem quiser visitar uma linda igreja, n\u00e3o deixe de passar pela <strong>Igreja Nossa Senhora do Carmo<\/strong>. A igreja conta com um estilo neocl\u00e1ssico e foi constru\u00edda no s\u00e9culo XVII.<\/p>\n<p>Chegou a hora do\u00a0<strong>Pelourinho, <\/strong>que embora seja o local mais conhecido pelos turistas, o centro hist\u00f3rico inclui tamb\u00e9m o <strong>Terreiro de Jesus<\/strong>, a <strong>Pra\u00e7a da S\u00e9<\/strong>, o <strong>Largo de S\u00e3o Francisco<\/strong> e o bairro do <strong>Com\u00e9rcio.<\/strong> Estamos falando de toda a \u00e1rea que circunda alguns pontos que est\u00e3o no cora\u00e7\u00e3o da cidade, como a <strong>Ladeira da Barroquinha<\/strong>, a <strong>Pra\u00e7a Municipal<\/strong>, a <strong>Avenida Sete de Setembro,<\/strong> etc. Estes locais t\u00eam uma arquitetura colonial interessante, al\u00e9m de estarem cheios de obras de arte por toda parte. Voc\u00ea tamb\u00e9m n\u00e3o pode deixar de conhecer o <strong>Mercado Modelo<\/strong>, que agora tem um passeio cultural bel\u00edssimo, falando da nossa hist\u00f3ria e ancestralidade. Al\u00e9m disso, contamos com o <strong>Museu Cidade da M\u00fasica<\/strong> (l\u00e1 tem at\u00e9 karaok\u00ea, para quem quiser cantar e voc\u00ea ainda leva um v\u00eddeo de recorda\u00e7\u00e3o, que \u00e9 gravado na hora). O <strong>Elevador Lacerda<\/strong> \u00e9 muito legal de conhecer e voc\u00ea que vem de fora, poder\u00e1 ver a parte alta e a parte baixa do local.<\/p>\n<p>E para finalizar nosso tour, vamos comentar de <strong>Feijoada<\/strong> e <strong>Mugunz\u00e1.<\/strong> S\u00e3o duas coisas, que al\u00e9m do acaraj\u00e9, gostamos bastante por aqui. Para aquele feij\u00e3o preto meio carioca e meio baiano, indicamos o restaurante <strong>Dona Mariquita ou o S\u00e3o Jorge Botequim, que ficam no Rio Vermelho. E mugunz\u00e1?! Agora ficou f\u00e1cil. Gente, em quase todas as delicatessen\u00b4s e padarias da cidade, voc\u00eas podem encontrar. Fiquem \u00e0 vontade para escolher! At\u00e9 o pr\u00f3ximo tour!<\/strong>[\/vc_column_text][vc_empty_space][vc_column_text css=&#8221;&#8221;]\n<h3><span style=\"color: #000080;\">E ent\u00e3o, animados? Nossas Jornadas est\u00e3o se aproximando e convidamos voc\u00eas para fazer um segundo \u201ctour\u201d conosco pela cidade.<\/span><\/h3>\n<p>Vamos come\u00e7ar pelo <strong>Museu de Arte de Bahia (MAB)<\/strong><\/p>\n<p>L\u00e1 voc\u00ea encontra muita cultura nas obras do Conselheiro\u00a0Jonatas\u00a0Abbott e Francisco Marques de\u00a0Go\u00e9s\u00a0Calmon, al\u00e9m das obras dos pintores baianos Presciliano Silva, Alberto Valen\u00e7a e Mendon\u00e7a Filho.<\/p>\n<p><strong>Onde fica?<\/strong><\/p>\n<p>Localizado na Av. 7 de Setembro, 2.340, Vit\u00f3ria, o MAB possui uma localiza\u00e7\u00e3o privilegiada que facilita muito a sua visita.<\/p>\n<h5><span style=\"color: #000080;\"><strong>Museu de Arte Moderna da Bahia (MAM)<\/strong><\/span><\/h5>\n<p>Se voc\u00ea \u00e9 algu\u00e9m que aprecia arte moderna, vai adorar cada momento no Museu de Arte Moderna da Bahia (MAM).<\/p>\n<p>Ao entrar no museu, voc\u00ea ser\u00e1 recebido por um acervo diversificado, que inclui pinturas, fotografias e esculturas de artistas renomados, como Portinari, Tarsila do Amaral, Di Cavalcanti e muitos outros. O MAM oferece uma experi\u00eancia completa para se aprofundar na arte moderna.<\/p>\n<p><strong>Onde fica?<\/strong><\/p>\n<p>Av. Lafayete Coutinho, Salvador &#8211; BA. Sua localiza\u00e7\u00e3o permite que voc\u00ea explore tanto o museu quanto os encantos naturais que cercam a Ba\u00eda de Todos os Santos.<\/p>\n<h5><span style=\"color: #000080;\"><strong>Museu Afro Brasileiro<\/strong><\/span><\/h5>\n<p>O Museu Afro Brasileiro \u00e9 um tesouro de pe\u00e7as art\u00edsticas e objetos que narram a rica hist\u00f3ria e cultura da \u00c1frica e sua influ\u00eancia no Brasil.<\/p>\n<p>Por l\u00e1, voc\u00ea ter\u00e1 a oportunidade de explorar uma cole\u00e7\u00e3o diversificada que inclui esculturas, m\u00e1scaras, tecidos, cer\u00e2micas, adornos e instrumentos musicais, entre outros objetos que refletem a vida cotidiana de diversos povos africanos<\/p>\n<p><strong>Onde fica?<\/strong><\/p>\n<p>Av. Sete de Setembro, 1.990, no bairro da Vit\u00f3ria. Essa \u00e1rea \u00e9 facilmente acess\u00edvel a partir de v\u00e1rios pontos da cidade, tornando a sua visita muito pr\u00e1tica<\/p>\n<h5><span style=\"color: #000080;\"><strong>Espa\u00e7o Caryb\u00e9 de Artes<\/strong><\/span><\/h5>\n<p>Imagine se perder nas cores, formas e hist\u00f3rias contadas por um dos artistas mais queridos da Bahia? No Espa\u00e7o Caryb\u00e9 de Artes, isso \u00e9 poss\u00edvel!<\/p>\n<p>O local \u00e9 dedicado ao trabalho do renomado artista argentino naturalizado baiano, Caryb\u00e9. Suas obras s\u00e3o uma homenagem \u00e0 cultura e \u00e0 vida na Bahia, e voc\u00ea encontrar\u00e1 uma cole\u00e7\u00e3o diversificada que inclui pinturas, esculturas e desenhos.<\/p>\n<p>Al\u00e9m das obras do pr\u00f3prio Caryb\u00e9, o espa\u00e7o tamb\u00e9m abriga exposi\u00e7\u00f5es tempor\u00e1rias de outros artistas.<\/p>\n<p><strong>Onde fica?<\/strong><\/p>\n<p>Rua do Forte S\u00e3o Diogo, 209, no bairro do Porto da Barra, em Salvador, o Espa\u00e7o Caryb\u00e9 de Artes \u00e9 um tesouro escondido na cidade.<\/p>\n<p>Que tal pensarmos em mais alguns locais em quem voc\u00eas possam desfrutar de uma boa gastronomia?<\/p>\n<hr \/>\n<p><strong>Rio Vermelho<\/strong>:\u00a0O bairro mais gastron\u00f4mico da cidade, com v\u00e1rios restaurantes e a Pra\u00e7a da Dinha, famosa pelo acaraj\u00e9\u00a0.<\/p>\n<p><strong>Bahia Marina<\/strong>:\u00a0Na avenida do Contorno, um shopping de restaurantes chiques \u00e0 beira-mar.<\/p>\n<p><strong>Gamboa de Baixo<\/strong>:\u00a0Comunidades com bares \u00e0 beira da Ba\u00eda de Todos os Santos, acess\u00edveis por vielas ou barquinho.<\/p>\n<p><strong>Dique do Toror\u00f3<\/strong>:\u00a0Manancial natural com uma lagoa de 110 mil litros de \u00e1gua, gastronomia e op\u00e7\u00f5es de lazer.<\/p>\n<p><strong>Praia Farol da Barra<\/strong>:\u00a0Com v\u00e1rios restaurantes nas proximidades, como a Cafeteria Santa Clara, Acaraj\u00e9 da T\u00e2nia, Boteco Do Farol.<\/p>\n<p>Se voc\u00ea n\u00e3o acompanhou o nosso primeiro \u201ctour\u201d, corre l\u00e1! Tem uma diversidade de passeios e culin\u00e1rias interessantes. E oh! Se tiverem qualquer d\u00favida, entrem em contato com a nossa Comiss\u00e3o de Acolhimento. No veremos logo mais![\/vc_column_text][\/vc_column][\/vc_row]\n<\/div>","protected":false},"excerpt":{"rendered":"<p>[vc_row][vc_column width=&#8221;1\/2&#8243;][vc_column_text css=&#8221;&#8221;]Ol\u00e1! Seja bem-vind@ ao espa\u00e7o da Comiss\u00e3o de acolhimento das nossas Jornadas! Caso queira saber de alguma informa\u00e7\u00e3o que ainda n\u00e3o esteja no site, n\u00e3o hesite em nos contatar! Acesse o \u00edcone do WhatsApp que fica no canto inferior esquerdo da tela e solicite contatar a Comiss\u00e3o de acolhimento. Lembramos que nosso evento&hellip;<\/p>\n","protected":false},"author":1,"featured_media":0,"parent":0,"menu_order":0,"comment_status":"closed","ping_status":"closed","template":"templates\/no-sidebar.php","meta":{"_joinchat":[],"footnotes":""},"class_list":["post-49","page","type-page","status-publish","hentry","entry","no-media"],"_links":{"self":[{"href":"https:\/\/ebpbahia.com.br\/jornadas\/2024\/wp-json\/wp\/v2\/pages\/49","targetHints":{"allow":["GET"]}}],"collection":[{"href":"https:\/\/ebpbahia.com.br\/jornadas\/2024\/wp-json\/wp\/v2\/pages"}],"about":[{"href":"https:\/\/ebpbahia.com.br\/jornadas\/2024\/wp-json\/wp\/v2\/types\/page"}],"author":[{"embeddable":true,"href":"https:\/\/ebpbahia.com.br\/jornadas\/2024\/wp-json\/wp\/v2\/users\/1"}],"replies":[{"embeddable":true,"href":"https:\/\/ebpbahia.com.br\/jornadas\/2024\/wp-json\/wp\/v2\/comments?post=49"}],"version-history":[{"count":13,"href":"https:\/\/ebpbahia.com.br\/jornadas\/2024\/wp-json\/wp\/v2\/pages\/49\/revisions"}],"predecessor-version":[{"id":818,"href":"https:\/\/ebpbahia.com.br\/jornadas\/2024\/wp-json\/wp\/v2\/pages\/49\/revisions\/818"}],"wp:attachment":[{"href":"https:\/\/ebpbahia.com.br\/jornadas\/2024\/wp-json\/wp\/v2\/media?parent=49"}],"curies":[{"name":"wp","href":"https:\/\/api.w.org\/{rel}","templated":true}]}}