{"id":335,"date":"2024-07-31T05:48:01","date_gmt":"2024-07-31T08:48:01","guid":{"rendered":"https:\/\/ebpbahia.com.br\/jornadas\/2024\/?page_id=335"},"modified":"2024-10-17T19:14:51","modified_gmt":"2024-10-17T22:14:51","slug":"gt-3-a-paixao-na-experiencia-analitica-manejos-e-arranjos","status":"publish","type":"page","link":"https:\/\/ebpbahia.com.br\/jornadas\/2024\/a-jornada\/bibliografia\/gt-3-a-paixao-na-experiencia-analitica-manejos-e-arranjos\/","title":{"rendered":"GT 3: A paix\u00e3o na experi\u00eancia anal\u00edtica: manejos e arranjos"},"content":{"rendered":"<div class=\"wpb-content-wrapper\">[vc_row][vc_column][vc_column_text css=&#8221;&#8221;]<strong>Bibliografia:<\/strong><\/p>\n<p>ALVAREZ, Jos\u00e9 Mar\u00eda. La Certeza como Experiencia y como Axioma. Virtualia Digital, n\u00b016, 2007.<\/p>\n<p>BROUSSE, M.H. Modo de gozar en femenino. Buenos Aires: Grama, 2021.<\/p>\n<p>DE GEORGES, Philippe. As Psicoses Ordin\u00e1rias e as Outras sob Transfer\u00eancia. In: Scilicet &#8211; Objeto a. Barcelona: XI Congresso da AMP, 2018.<\/p>\n<p>DICKER, Susana. Objeto a. In: Scilicet &#8211; Semblantes e Sinthoma, VII Congresso da AMP. Paris, 2010.<\/p>\n<p>LACAN, Jacques. A Terceira: Teoria de lal\u00edngua. Rio de Janeiro: Zahar, 2022.<\/p>\n<p>LACAN, Jacques. Semin\u00e1rio, livro 11: os quatro conceitos fundamentais da psican\u00e1lise<strong>. <\/strong>Rio de Janeiro: Zahar, 2008.<\/p>\n<p>LACAN, Jacques. O Semin\u00e1rio, livro 23 \u2013 Sinthoma. Rio de Janeiro: Jorge Zahar, 2007.<\/p>\n<p>LACAN, J. Televis\u00e3o. In: Outros Escritos. Rio de Janeiro: Zahar, 2003.<\/p>\n<p>LACAN, J. S\u00e9minaire 21- Le Non-Dupes Errent. Paris, 2001.<\/p>\n<p>LACAN, Jacques. De uma Quest\u00e3o Preliminar a Todo Tratamento Poss\u00edvel da Psicose.\u00a0 In: Escritos. Rio de Janeiro: Jorge Zahar Editor, 1998.<\/p>\n<p>LACAN, Jacques. O Semin\u00e1rio, livro 3 &#8211; A Psicose. Rio de Janeiro: Jorge Zahar, 1985.<\/p>\n<p>LACAN, Jacques. O semin\u00e1rio, livro 1 \u2013 Os Escritos t\u00e9cnicos de Freud. Rio de Janeiro: Jorge Zahar Editor, 1979.<\/p>\n<p>LAURENT, \u00c9ric. Los objetos de la pasi\u00f3n. Buenos Aires: Tres Haches, 2019.<\/p>\n<p>LAURENT, \u00c9ric. La Interpretaci\u00f3n ordinaria. In: Freudiana, N\u00ba 76: Barcelona, 2016.<\/p>\n<p>LAURENT, \u00c9ric. L\u2019autisme et le traumatisme de la langue. Bureau d\u2019Angeles de l\u2019ECF V\u00e1l de Loire, 2015.<\/p>\n<p>LEGUIL, Clotilde. As Apaixonadas: viagem aos confins da feminilidade. S\u00e3o Paulo: Aller, 2023.<\/p>\n<p>LISPECTOR, Clarice. A paix\u00e3o segundo G.H. Riode Janeiro: Rocco, 2020.<\/p>\n<p>MALEVAL, Jean-Claude. Avasalladora Presencia del objeto <strong><em>a<\/em><\/strong>, In: Coordenadas\u00a0 para La Psicosis Ordinaria. Olivos: Grama Ediciones, 2020.<\/p>\n<p>MALEVAL, Jean-Claude. La diff\u00e9rence autistique. Saint Denis: Universit\u00e9 Paris 8, 2021.<\/p>\n<p>MALEVAL, Jean-Claude. La Emergencia de la Mujer. In:\u00a0 La Forclusi\u00f3n del Nombre del Padre. Bueno Aires: Paid\u00f3s, 2009.<\/p>\n<p>MENARD, A. Le sympt\u00f4me. Champ social: N\u00eemes, 2016.<\/p>\n<p>MILLER, Jacques-Alain. Apresenta\u00e7\u00e3o O Scilicet do Corpo Falante. In Scilicet: O CORPO FALANTE: sobre o inconsciente no s\u00e9culo XXI. Rio de\u00a0Janeiro:\u00a02016.<\/p>\n<p>MILLER, Jacques-Alain. Jacques Lacan e a voz. In: Op\u00e7\u00e3o Lacaniana online. Ano 4, n\u00ba11, julho de 2013.<\/p>\n<p>MILLER, Jacques-Alain. Piezas Sueltas. Buenos Aires: Paid\u00f3s, 2013.<\/p>\n<p>MILLER, J.A. La consist\u00eancia l\u00f3gica de a. In Extimidad. Buenos Aires: Paid\u00f3s, 2010.<\/p>\n<p>MILLER, J.A. Los usos del lapso. Buenos Aires: Paid\u00f3s, 2010.<\/p>\n<p>MILLER, Jacques-Alain. El amor en las psicosis. Buenos Aires: Paid\u00f3s, 2006.<\/p>\n<p>MILLER, Jacques-Alain. Los usos del lapso &#8211; 1\u00aa ed &#8211; Buenos Aires: Paid\u00f3s, 2004.<\/p>\n<p>MILLER, Jacques-Alain. De la Naturaleza de los Semblantes. Buenos Aires: Paid\u00f3s, 2002.<\/p>\n<p>MILLER, Jacques-Alain. La pasi\u00f3n del neur\u00f3tico. In: Los signos del goce. Buenos Aires: Paid\u00f3s, 1999.<\/p>\n<p>NIEVES, Soria. Nudos del Amor. Para una cl\u00ednica de la pareja-s\u00edntoma, 2\u00aa ed. Buenos Aires: Del Bucle, 2018.<\/p>\n<p>SCHEJTMAN, Fabi\u00e1n. Una introducci\u00f3n a los tres registros. In: Psicoan\u00e1lisis y psiquiatr\u00eda: encuentros y desencuentros, Berggasse 19, Buenos Aires, 2002.<\/p>\n<p>PROST, P. Les Neudes de l\u2019amour. \u00c9cole de la Cause freudienne. Paris, 2011.<\/p>\n<p>T\u00c1BOAS, C. G. Um amor menos tonto. Buenos Aires: Grama, 2015.<\/p>\n<p>TEIXEIRA, Ant\u00f4nio e SANTIAGO, J\u00e9sus. Semiologia da percep\u00e7\u00e3o: O Enquadre da Realidade e o que Retorna no Real. In: Psicopatologia Lacaniana. Belo Horizonte: Aut\u00eantica, 2017.[\/vc_column_text][\/vc_column][\/vc_row][vc_row][vc_column][vc_empty_space][vc_empty_space]<a href=\"https:\/\/ebpbahia.com.br\/jornadas\/2024\/a-jornada\/grupos-de-trabalho\/tema-3-enodamentos-e-desenodamentos-de-apaixao-na-experiencia-analitica\/\" class=\"vcex-button theme-button blue inline\"><span class=\"vcex-button-inner theme-button-inner\">Confira mais sobre o tema<span class=\"vcex-button-icon vcex-icon-wrap theme-button-icon-right\"><span class=\"ticon ticon-search-plus\" aria-hidden=\"true\"><\/span><\/span><\/span><\/a> [\/vc_column][\/vc_row]\n<\/div>","protected":false},"excerpt":{"rendered":"<p>[vc_row][vc_column][vc_column_text css=&#8221;&#8221;]Bibliografia: ALVAREZ, Jos\u00e9 Mar\u00eda. La Certeza como Experiencia y como Axioma. Virtualia Digital, n\u00b016, 2007. BROUSSE, M.H. Modo de gozar en femenino. Buenos Aires: Grama, 2021. DE GEORGES, Philippe. As Psicoses Ordin\u00e1rias e as Outras sob Transfer\u00eancia. In: Scilicet &#8211; Objeto a. Barcelona: XI Congresso da AMP, 2018. DICKER, Susana. Objeto a. In: Scilicet&hellip;<\/p>\n","protected":false},"author":1,"featured_media":0,"parent":32,"menu_order":0,"comment_status":"closed","ping_status":"closed","template":"","meta":{"_joinchat":[],"footnotes":""},"class_list":["post-335","page","type-page","status-publish","hentry","entry","no-media"],"_links":{"self":[{"href":"https:\/\/ebpbahia.com.br\/jornadas\/2024\/wp-json\/wp\/v2\/pages\/335","targetHints":{"allow":["GET"]}}],"collection":[{"href":"https:\/\/ebpbahia.com.br\/jornadas\/2024\/wp-json\/wp\/v2\/pages"}],"about":[{"href":"https:\/\/ebpbahia.com.br\/jornadas\/2024\/wp-json\/wp\/v2\/types\/page"}],"author":[{"embeddable":true,"href":"https:\/\/ebpbahia.com.br\/jornadas\/2024\/wp-json\/wp\/v2\/users\/1"}],"replies":[{"embeddable":true,"href":"https:\/\/ebpbahia.com.br\/jornadas\/2024\/wp-json\/wp\/v2\/comments?post=335"}],"version-history":[{"count":4,"href":"https:\/\/ebpbahia.com.br\/jornadas\/2024\/wp-json\/wp\/v2\/pages\/335\/revisions"}],"predecessor-version":[{"id":716,"href":"https:\/\/ebpbahia.com.br\/jornadas\/2024\/wp-json\/wp\/v2\/pages\/335\/revisions\/716"}],"up":[{"embeddable":true,"href":"https:\/\/ebpbahia.com.br\/jornadas\/2024\/wp-json\/wp\/v2\/pages\/32"}],"wp:attachment":[{"href":"https:\/\/ebpbahia.com.br\/jornadas\/2024\/wp-json\/wp\/v2\/media?parent=335"}],"curies":[{"name":"wp","href":"https:\/\/api.w.org\/{rel}","templated":true}]}}