{"id":331,"date":"2024-07-31T05:46:45","date_gmt":"2024-07-31T08:46:45","guid":{"rendered":"https:\/\/ebpbahia.com.br\/jornadas\/2024\/?page_id=331"},"modified":"2024-10-17T19:14:17","modified_gmt":"2024-10-17T22:14:17","slug":"gt-1-apaixao-e-seus-efeitos-na-clinica-das-psicoses","status":"publish","type":"page","link":"https:\/\/ebpbahia.com.br\/jornadas\/2024\/a-jornada\/bibliografia\/gt-1-apaixao-e-seus-efeitos-na-clinica-das-psicoses\/","title":{"rendered":"GT 1: apaix\u00e3o e seus efeitos na Cl\u00ednica das Psicoses"},"content":{"rendered":"<div class=\"wpb-content-wrapper\">[vc_row][vc_column][vc_column_text]<strong>Bibliografia:<\/strong><\/p>\n<p><strong>\u00a0<\/strong>Arenas, Gerardo. <strong>El sinsentido del s<\/strong><strong>\u00edntoma<\/strong>. Grama ediciones, 2023.<\/p>\n<p>Arenas, Gerardo. <strong>Discursexuaci<\/strong><strong>\u00f3<\/strong><strong>n<\/strong>. Laboratorio 2024.<\/p>\n<p>Bassols, M. <strong>O objeto (a)ssexuado<\/strong>. Em: Op\u00e7\u00e3o Lacaniana online nova s\u00e9rie, ano 7. n. 21, 2016.<\/p>\n<p>Brodsky, Graciela. <strong>Pasiones Lacanianas<\/strong>. Grama Ediciones, Buenos Aires, 2019.<\/p>\n<p>Brousse, M. H. <strong>Tra<\/strong><strong>\u00e7os e marcas<\/strong>. Em: Curinga. n. 52. Belo Horizonte :Escola Brasileira de Psican\u00e1lise \u2013 Se\u00e7\u00e3o Minas Gerais, 2021.<\/p>\n<p>Costa, Newton. <strong>L<\/strong><strong>\u00f3gicas n\u00e3<\/strong><strong>o-reflexivas<\/strong>. Cosmos e Contexto n\u00famero 7, Revista Eletr\u00f4nica de Cosmologia e Cultura, junho 2012.<\/p>\n<p>Costa, Newton da. <strong>L<\/strong><strong>\u00f3gica qu\u00e2<\/strong><strong>ntica e n<\/strong><strong>\u00e3o reflexividade<\/strong>. Confer\u00eancia realizada no Simp\u00f3sio do Dispositivo Anal\u00edtico. S\u00e3o Paulo, 2016. In\u00e9dita<\/p>\n<p>Dantas, Luis R. A. Souza. <strong>A l<\/strong><strong>\u00f3gica da sexua\u00e7\u00e3<\/strong><strong>o<\/strong>. Curso 2024.<\/p>\n<p>Dicker, S.; Badari, P.; Caldas, H. <strong>Entre as paix\u00f5es do Outro e do falasser: sobre o \u00eaxtimo e a paix\u00e3<\/strong><strong>o<\/strong>. Em: Op\u00e7\u00e3o Lacaniana Online, n. 21, 2016. enero\/abril 2015. Dispon\u00edvel em: <a href=\"https:\/\/freudiana.com\/revista\/freudiana-no-73\/\">https:\/\/freudiana.com\/revista\/freudiana-no-73\/<\/a><\/p>\n<p>Indart, Juan Carlos. <strong>Tener y ser en los delirios<\/strong>. Dispon\u00edvel em: https:\/\/www.youtube.com\/watch?v=sSknzzREd3g<\/p>\n<p>Koretzky, C. <strong>Paix\u00f5es do ser, paix\u00f5es da alma<\/strong>. Em: Revista Le cause du desir, n. 93, 2016. Dispon\u00edvel em: https:\/\/www.cairn.info\/revue-la-cause-du-desir-2016-2-page-73.html.<\/p>\n<p>Lacan, J. (1953-54). <strong>O semin\u00e1rio, livro 1: Os escritos t\u00e9cnicos de Freud<\/strong>. Rio de Janeiro: Jorge Zahar Ed., 1979.<\/p>\n<p>Lacan, J. (1971-1972). <strong>Os corpos aprisionados pelo discurso<\/strong>. In: J. Lacan. O Semin\u00e1rio, Livro 19 &#8211; \u2026ou pior (p. 226). Rio de Janeiro: Jorge Zahar, 2012.<\/p>\n<p>Lacan, J. (1971\/1972). <strong>O semin\u00e1rio, livro 19 &#8211; &#8230; ou pior<\/strong>. Rio de Janeiro: Jorge Zahar Editor, 2012.<\/p>\n<p>Lacan, J. (1972-1973). <strong>O semin\u00e1rio, livro 20 \u2013 mais, ainda<\/strong>. Rio de Janeiro: Jorge Zahar Editor, 2008.<\/p>\n<p>Lacan, J. (1972-73) <strong>O semin\u00e1rio, livro 20: Mais, ainda<\/strong>. Rio de Janeiro: Jorge Zahar Ed., 1985.<\/p>\n<p>Lacan, J. <strong>Nomina non sunt consequentia rerum<\/strong>. Ornicar? Bulletin P\u00e9riodique du Champ Freudien.<\/p>\n<p>Lacan, J. <strong>O mal-entendido<\/strong>. Op\u00e7\u00e3o Lacaniana. Revista Brasileira Internacional de Psican\u00e1lise. N.72, mar\u00e7o de 2016.<\/p>\n<p>Laurent, E. <strong>As paix\u00f5es do ser<\/strong>. Salvador: Publica\u00e7\u00e3o da Escola Brasileira de Psican\u00e1lise &#8211; Bahia e do Instituto de Psican\u00e1lise da Bahia, 2000.<\/p>\n<p>Laurent, E. <strong>Los objetos de la pasi<\/strong><strong>\u00f3<\/strong><strong>n<\/strong>. Tres Haches: Buenos Aires, 2002.<\/p>\n<p>Laurent, Eric. <strong>O avesso da biopol<\/strong><strong>\u00ed<\/strong><strong>tica<\/strong>. Rio de Janeiro: Contrapa, 2016.<\/p>\n<p>Leguil, C. <strong>Las pasiones del cuerpo en el siglo XXI<\/strong>. Em: Revista Freudiana, n. 73,<\/p>\n<p>Leguil, C. <strong>L<\/strong><strong>\u2019\u00e9<\/strong><strong>v<\/strong><strong>\u00e9<\/strong><strong>nement traumatique. Un lambeau de discours<\/strong>. R\u00e9vue La Cause du D\u00e9sir, n. 100, pgs. 133-138<\/p>\n<p>Leguil, C. <strong>O novo amor, um amor que faz ponto de basta<\/strong>. Em: Correio, Revista da Escola Brasileira de Psican\u00e1lise\/ S\u00e3o Paulo: Escola Brasileira de Psican\u00e1lise, n. 87, abril 2022.<\/p>\n<p>Miller J.-A. <strong>O osso de uma an\u00e1lise + O inconsciente e o corpo falante<\/strong>. Rio de Janeiro: Zahar, 2015, pgs 64 e 65<\/p>\n<p>Miller, J.-A <strong>O inconsciente e o corpo falante<\/strong>. Dispon\u00edvel em: https:\/\/www.wapol.org\/pt\/articulos\/Template.asp?intTipoPagina=4&amp;intPublicacion=13&amp;intEdicion=9&amp;intIdiomaPublicacion=9&amp;intArticulo=2742&amp;intIdiomaArticulo=9<\/p>\n<p>Miller J.-A. <strong>O passe do falasser<\/strong>. Em: Opc\u0327a\u0303o lacaniana: Revista Brasileira Internacional de Psicana\u0301lise. Sa\u0303o Paulo, n.o 58, out. 2010.<\/p>\n<p>Miller, J.- A. <strong>La transferencia negativa<\/strong>. Buenos Aires: Editorial Tres haches, 2000.<\/p>\n<p>Miller, J.-A. <strong>A palavra que fere<\/strong>. Em: Op\u00e7\u00e3o Lacaniana, n. 56\/57, 2010.<\/p>\n<p>Miller, J.-A. <strong>El Otro que no existe y sus comit<\/strong><strong>\u00e9<\/strong><strong>s de <\/strong><strong>\u00e9<\/strong><strong>tica<\/strong>. Buenos Aires: Paid\u00f3s, 2010b.<\/p>\n<p>Miller, J.-A. <strong>Extimidade.<\/strong> Buenos Aires: Paid\u00f3s, 2010a.<\/p>\n<p>Miller, J.-A<strong>. La experiencia de lo real en la cura psicoanal<\/strong><strong>\u00ed<\/strong><strong>tica<\/strong>. Buenos Aires: Paid\u00f3s, 2013, cap. XXI e XXII, 1998-1999.<\/p>\n<p>Miller, J.-A. <strong>O inconsciente e o corpo falante<\/strong>. Em: Scilicet: O corpo falante, sobre o inconsciente no s\u00e9culo XXI. S\u00e3o Paulo: EBP, 2016, p. 19-32.<\/p>\n<p>Miller, Jacques-Alain. <strong>El inconciente y El cuerpo hablante<\/strong>. Presentaci\u00f3n del tema del X Congresso de la AMP en Rio de Janeiro, 2016.A l\u00f3gica da Sexua\u00e7\u00e3o. Curso do primeiro semestre de 2024.<\/p>\n<p>Miller, J.-A. <strong>Uma fantasia<\/strong>. Em: Op\u00e7\u00e3o Lacaniana. n. 42, p. 7-18, fev. S\u00e3o Paulo, 2005<\/p>\n<p>Rossi, Charly. <strong>Hasta donde ir demasiado lejos<\/strong>. Buenos Aires: Tres Haces, 2023.<\/p>\n<p>Vieira, M. A. <strong>O real da paix\u00e3<\/strong><strong>o<\/strong>. Em: Op\u00e7\u00e3o Lacaniana, S\u00e3o Paulo, v. 31, 2001.<\/p>\n<p>Vieira, M.A. <strong>A \u00e9tica da paix\u00e3o: uma teoria psicanal\u00edtica do afeto<\/strong>. Rio de Janeiro, Jorge Zahar, 2001.[\/vc_column_text][\/vc_column][\/vc_row][vc_row][vc_column][vc_empty_space][vc_empty_space]<a href=\"https:\/\/ebpbahia.com.br\/jornadas\/2024\/a-jornada\/grupos-de-trabalho\/tema-1-as-paixoes-na-experiencia-analitica-manejos-e-arranjos\/\" class=\"vcex-button theme-button blue inline\"><span class=\"vcex-button-inner theme-button-inner\">Confira mais sobre o tema<span class=\"vcex-button-icon vcex-icon-wrap theme-button-icon-right\"><span class=\"ticon ticon-search-plus\" aria-hidden=\"true\"><\/span><\/span><\/span><\/a> [\/vc_column][\/vc_row]\n<\/div>","protected":false},"excerpt":{"rendered":"<p>[vc_row][vc_column][vc_column_text]Bibliografia: \u00a0Arenas, Gerardo. El sinsentido del s\u00edntoma. Grama ediciones, 2023. Arenas, Gerardo. Discursexuaci\u00f3n. Laboratorio 2024. Bassols, M. O objeto (a)ssexuado. Em: Op\u00e7\u00e3o Lacaniana online nova s\u00e9rie, ano 7. n. 21, 2016. Brodsky, Graciela. Pasiones Lacanianas. Grama Ediciones, Buenos Aires, 2019. Brousse, M. H. Tra\u00e7os e marcas. Em: Curinga. n. 52. Belo Horizonte :Escola Brasileira de&hellip;<\/p>\n","protected":false},"author":1,"featured_media":0,"parent":32,"menu_order":0,"comment_status":"closed","ping_status":"closed","template":"","meta":{"_joinchat":[],"footnotes":""},"class_list":["post-331","page","type-page","status-publish","hentry","entry","no-media"],"_links":{"self":[{"href":"https:\/\/ebpbahia.com.br\/jornadas\/2024\/wp-json\/wp\/v2\/pages\/331","targetHints":{"allow":["GET"]}}],"collection":[{"href":"https:\/\/ebpbahia.com.br\/jornadas\/2024\/wp-json\/wp\/v2\/pages"}],"about":[{"href":"https:\/\/ebpbahia.com.br\/jornadas\/2024\/wp-json\/wp\/v2\/types\/page"}],"author":[{"embeddable":true,"href":"https:\/\/ebpbahia.com.br\/jornadas\/2024\/wp-json\/wp\/v2\/users\/1"}],"replies":[{"embeddable":true,"href":"https:\/\/ebpbahia.com.br\/jornadas\/2024\/wp-json\/wp\/v2\/comments?post=331"}],"version-history":[{"count":3,"href":"https:\/\/ebpbahia.com.br\/jornadas\/2024\/wp-json\/wp\/v2\/pages\/331\/revisions"}],"predecessor-version":[{"id":715,"href":"https:\/\/ebpbahia.com.br\/jornadas\/2024\/wp-json\/wp\/v2\/pages\/331\/revisions\/715"}],"up":[{"embeddable":true,"href":"https:\/\/ebpbahia.com.br\/jornadas\/2024\/wp-json\/wp\/v2\/pages\/32"}],"wp:attachment":[{"href":"https:\/\/ebpbahia.com.br\/jornadas\/2024\/wp-json\/wp\/v2\/media?parent=331"}],"curies":[{"name":"wp","href":"https:\/\/api.w.org\/{rel}","templated":true}]}}