{"id":30,"date":"2024-04-26T15:48:35","date_gmt":"2024-04-26T18:48:35","guid":{"rendered":"https:\/\/ebpbahia.com.br\/jornadas\/2024\/?page_id=30"},"modified":"2024-10-18T08:13:31","modified_gmt":"2024-10-18T11:13:31","slug":"grupos-de-trabalho-apresentacao","status":"publish","type":"page","link":"https:\/\/ebpbahia.com.br\/jornadas\/2024\/a-jornada\/grupos-de-trabalho-apresentacao\/","title":{"rendered":"Grupos de Trabalho &#8211; Apresenta\u00e7\u00e3o"},"content":{"rendered":"<div class=\"wpb-content-wrapper\">[vc_row][vc_column width=&#8221;2\/3&#8243;][vc_column_text css=&#8221;&#8221;]\n<h3><span style=\"color: #000080;\"><strong>Apresenta<\/strong><strong>\u00e7\u00e3<\/strong><strong>o <\/strong><\/span><\/h3>\n<p>Os textos que voc\u00eas poder\u00e3o ler agora ser\u00e3o o pilar de cada uma das quatro plen\u00e1rias das XVIII Jornadas da Escola Brasileira de Psican\u00e1lise-Se\u00e7\u00e3o Bahia e das XXIV Jornadas do Instituto de Psican\u00e1lise da Bahia. Eles marcam uma inova\u00e7\u00e3o no funcionamento de nossas Jornadas anuais. Pela primeira vez as plen\u00e1rias v\u00e3o apresentar um trabalho desenvolvido por meses, criados em quatro grupos de trabalhos que reuniram mais de 40 pessoas ligadas \u00e0 Escola e ao Instituto. Transfer\u00eancia de trabalho, importante marcar. Ela somente \u00e9 poss\u00edvel quando um grupo n\u00e3o \u00e9 ordenado em torno de uma enuncia\u00e7\u00e3o feita pelo mestre. No caso, os coordenadores n\u00e3o ocuparam essa fun\u00e7\u00e3o, eles foram causadores e catalisadores do modo como cada um dos participantes se deslocou do um de sua enuncia\u00e7\u00e3o subjetiva para o m\u00faltiplo da elabora\u00e7\u00e3o de um texto comum, ou seja partimos do um para o Um. Outra inova\u00e7\u00e3o \u00e9 que cada GT foi instado a convidar um \u00eaxtimo, um colega da Associa\u00e7\u00e3o Mundial de Psican\u00e1lise de outra Escola, para aportar um dizer fora do grupo. O resultado \u00e9 esse potente conjunto te\u00f3rico sobre as Paix\u00f5es do Falasser com mais de sessenta p\u00e1ginas. Os quatro textos n\u00e3o ser\u00e3o lidos, apenas breves pontua\u00e7\u00f5es que possam abrir os debates de cada plen\u00e1ria. Contamos com sua participa\u00e7\u00e3o, leitor, para animar esse debate. Ele ser\u00e1 tanto mais rico quanto maior for o n\u00famero de inscritos que previamente possam ler os textos, nos ajudando a decantar os mist\u00e9rios e os semblantes que animam as paix\u00f5es. Boa leitura!<\/p>\n<h5>Marcelo Veras AME (EBP\/AMP)<br \/>\nCoordenador da Comiss\u00e3o Cient\u00edfica<\/h5>\n[\/vc_column_text][\/vc_column][vc_column width=&#8221;1\/3&#8243;][vc_empty_space height=&#8221;80px&#8221;][vc_single_image image=&#8221;670&#8243; css=&#8221;&#8221;][vc_empty_space]<div class=\"theme-button-wrap textcenter wpex-clr\"><a href=\"https:\/\/ebpbahia.com.br\/jornadas\/2024\/wp-content\/uploads\/2024\/10\/Relatorios-GTs.pdf\" class=\"vcex-button theme-button align-center inline\"><span class=\"vcex-button-inner theme-button-inner\">Baixar PDF<\/span><\/a><\/div> [\/vc_column][\/vc_row][vc_row][vc_column][vc_empty_space]<div class=\"vcex-module vcex-divider vcex-divider-solid vcex-divider-center wpex-mx-auto wpex-block wpex-h-0 wpex-border-b wpex-border-solid wpex-border-main\" style=\"border-bottom-width:2px;border-color:var(--wpex-accent);\"><\/div>[vc_empty_space][\/vc_column][\/vc_row][vc_row full_width=&#8221;stretch_row&#8221; css=&#8221;.vc_custom_1729241846024{background-color: #eaeaea !important;}&#8221;][vc_column][vc_empty_space][vc_column_text css=&#8221;&#8221;]\n<p style=\"text-align: center;\"><span style=\"color: #000080;\">Clique no bot\u00e3o para baixar os relat\u00f3rios separados<\/span><\/p>\n[\/vc_column_text][vc_empty_space][vc_row_inner][vc_column_inner width=&#8221;1\/4&#8243;][vc_single_image image=&#8221;675&#8243; alignment=&#8221;center&#8221; css=&#8221;&#8221;][vc_empty_space]<div class=\"theme-button-wrap textcenter wpex-clr\"><a href=\"https:\/\/ebpbahia.com.br\/jornadas\/2024\/wp-content\/uploads\/2024\/10\/GT-001.pdf\" class=\"vcex-button theme-button align-center inline\"><span class=\"vcex-button-inner theme-button-inner\">Download PDF<span class=\"vcex-button-icon vcex-icon-wrap theme-button-icon-right\"><span class=\"ticon ticon-file-pdf-o\" aria-hidden=\"true\"><\/span><\/span><\/span><\/a><\/div> [\/vc_column_inner][vc_column_inner width=&#8221;1\/4&#8243;][vc_single_image image=&#8221;674&#8243; alignment=&#8221;center&#8221; css=&#8221;&#8221;][vc_empty_space]<div class=\"theme-button-wrap textcenter wpex-clr\"><a href=\"https:\/\/ebpbahia.com.br\/jornadas\/2024\/wp-content\/uploads\/2024\/10\/GT-002.pdf\" class=\"vcex-button theme-button align-center inline\"><span class=\"vcex-button-inner theme-button-inner\">Download PDF<span class=\"vcex-button-icon vcex-icon-wrap theme-button-icon-right\"><span class=\"ticon ticon-file-pdf-o\" aria-hidden=\"true\"><\/span><\/span><\/span><\/a><\/div> [\/vc_column_inner][vc_column_inner width=&#8221;1\/4&#8243;][vc_single_image image=&#8221;673&#8243; alignment=&#8221;center&#8221; css=&#8221;&#8221;][vc_empty_space]<div class=\"theme-button-wrap textcenter wpex-clr\"><a href=\"https:\/\/ebpbahia.com.br\/jornadas\/2024\/wp-content\/uploads\/2024\/10\/GT-003.pdf\" class=\"vcex-button theme-button align-center inline\"><span class=\"vcex-button-inner theme-button-inner\">Download PDF<span class=\"vcex-button-icon vcex-icon-wrap theme-button-icon-right\"><span class=\"ticon ticon-file-pdf-o\" aria-hidden=\"true\"><\/span><\/span><\/span><\/a><\/div> [\/vc_column_inner][vc_column_inner width=&#8221;1\/4&#8243;][vc_single_image image=&#8221;672&#8243; alignment=&#8221;center&#8221; css=&#8221;&#8221;][vc_empty_space]<div class=\"theme-button-wrap textcenter wpex-clr\"><a href=\"https:\/\/ebpbahia.com.br\/jornadas\/2024\/wp-content\/uploads\/2024\/10\/GT-004.pdf\" class=\"vcex-button theme-button align-center inline\"><span class=\"vcex-button-inner theme-button-inner\">Download PDF<span class=\"vcex-button-icon vcex-icon-wrap theme-button-icon-right\"><span class=\"ticon ticon-file-pdf-o\" aria-hidden=\"true\"><\/span><\/span><\/span><\/a><\/div> [\/vc_column_inner][\/vc_row_inner][\/vc_column][\/vc_row]\n<\/div>","protected":false},"excerpt":{"rendered":"<p>[vc_row][vc_column width=&#8221;2\/3&#8243;][vc_column_text css=&#8221;&#8221;] Apresenta\u00e7\u00e3o Os textos que voc\u00eas poder\u00e3o ler agora ser\u00e3o o pilar de cada uma das quatro plen\u00e1rias das XVIII Jornadas da Escola Brasileira de Psican\u00e1lise-Se\u00e7\u00e3o Bahia e das XXIV Jornadas do Instituto de Psican\u00e1lise da Bahia. Eles marcam uma inova\u00e7\u00e3o no funcionamento de nossas Jornadas anuais. Pela primeira vez as plen\u00e1rias v\u00e3o&hellip;<\/p>\n","protected":false},"author":1,"featured_media":0,"parent":23,"menu_order":0,"comment_status":"closed","ping_status":"closed","template":"templates\/no-sidebar.php","meta":{"_joinchat":[],"footnotes":""},"class_list":["post-30","page","type-page","status-publish","hentry","entry","no-media"],"_links":{"self":[{"href":"https:\/\/ebpbahia.com.br\/jornadas\/2024\/wp-json\/wp\/v2\/pages\/30","targetHints":{"allow":["GET"]}}],"collection":[{"href":"https:\/\/ebpbahia.com.br\/jornadas\/2024\/wp-json\/wp\/v2\/pages"}],"about":[{"href":"https:\/\/ebpbahia.com.br\/jornadas\/2024\/wp-json\/wp\/v2\/types\/page"}],"author":[{"embeddable":true,"href":"https:\/\/ebpbahia.com.br\/jornadas\/2024\/wp-json\/wp\/v2\/users\/1"}],"replies":[{"embeddable":true,"href":"https:\/\/ebpbahia.com.br\/jornadas\/2024\/wp-json\/wp\/v2\/comments?post=30"}],"version-history":[{"count":19,"href":"https:\/\/ebpbahia.com.br\/jornadas\/2024\/wp-json\/wp\/v2\/pages\/30\/revisions"}],"predecessor-version":[{"id":736,"href":"https:\/\/ebpbahia.com.br\/jornadas\/2024\/wp-json\/wp\/v2\/pages\/30\/revisions\/736"}],"up":[{"embeddable":true,"href":"https:\/\/ebpbahia.com.br\/jornadas\/2024\/wp-json\/wp\/v2\/pages\/23"}],"wp:attachment":[{"href":"https:\/\/ebpbahia.com.br\/jornadas\/2024\/wp-json\/wp\/v2\/media?parent=30"}],"curies":[{"name":"wp","href":"https:\/\/api.w.org\/{rel}","templated":true}]}}