{"id":130,"date":"2024-05-08T07:05:05","date_gmt":"2024-05-08T10:05:05","guid":{"rendered":"https:\/\/ebpbahia.com.br\/jornadas\/2024\/?page_id=130"},"modified":"2024-10-31T08:58:39","modified_gmt":"2024-10-31T11:58:39","slug":"videos","status":"publish","type":"page","link":"https:\/\/ebpbahia.com.br\/jornadas\/2024\/videos\/","title":{"rendered":"V\u00eddeos"},"content":{"rendered":"<div class=\"wpb-content-wrapper\">[vc_row][vc_column width=&#8221;1\/2&#8243;][vc_video link=&#8221;https:\/\/youtu.be\/ad4PIMO5Ok8&#8243; css=&#8221;&#8221; title=&#8221;ENCERRAMENTO&#8221;][\/vc_column][vc_column width=&#8221;1\/2&#8243;][vc_video link=&#8221;https:\/\/youtu.be\/78rZkXJqrTw&#8221; css=&#8221;&#8221; title=&#8221;Uma conversa com Patr\u00edcia Melo&#8221;][\/vc_column][\/vc_row][vc_row][vc_column][vc_empty_space]<div class=\"vcex-module vcex-divider vcex-divider-solid vcex-divider-center wpex-mx-auto wpex-block wpex-h-0 wpex-border-b wpex-border-solid wpex-border-main\" style=\"border-color:currentColor;\"><\/div>[vc_empty_space][\/vc_column][\/vc_row][vc_row][vc_column width=&#8221;1\/2&#8243;][vc_video link=&#8221;https:\/\/youtu.be\/QLVQyndUiIc&#8221; css=&#8221;&#8221; title=&#8221;Revista AGENTE 21&#8243;][\/vc_column][vc_column width=&#8221;1\/2&#8243;][vc_video link=&#8221;https:\/\/youtu.be\/5ntpJojXKnw&#8221; css=&#8221;&#8221; title=&#8221;\u00c9ric Laurent &#8211; Paix\u00f5es do Parl\u00eatre&#8221;][\/vc_column][\/vc_row][vc_row][vc_column][vc_empty_space][\/vc_column][\/vc_row][vc_row][vc_column width=&#8221;1\/2&#8243;][vc_video link=&#8221;https:\/\/youtu.be\/CRP6lKXVY_I&#8221; css=&#8221;&#8221; title=&#8221;LAPSUS&#8221;][\/vc_column][vc_column width=&#8221;1\/2&#8243;][vc_video link=&#8221;https:\/\/youtu.be\/dt3HrpM_PFw&#8221; css=&#8221;&#8221; title=&#8221;MANCHA DE DEND\u00ca N\u00c3O SAI!&#8221;][\/vc_column][\/vc_row][vc_row][vc_column][vc_empty_space][\/vc_column][\/vc_row][vc_row][vc_column width=&#8221;1\/2&#8243;][vc_video link=&#8221;https:\/\/youtu.be\/Z4Y4C4vdxeE&#8221; css=&#8221;&#8221; title=&#8221;BOLETIM 005 &#8211; FUROS -A paix\u00e3o de Buba&#8221;][\/vc_column][vc_column width=&#8221;1\/2&#8243;][vc_video link=&#8221;https:\/\/youtu.be\/XGUvMKbcCkg&#8221; css=&#8221;&#8221; title=&#8221;Boletim 005 &#8211; Iordan Gurgel&#8221;][\/vc_column][\/vc_row][vc_row][vc_column][vc_empty_space][\/vc_column][\/vc_row][vc_row][vc_column width=&#8221;1\/2&#8243;][vc_video link=&#8221;https:\/\/youtu.be\/Ws7fTSCjPHM&#8221; css=&#8221;&#8221; title=&#8221;BOLETIM 004 &#8211; FUROS &#8211; a Paix\u00e3o de Ciaccia&#8221;][\/vc_column][vc_column width=&#8221;1\/2&#8243;][vc_video link=&#8221;https:\/\/youtu.be\/OeHvr9GjtUs&#8221; css=&#8221;&#8221; title=&#8221;Boletim 004 &#8211; Gerardo Arenas&#8221;][\/vc_column][\/vc_row][vc_row][vc_column][vc_empty_space][\/vc_column][\/vc_row][vc_row][vc_column width=&#8221;1\/2&#8243;][vc_video link=&#8221;https:\/\/youtu.be\/_cmVO3mQ-PI&#8221; css=&#8221;&#8221; title=&#8221;BOLETIM 003 &#8211; FUROS &#8211; O mau humor de Abujamra&#8221;][\/vc_column][vc_column width=&#8221;1\/2&#8243;][vc_video link=&#8221;https:\/\/youtu.be\/nDi9eRA2V74&#8243; css=&#8221;&#8221; title=&#8221;Boletim 003 &#8211; Luiz Fernando Carrijo&#8221;][\/vc_column][\/vc_row][vc_row][vc_column][vc_empty_space][\/vc_column][\/vc_row][vc_row][vc_column width=&#8221;1\/2&#8243;][vc_video link=&#8221;https:\/\/youtu.be\/Zp5LmzymYgg&#8221; css=&#8221;&#8221; title=&#8221;BOLETIM 002 &#8211; FUROS &#8211; Ney Matogrosso&#8221;][\/vc_column][vc_column width=&#8221;1\/2&#8243;][vc_video link=&#8221;https:\/\/youtu.be\/xzOd_N2qYbg&#8221; css=&#8221;&#8221; title=&#8221;Boletim 002 &#8211; Entrevista R\u00f4mulo&#8221;][\/vc_column][\/vc_row][vc_row][vc_column][vc_empty_space][\/vc_column][\/vc_row][vc_row][vc_column width=&#8221;1\/2&#8243;][vc_video link=&#8221;https:\/\/youtu.be\/k7rSwZ_Hid0&#8243; css=&#8221;&#8221; title=&#8221;BOLETIM 002 &#8211; A Paix\u00e3o do Papa&#8221;][\/vc_column][vc_column width=&#8221;1\/2&#8243;][vc_video link=&#8221;https:\/\/youtu.be\/CXaKMTzhGA4&#8243; css=&#8221;&#8221; title=&#8221;BOLETIM 001 &#8211; FUROS&#8221;][\/vc_column][\/vc_row][vc_row][vc_column][vc_empty_space][\/vc_column][\/vc_row][vc_row][vc_column width=&#8221;1\/2&#8243;][vc_video link=&#8221;https:\/\/youtu.be\/RD2GqoWADSw&#8221; css=&#8221;&#8221; title=&#8221;BOLETIM 001 Entrevista Patr\u00edcia&#8221;][\/vc_column][vc_column width=&#8221;1\/2&#8243;][vc_video link=&#8221;https:\/\/youtu.be\/oTwu1tvfuK4&#8243; css=&#8221;&#8221; title=&#8221;BOLETIM PH\u00c1TOS&#8221;][\/vc_column][\/vc_row][vc_row][vc_column][vc_empty_space][\/vc_column][\/vc_row][vc_row][vc_column width=&#8221;1\/2&#8243;][vc_video link=&#8221;https:\/\/youtu.be\/xF9X5tTjfek&#8221; css=&#8221;&#8221; title=&#8221;Lan\u00e7amento das Jornadas&#8221;][\/vc_column][vc_column width=&#8221;1\/2&#8243;][\/vc_column][\/vc_row]\n<\/div>","protected":false},"excerpt":{"rendered":"<p>[vc_row][vc_column width=&#8221;1\/2&#8243;][vc_video link=&#8221;https:\/\/youtu.be\/ad4PIMO5Ok8&#8243; css=&#8221;&#8221; title=&#8221;ENCERRAMENTO&#8221;][\/vc_column][vc_column width=&#8221;1\/2&#8243;][vc_video link=&#8221;https:\/\/youtu.be\/78rZkXJqrTw&#8221; css=&#8221;&#8221; title=&#8221;Uma conversa com Patr\u00edcia Melo&#8221;][\/vc_column][\/vc_row][vc_row][vc_column][vc_empty_space][vc_empty_space][\/vc_column][\/vc_row][vc_row][vc_column width=&#8221;1\/2&#8243;][vc_video link=&#8221;https:\/\/youtu.be\/QLVQyndUiIc&#8221; css=&#8221;&#8221; title=&#8221;Revista AGENTE 21&#8243;][\/vc_column][vc_column width=&#8221;1\/2&#8243;][vc_video link=&#8221;https:\/\/youtu.be\/5ntpJojXKnw&#8221; css=&#8221;&#8221; title=&#8221;\u00c9ric Laurent &#8211; Paix\u00f5es do Parl\u00eatre&#8221;][\/vc_column][\/vc_row][vc_row][vc_column][vc_empty_space][\/vc_column][\/vc_row][vc_row][vc_column width=&#8221;1\/2&#8243;][vc_video link=&#8221;https:\/\/youtu.be\/CRP6lKXVY_I&#8221; css=&#8221;&#8221; title=&#8221;LAPSUS&#8221;][\/vc_column][vc_column width=&#8221;1\/2&#8243;][vc_video link=&#8221;https:\/\/youtu.be\/dt3HrpM_PFw&#8221; css=&#8221;&#8221; title=&#8221;MANCHA DE DEND\u00ca N\u00c3O SAI!&#8221;][\/vc_column][\/vc_row][vc_row][vc_column][vc_empty_space][\/vc_column][\/vc_row][vc_row][vc_column width=&#8221;1\/2&#8243;][vc_video link=&#8221;https:\/\/youtu.be\/Z4Y4C4vdxeE&#8221; css=&#8221;&#8221; title=&#8221;BOLETIM 005 &#8211; FUROS -A paix\u00e3o de Buba&#8221;][\/vc_column][vc_column width=&#8221;1\/2&#8243;][vc_video link=&#8221;https:\/\/youtu.be\/XGUvMKbcCkg&#8221; css=&#8221;&#8221; title=&#8221;Boletim&hellip;<\/p>\n","protected":false},"author":1,"featured_media":0,"parent":0,"menu_order":0,"comment_status":"closed","ping_status":"closed","template":"templates\/no-sidebar.php","meta":{"_joinchat":[],"footnotes":""},"class_list":["post-130","page","type-page","status-publish","hentry","entry","no-media"],"_links":{"self":[{"href":"https:\/\/ebpbahia.com.br\/jornadas\/2024\/wp-json\/wp\/v2\/pages\/130","targetHints":{"allow":["GET"]}}],"collection":[{"href":"https:\/\/ebpbahia.com.br\/jornadas\/2024\/wp-json\/wp\/v2\/pages"}],"about":[{"href":"https:\/\/ebpbahia.com.br\/jornadas\/2024\/wp-json\/wp\/v2\/types\/page"}],"author":[{"embeddable":true,"href":"https:\/\/ebpbahia.com.br\/jornadas\/2024\/wp-json\/wp\/v2\/users\/1"}],"replies":[{"embeddable":true,"href":"https:\/\/ebpbahia.com.br\/jornadas\/2024\/wp-json\/wp\/v2\/comments?post=130"}],"version-history":[{"count":18,"href":"https:\/\/ebpbahia.com.br\/jornadas\/2024\/wp-json\/wp\/v2\/pages\/130\/revisions"}],"predecessor-version":[{"id":1005,"href":"https:\/\/ebpbahia.com.br\/jornadas\/2024\/wp-json\/wp\/v2\/pages\/130\/revisions\/1005"}],"wp:attachment":[{"href":"https:\/\/ebpbahia.com.br\/jornadas\/2024\/wp-json\/wp\/v2\/media?parent=130"}],"curies":[{"name":"wp","href":"https:\/\/api.w.org\/{rel}","templated":true}]}}