{"id":124,"date":"2024-05-08T06:51:22","date_gmt":"2024-05-08T09:51:22","guid":{"rendered":"https:\/\/ebpbahia.com.br\/jornadas\/2024\/?page_id=124"},"modified":"2024-05-08T06:51:22","modified_gmt":"2024-05-08T09:51:22","slug":"apresentacao","status":"publish","type":"page","link":"https:\/\/ebpbahia.com.br\/jornadas\/2024\/a-jornada\/apresentacao\/","title":{"rendered":"Apresenta\u00e7\u00e3o"},"content":{"rendered":"<div class=\"wpb-content-wrapper\">[vc_row][vc_column][vc_column_text css=&#8221;&#8221;]\n<h6><span style=\"font-weight: 400;\">Iordan Gurgel<\/span><\/h6>\n<blockquote><p><i><span style=\"font-weight: 400;\">\u201c<\/span><\/i><span style=\"font-weight: 400;\">O segredo \u00e9 n\u00e3o correr atr\u00e1s das borboletas&#8230;<br \/>\n<\/span><span style=\"font-weight: 400;\">\u00c9 cuidar do jardim para que elas venham at\u00e9 voc\u00ea<\/span><i><span style=\"font-weight: 400;\">\u201d.<br \/>\n<\/span><\/i><span style=\"font-weight: 400;\">M\u00e1rio Quintana<\/span><\/p><\/blockquote>\n<p><span style=\"font-weight: 400;\">A Escola, antes de ser um sujeito de direito, adv\u00e9m sob a forma de desejo, que se expressa como <\/span><i><span style=\"font-weight: 400;\">acontecimentos de Escola<\/span><\/i><span style=\"font-weight: 400;\">. As Jornadas s\u00e3o da ordem destes acontecimentos. <\/span><span style=\"font-weight: 400;\">S\u00e3o espa\u00e7os institucionais onde os psicanalistas s\u00e3o convocados a apresentar, formalizar e discutir os efeitos de sua experi\u00eancia com a psican\u00e1lise \u2013 s\u00e3o eventos de pesquisa e transmiss\u00e3o.\u00a0<\/span><\/p>\n<p><span style=\"font-weight: 400;\">Se, por um lado, \u201c<\/span><i><span style=\"font-weight: 400;\">a experi\u00eancia anal\u00edtica \u00e9 uma experi\u00eancia coletiva de dois<\/span><\/i><span style=\"font-weight: 400;\">\u201d, a <\/span><i><span style=\"font-weight: 400;\">Escola<\/span><\/i><span style=\"font-weight: 400;\"> \u2013\u00a0 e aqui nos referimos a Escola Brasileira de Psican\u00e1lise e, por extens\u00e3o, ao Instituto de Psican\u00e1lise da Bahia \u2013\u00a0 obedece a uma \u201c<\/span><i><span style=\"font-weight: 400;\">l\u00f3gica coletiva<\/span><\/i><span style=\"font-weight: 400;\">\u201d;\u00a0 o que quer dizer, seguindo Freud e Lacan, que\u00a0 \u2013\u00a0 \u201c<\/span><i><span style=\"font-weight: 400;\">o coletivo n\u00e3o \u00e9 nada sen\u00e3o o sujeito do individual<\/span><\/i><span style=\"font-weight: 400;\">\u201d<\/span><span style=\"font-weight: 400;\">. Mas, tamb\u00e9m, quer dizer que a psican\u00e1lise n\u00e3o est\u00e1 confinada ao consult\u00f3rio do psicanalista.\u00a0<\/span><\/p>\n<p><span style=\"font-weight: 400;\">Conceber as nossas jornadas como acontecimento de <\/span><i><span style=\"font-weight: 400;\">Escola<\/span><\/i><span style=\"font-weight: 400;\"> contempla esta proposi\u00e7\u00e3o: o analista est\u00e1 s\u00f3, mas, com \u201c<\/span><i><span style=\"font-weight: 400;\">o p\u00e9 no Outro<\/span><\/i><span style=\"font-weight: 400;\">\u201d. E, \u00e9 neste vi\u00e9s, que propomos colocar a c\u00e9u aberto o produto de nossas pesquisas, nossas reflex\u00f5es sobre o discurso anal\u00edtico e suas consequ\u00eancias e indagar sobre a rela\u00e7\u00e3o do analista com sua \u00e9poca e seus efeitos no coletivo social. \u00c9 mostrar a cara da psican\u00e1lise lacaniana \u00e0 cidade.<\/span><\/p>\n<p><span style=\"font-weight: 400;\">A no\u00e7\u00e3o espacial-geogr\u00e1fica que localiza a pr\u00e1tica anal\u00edtica obedece a uma opera\u00e7\u00e3o aparentemente simples: atr\u00e1s do div\u00e3 est\u00e1 o psicanalista, sobre o div\u00e3 temos o analisando, mas sob o div\u00e3 est\u00e1 a rua, a cidade, onde tudo acontece.<\/span> <span style=\"font-weight: 400;\">A psican\u00e1lise na cidade, quer dizer, os psicanalistas na cidade e temos que tom\u00e1-la ao p\u00e9 da letra. Na cidade \u00e9 onde est\u00e3o as pessoas, onde circula o desejo; \u00e9 um espa\u00e7o cl\u00ednico onde acontece a vida do sujeito, seu sintoma, a hist\u00f3ria que ele narra no div\u00e3 e \u00e9 onde se abriga e se difundem os ideais humanos e as exig\u00eancias f\u00e1licas da ordem social: trabalho, compet\u00eancia, dinheiro, sucesso, etc,\u00a0 que a psican\u00e1lise p\u00f5e em quest\u00e3o. E, \u00e9 nesta cidade de Salvador, onde h\u00e1 30 anos realizamos \u00e0s nossas Jornadas, com temas que dizem respeito \u00e0 pr\u00e1tica anal\u00edtica e que, acreditamos, interessaram e podem continuar interessando \u00e0 comunidade daqueles transferidos com a causa anal\u00edtica.<\/span><\/p>\n<p><span style=\"font-weight: 400;\">Mas, os bons resultados alcan\u00e7ados no curso destes 30 anos em que fazemos <\/span><i><span style=\"font-weight: 400;\">Jornadas<\/span><\/i><span style=\"font-weight: 400;\">, n\u00e3o devem ser tratados simplesmente como motivo de j\u00fabilo. Lembremos Freud (nos<\/span> <span style=\"font-weight: 400;\">10 anos de funcionamento do<\/span> <span style=\"font-weight: 400;\">Instituto Psicanal\u00edtico de Berlim<\/span><i><span style=\"font-weight: 400;\">)<\/span><\/i><span style=\"font-weight: 400;\">, quando disse: <\/span><i><span style=\"font-weight: 400;\">&#8230;\u201c<\/span><\/i><span style=\"font-weight: 400;\">os resultados positivos n\u00e3o constituem motivo nem para se vangloriar nem para se envergonhar\u201d; e agregou: \u2026 \u201c\u00e9 muito melhor recorrer \u00e0 pr\u00f3pria experi\u00eancia individual\u201d. Vamos ent\u00e3o recorrer \u00e0 experi\u00eancia de cada um de voc\u00eas para contribu\u00edrem com trabalhos, com suas presen\u00e7as e, sobretudo, com suas reflex\u00f5es para ati\u00e7ar o fogo <\/span><i><span style=\"font-weight: 400;\">d\u2019As paix\u00f5es do falasser<\/span><\/i><span style=\"font-weight: 400;\">.\u00a0<\/span><\/p>\n<p><span style=\"font-weight: 400;\">E assim, conceber as nossas Jornadas como peda\u00e7os do nosso jardim, que devemos bem cuid\u00e1-lo para florescer!<\/span><\/p>\n<p><span style=\"font-weight: 400;\">Salvador, 05\/05\/2024<\/span>[\/vc_column_text][\/vc_column][\/vc_row]\n<\/div>","protected":false},"excerpt":{"rendered":"<p>[vc_row][vc_column][vc_column_text css=&#8221;&#8221;] Iordan Gurgel \u201cO segredo \u00e9 n\u00e3o correr atr\u00e1s das borboletas&#8230; \u00c9 cuidar do jardim para que elas venham at\u00e9 voc\u00ea\u201d. M\u00e1rio Quintana A Escola, antes de ser um sujeito de direito, adv\u00e9m sob a forma de desejo, que se expressa como acontecimentos de Escola. As Jornadas s\u00e3o da ordem destes acontecimentos. S\u00e3o espa\u00e7os&hellip;<\/p>\n","protected":false},"author":1,"featured_media":0,"parent":23,"menu_order":0,"comment_status":"closed","ping_status":"closed","template":"templates\/no-sidebar.php","meta":{"_joinchat":[],"footnotes":""},"class_list":["post-124","page","type-page","status-publish","hentry","entry","no-media"],"_links":{"self":[{"href":"https:\/\/ebpbahia.com.br\/jornadas\/2024\/wp-json\/wp\/v2\/pages\/124","targetHints":{"allow":["GET"]}}],"collection":[{"href":"https:\/\/ebpbahia.com.br\/jornadas\/2024\/wp-json\/wp\/v2\/pages"}],"about":[{"href":"https:\/\/ebpbahia.com.br\/jornadas\/2024\/wp-json\/wp\/v2\/types\/page"}],"author":[{"embeddable":true,"href":"https:\/\/ebpbahia.com.br\/jornadas\/2024\/wp-json\/wp\/v2\/users\/1"}],"replies":[{"embeddable":true,"href":"https:\/\/ebpbahia.com.br\/jornadas\/2024\/wp-json\/wp\/v2\/comments?post=124"}],"version-history":[{"count":1,"href":"https:\/\/ebpbahia.com.br\/jornadas\/2024\/wp-json\/wp\/v2\/pages\/124\/revisions"}],"predecessor-version":[{"id":125,"href":"https:\/\/ebpbahia.com.br\/jornadas\/2024\/wp-json\/wp\/v2\/pages\/124\/revisions\/125"}],"up":[{"embeddable":true,"href":"https:\/\/ebpbahia.com.br\/jornadas\/2024\/wp-json\/wp\/v2\/pages\/23"}],"wp:attachment":[{"href":"https:\/\/ebpbahia.com.br\/jornadas\/2024\/wp-json\/wp\/v2\/media?parent=124"}],"curies":[{"name":"wp","href":"https:\/\/api.w.org\/{rel}","templated":true}]}}