{"id":4,"date":"2017-11-13T07:35:09","date_gmt":"2017-11-13T07:35:09","guid":{"rendered":"https:\/\/norebro.clbthemes.com\/demo-uploads\/about-corporate\/?page_id=4"},"modified":"2022-06-11T13:44:52","modified_gmt":"2022-06-11T16:44:52","slug":"about-corporate","status":"publish","type":"page","link":"https:\/\/ebpbahia.com.br\/jornadas\/2022\/","title":{"rendered":"HOME"},"content":{"rendered":"[vc_row][vc_column]\n\t\t\t<!-- START Slider 1 REVOLUTION SLIDER 6.5.20 --><p class=\"rs-p-wp-fix\"><\/p>\n\t\t\t<rs-module-wrap id=\"rev_slider_1_1_wrapper\" data-source=\"gallery\" style=\"visibility:hidden;background:transparent;padding:0;margin:0px auto;margin-top:0;margin-bottom:0;\">\n\t\t\t\t<rs-module id=\"rev_slider_1_1\" style=\"\" data-version=\"6.5.20\">\n\t\t\t\t\t<rs-slides>\n\t\t\t\t\t\t<rs-slide style=\"position: absolute;\" data-key=\"rs-1\" data-title=\"Slide\" data-anim=\"d:20;ms:1300;f:slidebased;\" data-in=\"o:0;x:ran(-20|20);y:ran(-20|20);r:120;sx:10;sy:10;e:expo.inOut;row:5;col:5;\" data-out=\"a:false;\">\n\t\t\t\t\t\t\t<img src=\"\/\/ebpbahia.com.br\/jornadas\/2022\/wp-content\/plugins\/slider-revolution\/public\/assets\/assets\/dummy.png\" alt=\"\" title=\"banner_bg\" width=\"1240\" height=\"600\" class=\"rev-slidebg tp-rs-img rs-lazyload\" data-lazyload=\"\/\/ebpbahia.com.br\/jornadas\/2022\/wp-content\/uploads\/2022\/04\/banner_bg.png\" data-no-retina>\n<!--\n\t\t\t\t\t\t\t--><rs-layer\n\t\t\t\t\t\t\t\tid=\"slider-1-slide-1-layer-0\" \n\t\t\t\t\t\t\t\tdata-type=\"image\"\n\t\t\t\t\t\t\t\tdata-rsp_ch=\"on\"\n\t\t\t\t\t\t\t\tdata-xy=\"x:-45px;y:c;yo:40px;\"\n\t\t\t\t\t\t\t\tdata-text=\"w:normal;\"\n\t\t\t\t\t\t\t\tdata-dim=\"w:759px;h:491px;\"\n\t\t\t\t\t\t\t\tdata-frame_0=\"x:right;\"\n\t\t\t\t\t\t\t\tdata-frame_1=\"st:840;sp:1000;sR:840;\"\n\t\t\t\t\t\t\t\tdata-frame_999=\"o:0;st:w;sR:7160;\"\n\t\t\t\t\t\t\t\tstyle=\"z-index:5;\"\n\t\t\t\t\t\t\t><img src=\"\/\/ebpbahia.com.br\/jornadas\/2022\/wp-content\/plugins\/slider-revolution\/public\/assets\/assets\/dummy.png\" alt=\"\" class=\"tp-rs-img rs-lazyload\" width=\"759\" height=\"491\" data-lazyload=\"\/\/ebpbahia.com.br\/jornadas\/2022\/wp-content\/uploads\/2022\/04\/banner_mao.png\" data-no-retina> \n\t\t\t\t\t\t\t<\/rs-layer><!--\n\n\t\t\t\t\t\t\t--><rs-layer\n\t\t\t\t\t\t\t\tid=\"slider-1-slide-1-layer-1\" \n\t\t\t\t\t\t\t\tdata-type=\"image\"\n\t\t\t\t\t\t\t\tdata-rsp_ch=\"on\"\n\t\t\t\t\t\t\t\tdata-xy=\"x:r;y:186px;\"\n\t\t\t\t\t\t\t\tdata-text=\"w:normal;\"\n\t\t\t\t\t\t\t\tdata-dim=\"w:598px;h:19px;\"\n\t\t\t\t\t\t\t\tdata-frame_0=\"y:top;\"\n\t\t\t\t\t\t\t\tdata-frame_1=\"st:1280;sp:1000;sR:1280;\"\n\t\t\t\t\t\t\t\tdata-frame_999=\"o:0;st:w;sR:6720;\"\n\t\t\t\t\t\t\t\tstyle=\"z-index:6;\"\n\t\t\t\t\t\t\t><img src=\"\/\/ebpbahia.com.br\/jornadas\/2022\/wp-content\/plugins\/slider-revolution\/public\/assets\/assets\/dummy.png\" alt=\"\" class=\"tp-rs-img rs-lazyload\" width=\"598\" height=\"19\" data-lazyload=\"\/\/ebpbahia.com.br\/jornadas\/2022\/wp-content\/uploads\/2022\/04\/banner_ebp_ipb.png\" data-no-retina> \n\t\t\t\t\t\t\t<\/rs-layer><!--\n\n\t\t\t\t\t\t\t--><rs-layer\n\t\t\t\t\t\t\t\tid=\"slider-1-slide-1-layer-2\" \n\t\t\t\t\t\t\t\tdata-type=\"image\"\n\t\t\t\t\t\t\t\tdata-rsp_ch=\"on\"\n\t\t\t\t\t\t\t\tdata-xy=\"x:r;y:c;yo:10px;\"\n\t\t\t\t\t\t\t\tdata-text=\"w:normal;\"\n\t\t\t\t\t\t\t\tdata-dim=\"w:536px;h:145px;\"\n\t\t\t\t\t\t\t\tdata-frame_0=\"x:right;\"\n\t\t\t\t\t\t\t\tdata-frame_1=\"st:1850;sp:1000;sR:1850;\"\n\t\t\t\t\t\t\t\tdata-frame_999=\"o:0;st:w;sR:6150;\"\n\t\t\t\t\t\t\t\tstyle=\"z-index:7;\"\n\t\t\t\t\t\t\t><img src=\"\/\/ebpbahia.com.br\/jornadas\/2022\/wp-content\/plugins\/slider-revolution\/public\/assets\/assets\/dummy.png\" alt=\"\" class=\"tp-rs-img rs-lazyload\" width=\"536\" height=\"145\" data-lazyload=\"\/\/ebpbahia.com.br\/jornadas\/2022\/wp-content\/uploads\/2022\/04\/banner_titulo.png\" data-no-retina> \n\t\t\t\t\t\t\t<\/rs-layer><!--\n\n\t\t\t\t\t\t\t--><rs-layer\n\t\t\t\t\t\t\t\tid=\"slider-1-slide-1-layer-3\" \n\t\t\t\t\t\t\t\tdata-type=\"image\"\n\t\t\t\t\t\t\t\tdata-rsp_ch=\"on\"\n\t\t\t\t\t\t\t\tdata-xy=\"x:r;y:404px;\"\n\t\t\t\t\t\t\t\tdata-text=\"w:normal;\"\n\t\t\t\t\t\t\t\tdata-dim=\"w:555px;h:59px;\"\n\t\t\t\t\t\t\t\tdata-frame_0=\"y:100%;\"\n\t\t\t\t\t\t\t\tdata-frame_1=\"e:power4.inOut;st:2330;sp:1200;sR:2330;\"\n\t\t\t\t\t\t\t\tdata-frame_999=\"o:0;st:w;sR:5470;\"\n\t\t\t\t\t\t\t\tstyle=\"z-index:8;\"\n\t\t\t\t\t\t\t><img src=\"\/\/ebpbahia.com.br\/jornadas\/2022\/wp-content\/plugins\/slider-revolution\/public\/assets\/assets\/dummy.png\" alt=\"\" class=\"tp-rs-img rs-lazyload\" width=\"555\" height=\"59\" data-lazyload=\"\/\/ebpbahia.com.br\/jornadas\/2022\/wp-content\/uploads\/2022\/04\/banner_data.png\" data-no-retina> \n\t\t\t\t\t\t\t<\/rs-layer><!--\n\n\t\t\t\t\t\t\t--><rs-layer\n\t\t\t\t\t\t\t\tid=\"slider-1-slide-1-layer-4\" \n\t\t\t\t\t\t\t\tdata-type=\"image\"\n\t\t\t\t\t\t\t\tdata-rsp_ch=\"on\"\n\t\t\t\t\t\t\t\tdata-xy=\"y:c;\"\n\t\t\t\t\t\t\t\tdata-text=\"w:normal;\"\n\t\t\t\t\t\t\t\tdata-dim=\"w:9px;h:92px;\"\n\t\t\t\t\t\t\t\tdata-frame_1=\"e:power4.inOut;st:2860;sp:1500;sR:2860;\"\n\t\t\t\t\t\t\t\tdata-frame_999=\"o:0;st:w;sR:4640;\"\n\t\t\t\t\t\t\t\tstyle=\"z-index:9;\"\n\t\t\t\t\t\t\t><img src=\"\/\/ebpbahia.com.br\/jornadas\/2022\/wp-content\/plugins\/slider-revolution\/public\/assets\/assets\/dummy.png\" alt=\"\" class=\"tp-rs-img rs-lazyload\" width=\"9\" height=\"92\" data-lazyload=\"\/\/ebpbahia.com.br\/jornadas\/2022\/wp-content\/uploads\/2022\/04\/banner_artista.png\" data-no-retina> \n\t\t\t\t\t\t\t<\/rs-layer><!--\n-->\t\t\t\t\t\t<\/rs-slide>\n\t\t\t\t\t<\/rs-slides>\n\t\t\t\t<\/rs-module>\n\t\t\t\t<script>\n\t\t\t\t\tsetREVStartSize({c: 'rev_slider_1_1',rl:[1240,1024,778,480],el:[600],gw:[1240],gh:[600],type:'standard',justify:'',layout:'fullwidth',mh:\"0\"});if (window.RS_MODULES!==undefined && window.RS_MODULES.modules!==undefined && window.RS_MODULES.modules[\"revslider11\"]!==undefined) {window.RS_MODULES.modules[\"revslider11\"].once = false;window.revapi1 = undefined;if (window.RS_MODULES.checkMinimal!==undefined) window.RS_MODULES.checkMinimal()}\n\t\t\t\t<\/script>\n\t\t\t<\/rs-module-wrap>\n\t\t\t<!-- END REVOLUTION SLIDER -->\n[\/vc_column][\/vc_row][vc_row full_width=&#8221;stretch_row_content_no_spaces&#8221;][vc_column][vc_empty_space height=&#8221;30px&#8221; el_class=&#8221;norebro-phone-space&#8221;][\/vc_column][\/vc_row][vc_row full_width=&#8221;stretch_row_content_no_spaces&#8221;][vc_column width=&#8221;1\/4&#8243;][vc_empty_space height=&#8221;40px&#8221; el_class=&#8221;vc_hidden-xs&#8221;][vc_row_inner css=&#8221;.vc_custom_1514542713681{border-right-width: 1px !important;border-right-color: #ebebeb !important;border-right-style: solid !important;}&#8221; el_class=&#8221;border-reset-right&#8221;][vc_column_inner css=&#8221;.vc_custom_1503414008365{padding-top: 0px !important;padding-right: 18% !important;padding-left: 18% !important;}&#8221;]<div class=\"norebro-icon-box-sc icon-box text-`{`object Object`}`\" \n\tid=\"norebro-custom-69ecd9f3b095f\" \n\t \n\t>\n\n\t<div class=\"icon-wrap\">\n\t\t\t\t\t<img src=\"https:\/\/ebpbahia.com.br\/jornadas\/2022\/wp-content\/uploads\/2022\/05\/icon_argumento.png\" alt=\"Argumento\">\n\t\t\t<\/div>\n\n\t<div class=\"content-wrap\">\n\n\t\t<div class=\"content-center with-full\">\n\t\t\t<div class=\"wrap\">\n\t\t\t\t<h3>Argumento<\/h3>\n\t\t\t\t\t\t\t<\/div>\n\t\t<\/div>\n\t\t\n\t\t\t<\/div>\n\t\t\n\t\t<p class=\"description content-full\">\n\t\t\t\t\t<\/p>\n\n\t\t\t\t\t<a class=\"btn\" href=\"https:\/\/ebpbahia.com.br\/jornadas\/2022\/argumento\/\"\n\t\t\t>\n\t\t\t\tArgumento\t\t\t\t\t\t\t<\/a>\n\t\t\n\t\t\n<\/div>[\/vc_column_inner][\/vc_row_inner][vc_empty_space height=&#8221;40px&#8221; el_class=&#8221;vc_hidden-xs&#8221;][\/vc_column][vc_column width=&#8221;1\/4&#8243;][vc_empty_space height=&#8221;40px&#8221;][vc_row_inner css=&#8221;.vc_custom_1514542493674{border-right-width: 1px !important;border-right-color: #ebebeb !important;border-right-style: solid !important;}&#8221; el_class=&#8221;border-reset-right&#8221;][vc_column_inner css=&#8221;.vc_custom_1503414008365{padding-top: 0px !important;padding-right: 18% !important;padding-left: 18% !important;}&#8221;]<div class=\"norebro-icon-box-sc icon-box text-`{`object Object`}`\" \n\tid=\"norebro-custom-69ecd9f3b0c47\" \n\t \n\t>\n\n\t<div class=\"icon-wrap\">\n\t\t\t\t\t<img src=\"https:\/\/ebpbahia.com.br\/jornadas\/2022\/wp-content\/uploads\/2022\/05\/icon_eixos.png\" alt=\"Eixos Tem\u00e1ticos\">\n\t\t\t<\/div>\n\n\t<div class=\"content-wrap\">\n\n\t\t<div class=\"content-center with-full\">\n\t\t\t<div class=\"wrap\">\n\t\t\t\t<h3>Eixos Tem\u00e1ticos<\/h3>\n\t\t\t\t\t\t\t<\/div>\n\t\t<\/div>\n\t\t\n\t\t\t<\/div>\n\t\t\n\t\t<p class=\"description content-full\">\n\t\t\t\t\t<\/p>\n\n\t\t\t\t\t<a class=\"btn\" href=\"https:\/\/ebpbahia.com.br\/jornadas\/2022\/eixos-tematicos\/\"\n\t\t\t>\n\t\t\t\tEixos Tem\u00e1ticos\t\t\t\t\t\t\t<\/a>\n\t\t\n\t\t\n<\/div>[\/vc_column_inner][\/vc_row_inner][vc_empty_space height=&#8221;40px&#8221; el_class=&#8221;vc_hidden-xs&#8221;][\/vc_column][vc_column width=&#8221;1\/4&#8243;][vc_empty_space height=&#8221;40px&#8221;][vc_row_inner css=&#8221;.vc_custom_1514542497938{border-right-width: 1px !important;border-right-color: #ebebeb !important;border-right-style: solid !important;}&#8221; el_class=&#8221;border-reset-right&#8221;][vc_column_inner css=&#8221;.vc_custom_1503414008365{padding-top: 0px !important;padding-right: 18% !important;padding-left: 18% !important;}&#8221;]<div class=\"norebro-icon-box-sc icon-box text-`{`object Object`}`\" \n\tid=\"norebro-custom-69ecd9f3b0e85\" \n\t \n\t>\n\n\t<div class=\"icon-wrap\">\n\t\t\t\t\t<img src=\"https:\/\/ebpbahia.com.br\/jornadas\/2022\/wp-content\/uploads\/2022\/05\/icon_envio_trabalhos.png\" alt=\"Envio de Trabalhos\">\n\t\t\t<\/div>\n\n\t<div class=\"content-wrap\">\n\n\t\t<div class=\"content-center with-full\">\n\t\t\t<div class=\"wrap\">\n\t\t\t\t<h3>Envio de Trabalhos<\/h3>\n\t\t\t\t\t\t\t<\/div>\n\t\t<\/div>\n\t\t\n\t\t\t<\/div>\n\t\t\n\t\t<p class=\"description content-full\">\n\t\t\t\t\t<\/p>\n\n\t\t\t\t\t<a class=\"btn\" href=\"https:\/\/ebpbahia.com.br\/jornadas\/2022\/envios-de-trabalhos\/\"\n\t\t\t>\n\t\t\t\tEnvios de Trabalhos\t\t\t\t\t\t\t<\/a>\n\t\t\n\t\t\n<\/div>[\/vc_column_inner][\/vc_row_inner][vc_empty_space height=&#8221;40px&#8221; el_class=&#8221;vc_hidden-xs&#8221;][\/vc_column][vc_column width=&#8221;1\/4&#8243;][vc_empty_space height=&#8221;40px&#8221;][vc_row_inner css=&#8221;.vc_custom_1514542503546{border-right-width: 1px !important;border-right-color: #ebebeb !important;border-right-style: solid !important;}&#8221; el_class=&#8221;border-reset-right&#8221;][vc_column_inner css=&#8221;.vc_custom_1503414008365{padding-top: 0px !important;padding-right: 18% !important;padding-left: 18% !important;}&#8221;]<div class=\"norebro-icon-box-sc icon-box text-`{`object Object`}`\" \n\tid=\"norebro-custom-69ecd9f3b1103\" \n\t \n\t>\n\n\t<div class=\"icon-wrap\">\n\t\t\t\t\t<img src=\"https:\/\/ebpbahia.com.br\/jornadas\/2022\/wp-content\/uploads\/2022\/05\/icon_erosditos2.png\" alt=\"Boletim Erosditos\">\n\t\t\t<\/div>\n\n\t<div class=\"content-wrap\">\n\n\t\t<div class=\"content-center with-full\">\n\t\t\t<div class=\"wrap\">\n\t\t\t\t<h3>Boletim Erosditos<\/h3>\n\t\t\t\t\t\t\t<\/div>\n\t\t<\/div>\n\t\t\n\t\t\t<\/div>\n\t\t\n\t\t<p class=\"description content-full\">\n\t\t\t\t\t<\/p>\n\n\t\t\t\t\t<a class=\"btn\" href=\"https:\/\/ebpbahia.com.br\/jornadas\/2022\/erosditos\/\"\n\t\t\t>\n\t\t\t\tErosditos\t\t\t\t\t\t\t<\/a>\n\t\t\n\t\t\n<\/div>[\/vc_column_inner][\/vc_row_inner][vc_empty_space height=&#8221;40px&#8221; el_class=&#8221;vc_hidden-xs&#8221;][\/vc_column][\/vc_row][vc_row full_width=&#8221;stretch_row_content_no_spaces&#8221;][vc_column][vc_empty_space height=&#8221;30px&#8221; el_class=&#8221;norebro-phone-space&#8221;][\/vc_column][\/vc_row][vc_row][vc_column][vc_single_image image=&#8221;510272&#8243; img_size=&#8221;800&#215;98&#8243; onclick=&#8221;custom_link&#8221; link=&#8221;http:\/\/eepurl.com\/g8l7Fr&#8221;][\/vc_column][\/vc_row][vc_row full_width=&#8221;stretch_row_content_no_spaces&#8221;][vc_column][vc_empty_space height=&#8221;30px&#8221; el_class=&#8221;norebro-phone-space&#8221;][\/vc_column][\/vc_row][vc_row full_width=&#8221;stretch_row&#8221; css=&#8221;.vc_custom_1653594444252{background: #ffffff url(https:\/\/ebpbahia.com.br\/jornadas\/2022\/wp-content\/uploads\/2022\/05\/dunas.jpg?id=510140) !important;background-position: center !important;background-repeat: no-repeat !important;background-size: cover !important;}&#8221;][vc_column][vc_empty_space height=&#8221;90px&#8221; el_class=&#8221;norebro-phone-space&#8221;]<div class=\"norebro-split-box-sc split-box\" \nid=\"norebro-custom-69ecd9f3b11de\" \ndata-parallax-right=\"vertical\"data-parallax-speed-right=\"0.5\">\n\n\t<div class=\"vc_col-md-6 split-box-wrap\">\n\t<div class=\"parallax-bg\"><\/div>\n\t<div class=\"content\">\n\t\t[vc_row_inner css=&#8221;.vc_custom_1503469749898{background-color: rgba(255,255,255,0.9) !important;*background-color: rgb(255,255,255) !important;}&#8221;][vc_column_inner css=&#8221;.vc_custom_1503470388856{padding-right: 12% !important;padding-left: 12% !important;}&#8221;][vc_empty_space height=&#8221;20px&#8221;]<div class=\"norebro-text-sc \" \n\tid=\"norebro-custom-69ecd9f3b1560\" \n\t \n\t>\n\n\t<p>Teaser da XXVI JORNADA DA EBP BAHIA | XXII JORNADA DO INSTITUTO DE PSICAN\u00c1LISE DA BAHIA<\/p>\n<p>Clique no bot\u00e3o ao lado<\/p>\n\t\n<\/div>[vc_empty_space height=&#8221;25px&#8221;][\/vc_column_inner][\/vc_row_inner]\t<\/div>\n<\/div><div class=\"vc_col-md-6 split-box-wrap\">\n\t<div class=\"parallax-bg\"><\/div>\n\t<div class=\"content\">\n\t\t\n\t<div class=\"text-center\">\n\t\t<div class=\"norebro-video-module-sc video-module  boxed with-anim\"\n\t\tid=\"norebro-custom-69ecd9f3b171d\"\n\t\tdata-video-module=\"https:\/\/www.youtube.com\/embed\/C1QWCYR-Ul8\"\n\t\tdata-video-start=\"0\"\n\t\t data-aos=\"fade-up\"\t\t data-aos-duration=\"400\">\n\n\t\t\t<div class=\"btn-play\">\n\t\t\t\t<span class=\"icon ion-ios-play\"><\/span>\n\t\t\t<\/div>\n\n\t\t\t\n\t\t<\/div>\n\t<\/div>\n\n\t<\/div>\n<\/div>\t\n\n<\/div>[vc_empty_space height=&#8221;90px&#8221; el_class=&#8221;norebro-phone-space&#8221;][\/vc_column][\/vc_row][vc_row][vc_column][vc_empty_space height=&#8221;90px&#8221; el_class=&#8221;norebro-phone-space&#8221;]<div class=\"norebro-heading-sc heading text-center\"\n\tid=\"norebro-custom-69ecd9f3b194e\" \n\t \n\t>\n\t\n\t\t\t<p class=\"subtitle\">\n\t\t\tClique para ler mais...\t\t<\/p>\n\t\n\t\n\t<h3 class=\"title subtitle-top\">\n\t\tTextos Recentes\t<\/h3>\n\n\t\n\t\t\n<\/div>[\/vc_column][\/vc_row][vc_row][vc_column][vc_empty_space height=&#8221;50px&#8221;]<div class=\"norebro-recent-posts-sc vc_row blog-posts-masonry\" \n\tid=\"norebro-custom-69ecd9f3b25ca\"\n\t \n\t>\n\n\t<div class=\"norebro-masonry\" data-lazy-container=\"posts\"><div class=\" vc_col-lg-3 vc_col-md-4 vc_col-sm-6 vc_col-xs-12 blog-post-masonry masonry-block post-offset norebro-card-wrapper grid-item\" data-lazy-item=\"\" data-lazy-scope=\"posts\"><div class=\"blog-grid grid-1 boxed\"  data-aos-once=&quot;true&quot; data-aos=&quot;fade-up&quot;>\n\n\t<header>\n\t\t\n\t\t\t\t<div class=\"tags\">\n\t\t\t\t\t\t\t<a class=\"tag brand-bg-color brand-border-color\" href=\"https:\/\/ebpbahia.com.br\/jornadas\/2022\/category\/erosditos\/\">\n\t\t\t\t\tErosditos\t\t\t\t<\/a>\n\t\t\t\t\t<\/div>\n\t\t\t<\/header>\n\n\t<div class=\"content\">\n\t\t<h3>\n\t\t\t\t\t\t<a href=\"https:\/\/ebpbahia.com.br\/jornadas\/2022\/boletim-erosditos-05\/\">\n\t\t\t\tBoletim Erosditos #05\t\t\t<\/a>\n\t\t<\/h3>\n\t\t\n\t\t<p>[vc_row][vc_column][vc_single_image image=&#8221;510689&#8243; img_size=&#8221;full&#8221; alignment=&#8221;center&#8221;][vc_empty_space][\/vc_column][\/vc_row][vc_row][vc_column&hellip;<\/p>\n\t<\/div>\n\n\t<footer>\n\t\t\t\t<span class=\"author\">XXVI Jornada<\/span>\n\t\t<strong>&mdash;<\/strong>\n\t\t\t\t\t\t<span class=\"data\">8 de novembro de 2022<\/span>\n\t\t\t<\/footer>\n\n<\/div>\n<div class=\"clear\"><\/div><\/div><div class=\" vc_col-lg-3 vc_col-md-4 vc_col-sm-6 vc_col-xs-12 blog-post-masonry masonry-block post-offset norebro-card-wrapper grid-item\" data-lazy-item=\"\" data-lazy-scope=\"posts\"><div class=\"blog-grid grid-1 boxed\"  data-aos-once=&quot;true&quot; data-aos=&quot;fade-up&quot;>\n\n\t<header>\n\t\t\n\t\t\t\t<div class=\"tags\">\n\t\t\t\t\t\t\t<a class=\"tag brand-bg-color brand-border-color\" href=\"https:\/\/ebpbahia.com.br\/jornadas\/2022\/category\/erosditos\/\">\n\t\t\t\t\tErosditos\t\t\t\t<\/a>\n\t\t\t\t\t<\/div>\n\t\t\t<\/header>\n\n\t<div class=\"content\">\n\t\t<h3>\n\t\t\t\t\t\t<a href=\"https:\/\/ebpbahia.com.br\/jornadas\/2022\/a-camara-vazia\/\">\n\t\t\t\tA c\u00e2ma(ra) vazia\t\t\t<\/a>\n\t\t<\/h3>\n\t\t\n\t\t<p>Filipe Souza Sampaio Lendo sobre Marilyn Monroe e buscando o que poderia haver de conting\u00eancia no seu encontro com Arthur Miller, ocorreu-me algo que Roland Barthes&hellip;<\/p>\n\t<\/div>\n\n\t<footer>\n\t\t\t\t<span class=\"author\">XXVI Jornada<\/span>\n\t\t<strong>&mdash;<\/strong>\n\t\t\t\t\t\t<span class=\"data\">7 de novembro de 2022<\/span>\n\t\t\t<\/footer>\n\n<\/div>\n<div class=\"clear\"><\/div><\/div><div class=\" vc_col-lg-3 vc_col-md-4 vc_col-sm-6 vc_col-xs-12 blog-post-masonry masonry-block post-offset norebro-card-wrapper grid-item\" data-lazy-item=\"\" data-lazy-scope=\"posts\"><div class=\"blog-grid grid-1 boxed\"  data-aos-once=&quot;true&quot; data-aos=&quot;fade-up&quot;>\n\n\t<header>\n\t\t\n\t\t\t\t<div class=\"tags\">\n\t\t\t\t\t\t\t<a class=\"tag brand-bg-color brand-border-color\" href=\"https:\/\/ebpbahia.com.br\/jornadas\/2022\/category\/erosditos\/\">\n\t\t\t\t\tErosditos\t\t\t\t<\/a>\n\t\t\t\t\t<\/div>\n\t\t\t<\/header>\n\n\t<div class=\"content\">\n\t\t<h3>\n\t\t\t\t\t\t<a href=\"https:\/\/ebpbahia.com.br\/jornadas\/2022\/editorial-erosditos-05\/\">\n\t\t\t\tEditorial Erosditos #05\t\t\t<\/a>\n\t\t<\/h3>\n\t\t\n\t\t<p>Marcelo Magnelli Associado do IPB Neste \u00faltimo n\u00famero do Boletim Erosditos, passearemos pelo amor &#8211; de Freud a Lacan &#8211; acompanhando suas declina\u00e7\u00f5es&hellip;<\/p>\n\t<\/div>\n\n\t<footer>\n\t\t\t\t<span class=\"author\">XXVI Jornada<\/span>\n\t\t<strong>&mdash;<\/strong>\n\t\t\t\t\t\t<span class=\"data\">5 de novembro de 2022<\/span>\n\t\t\t<\/footer>\n\n<\/div>\n<div class=\"clear\"><\/div><\/div><div class=\" vc_col-lg-3 vc_col-md-4 vc_col-sm-6 vc_col-xs-12 blog-post-masonry masonry-block post-offset norebro-card-wrapper grid-item\" data-lazy-item=\"\" data-lazy-scope=\"posts\"><div class=\"blog-grid grid-1 boxed\"  data-aos-once=&quot;true&quot; data-aos=&quot;fade-up&quot;>\n\n\t<header>\n\t\t\n\t\t\t\t<div class=\"tags\">\n\t\t\t\t\t\t\t<a class=\"tag brand-bg-color brand-border-color\" href=\"https:\/\/ebpbahia.com.br\/jornadas\/2022\/category\/enxame-cultural\/\">\n\t\t\t\t\tEnxame Cultural\t\t\t\t<\/a>\n\t\t\t\t\t<\/div>\n\t\t\t<\/header>\n\n\t<div class=\"content\">\n\t\t<h3>\n\t\t\t\t\t\t<a href=\"https:\/\/ebpbahia.com.br\/jornadas\/2022\/ressonancias-da-live\/\">\n\t\t\t\tResson\u00e2ncias da live\t\t\t<\/a>\n\t\t<\/h3>\n\t\t\n\t\t<p>O amor e suas err\u00e2ncias: sobre a solid\u00e3o e a eros\u00e3o de Eros. Marcelo Veras e M\u00f4nica Hage (membros da EBP- BA), atrav\u00e9s de uma live no Instagram, tiveram a oportunidade&hellip;<\/p>\n\t<\/div>\n\n\t<footer>\n\t\t\t\t<span class=\"author\">XXVI Jornada<\/span>\n\t\t<strong>&mdash;<\/strong>\n\t\t\t\t\t\t<span class=\"data\">3 de novembro de 2022<\/span>\n\t\t\t<\/footer>\n\n<\/div>\n<div class=\"clear\"><\/div><\/div><\/div>\t\n<\/div>[\/vc_column][\/vc_row][vc_row][vc_column][vc_empty_space height=&#8221;90px&#8221; el_class=&#8221;norebro-phone-space&#8221;][\/vc_column][\/vc_row]\n","protected":false},"excerpt":{"rendered":"<p>[vc_row][vc_column][\/vc_column][\/vc_row][vc_row full_width=&#8221;stretch_row_content_no_spaces&#8221;][vc_column][vc_empty_space height=&#8221;30px&#8221; el_class=&#8221;norebro-phone-space&#8221;][\/vc_column][\/vc_row][vc_row full_width=&#8221;stretch_row_content_no_spaces&#8221;][vc_column width=&#8221;1\/4&#8243;][vc_empty_space height=&#8221;40px&#8221; el_class=&#8221;vc_hidden-xs&#8221;][vc_row_inner css=&#8221;.vc_custom_1514542713681{border-right-width: 1px !important;border-right-color: #ebebeb !important;border-right-style: solid !important;}&#8221; el_class=&#8221;border-reset-right&#8221;][vc_column_inner css=&#8221;.vc_custom_1503414008365{padding-top: 0px !important;padding-right: 18% !important;padding-left: 18% !important;}&#8221;][\/vc_column_inner][\/vc_row_inner][vc_empty_space height=&#8221;40px&#8221; el_class=&#8221;vc_hidden-xs&#8221;][\/vc_column][vc_column width=&#8221;1\/4&#8243;][vc_empty_space height=&#8221;40px&#8221;][vc_row_inner css=&#8221;.vc_custom_1514542493674{border-right-width: 1px !important;border-right-color: #ebebeb !important;border-right-style: solid !important;}&#8221; el_class=&#8221;border-reset-right&#8221;][vc_column_inner&#8230;<\/p>\n","protected":false},"author":2,"featured_media":0,"parent":0,"menu_order":0,"comment_status":"closed","ping_status":"closed","template":"","meta":[],"acf":[],"_links":{"self":[{"href":"https:\/\/ebpbahia.com.br\/jornadas\/2022\/wp-json\/wp\/v2\/pages\/4"}],"collection":[{"href":"https:\/\/ebpbahia.com.br\/jornadas\/2022\/wp-json\/wp\/v2\/pages"}],"about":[{"href":"https:\/\/ebpbahia.com.br\/jornadas\/2022\/wp-json\/wp\/v2\/types\/page"}],"author":[{"embeddable":true,"href":"https:\/\/ebpbahia.com.br\/jornadas\/2022\/wp-json\/wp\/v2\/users\/2"}],"replies":[{"embeddable":true,"href":"https:\/\/ebpbahia.com.br\/jornadas\/2022\/wp-json\/wp\/v2\/comments?post=4"}],"version-history":[{"count":23,"href":"https:\/\/ebpbahia.com.br\/jornadas\/2022\/wp-json\/wp\/v2\/pages\/4\/revisions"}],"predecessor-version":[{"id":510371,"href":"https:\/\/ebpbahia.com.br\/jornadas\/2022\/wp-json\/wp\/v2\/pages\/4\/revisions\/510371"}],"wp:attachment":[{"href":"https:\/\/ebpbahia.com.br\/jornadas\/2022\/wp-json\/wp\/v2\/media?parent=4"}],"curies":[{"name":"wp","href":"https:\/\/api.w.org\/{rel}","templated":true}]}}