{"id":135,"date":"2021-08-09T07:10:11","date_gmt":"2021-08-09T10:10:11","guid":{"rendered":"http:\/\/ebpbahia.com.br\/jornadas\/2021\/?page_id=135"},"modified":"2021-08-17T08:02:27","modified_gmt":"2021-08-17T11:02:27","slug":"envio-de-trabalhos","status":"publish","type":"page","link":"https:\/\/ebpbahia.com.br\/jornadas\/2021\/envio-de-trabalhos\/","title":{"rendered":"Envio de Trabalhos"},"content":{"rendered":"<p>[vc_row][vc_column][vc_column_text]<\/p>\n<h3><span style=\"color: #993300;\">Orienta\u00e7\u00f5es para envio de trabalhos<\/span><\/h3>\n<p><strong><em>Data limite para envio dos trabalhos: 15 de setembro<\/em><\/strong><\/p>\n<p><strong><em>Orienta\u00e7\u00f5es quanto ao texto:<\/em><\/strong><\/p>\n<ul>\n<li>Os textos devem ter, no m\u00e1ximo, 5000 caracteres (com refer\u00eancias e espa\u00e7os)<\/li>\n<li>Fonte: Times New Roman 12, justificado, espa\u00e7amento simples<\/li>\n<li>Refer\u00eancias citadas em notas de p\u00e9 de p\u00e1gina.<\/li>\n<li>Iniciar o texto com as seguintes informa\u00e7\u00f5es:\n<ul>\n<li>T\u00edtulo do trabalho<\/li>\n<li>Nome dos(as) autores(as)<\/li>\n<li>Eixo Tem\u00e1tico no qual o trabalho se insere.<\/li>\n<li>Textos que tenham um relato de pr\u00e1tica devem atentar sobretudo para as limita\u00e7\u00f5es quanto a sigilo profissional.<\/li>\n<\/ul>\n<\/li>\n<\/ul>\n<p><strong><em>\u00a0<\/em><\/strong><strong><em>Orienta\u00e7\u00f5es quanto ao envio do trabalho:<\/em><\/strong><\/p>\n<ul>\n<li>Os textos devem ser enviados em formato Word<\/li>\n<li>Enviados por email com assunto indicando respectivamente: Jornadas EBP-Bahia\/IPB 2021 &#8211; Nome do autor &#8211; Eixo tem\u00e1tico<\/li>\n<li>Endere\u00e7o de email para envio: <a href=\"mailto:xxvjornadas@ebpbahia.com.br\">xxvjornadas@ebpbahia.com.br<\/a><\/li>\n<\/ul>\n<h6><strong><em>Observa\u00e7\u00e3o:<\/em><\/strong><\/h6>\n<h6>Para que o trabalho seja avaliado, \u00e9 necess\u00e1rio estar inscrito(a) nas Jornadas.<\/h6>\n<p>[\/vc_column_text][\/vc_column][\/vc_row]<\/p>\n","protected":false},"excerpt":{"rendered":"<p>[vc_row][vc_column][vc_column_text] Orienta\u00e7\u00f5es para envio de trabalhos Data limite para envio dos trabalhos: 15 de setembro Orienta\u00e7\u00f5es quanto ao texto: Os textos devem ter, no m\u00e1ximo, 5000 caracteres (com refer\u00eancias e espa\u00e7os) Fonte: Times New Roman 12, justificado, espa\u00e7amento simples Refer\u00eancias citadas em notas de p\u00e9 de p\u00e1gina. Iniciar o texto com as seguintes informa\u00e7\u00f5es: T\u00edtulo [&hellip;]<\/p>\n","protected":false},"author":1,"featured_media":0,"parent":0,"menu_order":0,"comment_status":"closed","ping_status":"closed","template":"","meta":{"footnotes":""},"class_list":["post-135","page","type-page","status-publish","hentry"],"_links":{"self":[{"href":"https:\/\/ebpbahia.com.br\/jornadas\/2021\/wp-json\/wp\/v2\/pages\/135","targetHints":{"allow":["GET"]}}],"collection":[{"href":"https:\/\/ebpbahia.com.br\/jornadas\/2021\/wp-json\/wp\/v2\/pages"}],"about":[{"href":"https:\/\/ebpbahia.com.br\/jornadas\/2021\/wp-json\/wp\/v2\/types\/page"}],"author":[{"embeddable":true,"href":"https:\/\/ebpbahia.com.br\/jornadas\/2021\/wp-json\/wp\/v2\/users\/1"}],"replies":[{"embeddable":true,"href":"https:\/\/ebpbahia.com.br\/jornadas\/2021\/wp-json\/wp\/v2\/comments?post=135"}],"version-history":[{"count":4,"href":"https:\/\/ebpbahia.com.br\/jornadas\/2021\/wp-json\/wp\/v2\/pages\/135\/revisions"}],"predecessor-version":[{"id":236,"href":"https:\/\/ebpbahia.com.br\/jornadas\/2021\/wp-json\/wp\/v2\/pages\/135\/revisions\/236"}],"wp:attachment":[{"href":"https:\/\/ebpbahia.com.br\/jornadas\/2021\/wp-json\/wp\/v2\/media?parent=135"}],"curies":[{"name":"wp","href":"https:\/\/api.w.org\/{rel}","templated":true}]}}